World Forecast Directory
El Dorado Weather Logo
U.S. Color IR Sat North America Color Background Satellite Thumb
Norcal Dual-Pol Radar Live Northern California Doppler Radar Thumbnail Image
Pacific NW Visible Sat Regional U.S. Radar
Pacific NW Radar Regional U.S. Radar
Storm Cell Tracking Live Northern California Radar and Satellite Thumbnail Image
Street Level Radar Live U.S. Google Map Radar Thumbnail Image
Live Lightning Radar Placerville California Lightning Detection Radar Thumbnail Image
Live Streaming Webcam Placerville California Live Streaming WebCam Thumbnail Image
Local Wx Station Data Sacramento, Northern Sierra Nevada & the Motherlode Area Current Weather Conditions

NOAA Climate Report From: Placerville, Ca. Weather Station (EDWPC)

Archives below start from 6/22/2006 to the present:
2017: Jan | Feb | Mar | Apr | May | Jun | Jul | Aug | Sep | Oct | Nov | Dec 
2016: Jan | Feb | Mar | Apr | May | Jun | Jul | Aug | Sep | Oct | Nov | Dec 
2015: Jan | Feb | Mar | Apr | May | Jun | Jul | Aug | Sep | Oct | Nov | Dec 
2014: Jan | Feb | Mar | Apr | May | Jun | Jul | Aug | Sep | Oct | Nov | Dec 
2013: Jan | Feb | Mar | Apr | May | Jun | Jul | Aug | Sep | Oct | Nov | Dec 
2012: Jan | Feb | Mar | Apr | May | Jun | Jul | Aug | Sep | Oct | Nov | Dec 
2011: Jan | Feb | Mar | Apr | May | Jun | Jul | Aug | Sep | Oct | Nov | Dec 
2010: Jan | Feb | Mar | Apr | May | Jun | Jul | Aug | Sep | Oct | Nov | Dec 
2009: Jan | Feb | Mar | Apr | May | Jun | Jul | Aug | Sep | Oct | Nov | Dec 
2008: Jan | Feb | Mar | Apr | May | Jun | Jul | Aug | Sep | Oct | Nov | Dec 
2007: Jan | Feb | Mar | Apr | May | Jun | Jul | Aug | Sep | Oct | Nov | Dec 
 2006: Jan | Feb | Mar | Apr | May | Jun | Jul | Aug | Sep | Oct | Nov | Dec 

Report for 2011 12 MONTHLY CLIMATOLOGICAL SUMMARY FOR 12/2011 HEAT COOL MEAN DEG DEG WIND SPEED DOM MEAN MEAN DAY TEMP HIGH TIME LOW TIME DAYS DAYS RAIN AVG HI TIME DIR BAROM HUM --------------------------------------------------------------------------------------- 1 52.4 64.8 12:51pm 42.2 7:39am 21 0 0.00 101 0 12:00am SE 30.11 23 2 51.3 67.9 1:13pm 39.9 5:47am 24 0 0.00 100 0 12:00am SE 29.98 28 3 48.4 64.1 1:24pm 35.8 7:42am 27 0 0.00 100 0 12:00am W 30.10 24 4 44.3 60.2 1:02pm 35.4 7:00am 31 0 0.00 100 0 12:00am WSW 30.16 41 5 44.6 59.7 1:19pm 35.6 7:17am 30 0 0.00 100 0 12:00am SW 30.19 47 6 45.2 60.8 12:50pm 37.0 7:39am 30 0 0.00 100 0 12:00am W 30.30 48 7 45.4 59.4 1:14pm 36.9 7:07am 30 0 0.00 100 0 12:00am ESE 30.20 54 8 46.8 63.0 1:23pm 38.2 7:47am 28 0 0.00 100 0 12:00am SW 30.10 56 9 47.9 66.2 1:31pm 36.8 5:44am 27 0 0.00 100 0 12:00am SE 30.15 52 10 48.4 64.2 12:34pm 39.4 1:41am 27 0 0.00 100 0 12:00am SW 30.08 44 11 43.3 55.5 12:37pm 36.1 7:41am 32 0 0.00 100 0 12:00am W 29.88 61 12 43.4 55.8 12:58pm 37.3 6:39am 32 0 0.00 100 0 12:00am NW 29.77 65 13 43.9 60.0 12:33pm 35.4 3:09am 31 0 0.00 100 0 12:00am NW 29.96 57 14 44.0 58.1 12:48pm 34.7 6:51am 31 0 0.00 100 0 12:00am ESE 30.18 58 15 44.7 54.8 12:37pm 39.8 11:58pm 30 0 0.06 100 0 12:00am NNW 30.16 72 16 44.5 61.1 1:13pm 35.8 7:11am 30 0 0.00 100 0 12:00am N 30.15 69 17 45.0 61.5 1:14pm 36.1 7:40am 30 0 0.01 100 0 12:00am ESE 30.11 72 18 45.6 60.6 1:02pm 37.3 7:16am 29 0 0.00 100 0 12:00am WNW 30.09 60 19 45.9 63.8 1:01pm 35.7 7:34am 29 0 0.00 100 0 12:00am WNW 30.02 68 20 43.1 56.9 1:27pm 34.3 6:48am 32 0 0.00 100 0 12:00am ENE 30.04 70 21 45.2 61.9 1:28pm 36.5 7:46am 30 0 0.00 100 0 12:00am SSE 30.05 58 22 45.5 65.2 12:59pm 35.6 11:31pm 29 0 0.00 100 0 12:00am NNE 30.26 28 23 42.1 56.8 12:35pm 35.2 7:36am 33 0 0.00 100 0 12:00am NW 30.45 50 24 45.6 63.6 1:31pm 34.8 7:03am 29 0 0.00 100 0 12:00am NW 30.39 46 25 47.4 66.3 1:43pm 36.2 6:04am 28 0 0.00 100 0 12:00am SE 30.32 37 26 46.2 62.6 1:38pm 37.0 3:59am 29 0 0.00 100 0 12:00am WSW 30.25 40 27 47.5 66.4 12:31pm 36.9 1:01am 28 0 0.00 100 0 12:00am NE 30.27 42 28 51.7 64.1 1:58pm 42.4 7:06am 23 0 0.00 100 0 12:00am NNE 30.29 49 29 51.7 63.6 1:01pm 44.1 7:14am 23 0 0.00 100 0 12:00am SSW 30.17 66 30 49.1 56.1 3:16pm 43.9 2:03am 26 0 0.01 100 0 12:00am SE 30.15 84 31 47.4 62.9 1:30pm 38.6 8:00am 27 0 0.00 100 6 11:30am NNW 30.16 68 --------------------------------------------------------------------------------------- TOT 46.4 67.9 12/2/11 34.3 12/20/11 884 1 0.08 100 6 12/31/11 SE 30.14 53 HEAT BASE: 75.0 COOL BASE: 64.0

Google



Contact Us | Mobile
Never base any life decisions on weather information from this site or anywhere over the Internet.
Site is dedicated to our Lord & Savior Jesus Christ (Yeshua Messiah) | Random Quotes

Copyright © 2017 El Dorado Weather, Inc. | Site Designed By:  El Dorado Weather
LightningRing