World Forecast Directory
El Dorado Weather Logo
U.S. Color IR Sat North America Color Background Satellite Thumb
Norcal Dual-Pol Radar Live Northern California Doppler Radar Thumbnail Image
Pacific NW Visible Sat Regional U.S. Radar
Pacific NW Radar Regional U.S. Radar
Storm Cell Tracking Live Northern California Radar and Satellite Thumbnail Image
Street Level Radar Live U.S. Google Map Radar Thumbnail Image
Live Lightning Radar Placerville California Lightning Detection Radar Thumbnail Image
Live Streaming Webcam Placerville California Live Streaming WebCam Thumbnail Image
Local Wx Station Data Sacramento, Northern Sierra Nevada & the Motherlode Area Current Weather Conditions

NOAA Climate Report From: Placerville, Ca. Weather Station (EDWPC)

Archives below start from 6/22/2006 to the present:
2017: Jan | Feb | Mar | Apr | May | Jun | Jul | Aug | Sep | Oct | Nov | Dec 
2016: Jan | Feb | Mar | Apr | May | Jun | Jul | Aug | Sep | Oct | Nov | Dec 
2015: Jan | Feb | Mar | Apr | May | Jun | Jul | Aug | Sep | Oct | Nov | Dec 
2014: Jan | Feb | Mar | Apr | May | Jun | Jul | Aug | Sep | Oct | Nov | Dec 
2013: Jan | Feb | Mar | Apr | May | Jun | Jul | Aug | Sep | Oct | Nov | Dec 
2012: Jan | Feb | Mar | Apr | May | Jun | Jul | Aug | Sep | Oct | Nov | Dec 
2011: Jan | Feb | Mar | Apr | May | Jun | Jul | Aug | Sep | Oct | Nov | Dec 
2010: Jan | Feb | Mar | Apr | May | Jun | Jul | Aug | Sep | Oct | Nov | Dec 
2009: Jan | Feb | Mar | Apr | May | Jun | Jul | Aug | Sep | Oct | Nov | Dec 
2008: Jan | Feb | Mar | Apr | May | Jun | Jul | Aug | Sep | Oct | Nov | Dec 
2007: Jan | Feb | Mar | Apr | May | Jun | Jul | Aug | Sep | Oct | Nov | Dec 
 2006: Jan | Feb | Mar | Apr | May | Jun | Jul | Aug | Sep | Oct | Nov | Dec 

Report for 2011 06 MONTHLY CLIMATOLOGICAL SUMMARY FOR 6/2011 HEAT COOL MEAN DEG DEG WIND SPEED DOM MEAN MEAN DAY TEMP HIGH TIME LOW TIME DAYS DAYS RAIN AVG HI TIME DIR BAROM HUM --------------------------------------------------------------------------------------- 1 49.4 60.4 12:40pm 44.8 10:52pm 26 0 0.37 101 6 12:00am SE 30.07 80 2 52.9 64.9 4:29pm 45.0 5:57am 22 0 0.00 101 6 12:00am W 30.12 70 3 54.7 62.4 2:48pm 43.4 5:42am 20 0 0.00 100 6 12:00am ESE 29.92 67 4 56.9 61.5 6:00pm 53.2 8:45am 18 0 0.41 101 0 12:00am SSE 29.91 72 5 59.5 67.9 3:41pm 53.9 4:26am 16 0 0.32 101 0 12:00am SSE 29.98 74 6 53.6 59.5 5:28pm 50.3 11:58pm 21 0 0.88 100 0 12:00am SSW 30.03 86 7 57.9 72.3 4:50pm 45.7 5:20am 17 2 0.00 101 0 12:00am SSW 29.98 74 8 63.8 77.6 4:53pm 52.8 6:46am 11 4 0.00 101 0 12:00am E 29.96 68 9 67.1 81.7 4:46pm 53.7 3:59am 9 6 0.00 101 0 12:00am NW 29.99 60 10 67.9 80.3 4:37pm 56.1 11:55pm 8 5 0.00 101 6 10:30am SE 29.93 59 11 61.4 73.9 2:38pm 51.3 5:58am 14 2 0.00 101 6 12:00am SE 29.86 68 12 63.4 79.7 4:52pm 48.4 6:05am 12 5 0.00 101 6 12:00am SE 29.87 67 13 70.0 84.5 4:33pm 56.9 5:30am 7 8 0.00 100 6 12:00am E 29.97 61 14 73.3 89.3 4:16pm 60.7 4:45am 5 10 0.00 100 6 12:00am ENE 30.00 57 15 75.0 89.7 3:54pm 64.0 5:57am 4 11 0.00 100 0 12:00am WSW 29.87 49 16 69.9 81.5 2:36pm 61.0 5:18am 6 6 0.00 101 0 12:00am WSW 29.76 51 17 69.5 84.9 4:09pm 56.5 7:00am 7 7 0.00 100 2 8:30am SSW 29.80 52 18 70.3 84.4 4:03pm 58.0 6:33am 7 8 0.00 100 1 12:00am SSW 29.87 55 19 70.8 86.9 4:27pm 57.4 6:09am 7 8 0.00 101 1 12:00am SE 29.82 54 20 75.9 91.7 4:56pm 60.2 6:42am 4 12 0.00 101 1 12:00am ESE 29.82 42 21 80.5 96.6 3:29pm 68.4 12:51am 2 17 0.00 100 0 12:00am ESE 29.84 47 22 81.3 95.9 3:56pm 67.7 11:50pm 1 17 0.00 101 0 12:00am ESE 29.86 46 23 73.9 88.6 4:22pm 61.7 6:32am 5 10 0.00 101 0 12:00am ESE 29.87 46 24 69.1 85.2 3:39pm 55.3 5:46am 8 7 0.00 101 0 12:00am SSW 29.87 45 25 69.6 85.3 3:45pm 56.7 4:10am 8 8 0.00 101 0 12:00am SSW 29.85 48 26 71.6 86.9 4:48pm 57.7 6:06am 7 9 0.00 100 0 12:00am ENE 29.88 50 27 73.3 88.2 2:59pm 62.0 11:58pm 5 9 0.00 101 0 12:00am WNW 29.84 49 28 62.7 71.6 1:47pm 56.7 9:58pm 12 2 0.98 100 0 12:00am SE 29.82 69 29 58.3 68.5 4:46pm 51.6 7:00am 15 0 0.19 100 6 4:00am S 29.94 78 30 65.2 81.1 4:10pm 51.7 5:05am 11 5 0.00 100 4 12:00am S 29.99 69 --------------------------------------------------------------------------------------- TOT 66.3 96.6 6/21/11 43.4 6/3/11 317 177 3.15 101 6 6/1/11 SSW 29.91 60 HEAT BASE: 75.0 COOL BASE: 64.0

Google



Contact Us | Mobile
Never base any life decisions on weather information from this site or anywhere over the Internet.
Site is dedicated to our Lord & Savior Jesus Christ (Yeshua Messiah) | Random Quotes

Copyright © 2017 El Dorado Weather, Inc. | Site Designed By:  El Dorado Weather
LightningRing