World Forecast Directory
El Dorado Weather Logo
U.S. Color IR Sat North America Color Background Satellite Thumb
Norcal Dual-Pol Radar Live Northern California Doppler Radar Thumbnail Image
Pacific NW Visible Sat Regional U.S. Radar
Pacific NW Radar Regional U.S. Radar
Storm Cell Tracking Live Northern California Radar and Satellite Thumbnail Image
Street Level Radar Live U.S. Google Map Radar Thumbnail Image
Live Lightning Radar Placerville California Lightning Detection Radar Thumbnail Image
Live Streaming Webcam Placerville California Live Streaming WebCam Thumbnail Image
Local Wx Station Data Sacramento, Northern Sierra Nevada & the Motherlode Area Current Weather Conditions

NOAA Climate Report From: Placerville, Ca. Weather Station (EDWPC)

Archives below start from 6/22/2006 to the present:
2017: Jan | Feb | Mar | Apr | May | Jun | Jul | Aug | Sep | Oct | Nov | Dec 
2016: Jan | Feb | Mar | Apr | May | Jun | Jul | Aug | Sep | Oct | Nov | Dec 
2015: Jan | Feb | Mar | Apr | May | Jun | Jul | Aug | Sep | Oct | Nov | Dec 
2014: Jan | Feb | Mar | Apr | May | Jun | Jul | Aug | Sep | Oct | Nov | Dec 
2013: Jan | Feb | Mar | Apr | May | Jun | Jul | Aug | Sep | Oct | Nov | Dec 
2012: Jan | Feb | Mar | Apr | May | Jun | Jul | Aug | Sep | Oct | Nov | Dec 
2011: Jan | Feb | Mar | Apr | May | Jun | Jul | Aug | Sep | Oct | Nov | Dec 
2010: Jan | Feb | Mar | Apr | May | Jun | Jul | Aug | Sep | Oct | Nov | Dec 
2009: Jan | Feb | Mar | Apr | May | Jun | Jul | Aug | Sep | Oct | Nov | Dec 
2008: Jan | Feb | Mar | Apr | May | Jun | Jul | Aug | Sep | Oct | Nov | Dec 
2007: Jan | Feb | Mar | Apr | May | Jun | Jul | Aug | Sep | Oct | Nov | Dec 
 2006: Jan | Feb | Mar | Apr | May | Jun | Jul | Aug | Sep | Oct | Nov | Dec 

Report for 2011 05 MONTHLY CLIMATOLOGICAL SUMMARY FOR 5/2011 HEAT COOL MEAN DEG DEG WIND SPEED DOM MEAN MEAN DAY TEMP HIGH TIME LOW TIME DAYS DAYS RAIN AVG HI TIME DIR BAROM HUM --------------------------------------------------------------------------------------- 1 59.4 76.0 3:10pm 42.6 6:18am 16 3 0.00 100 6 12:00am WSW 30.15 35 2 64.5 79.0 2:20pm 51.7 1:19am 11 5 0.00 101 0 12:00am S 30.21 36 3 61.8 77.9 3:11pm 47.0 6:27am 13 4 0.00 100 0 12:00am E 30.13 44 4 68.3 83.5 4:34pm 53.6 6:34am 9 7 0.00 100 0 12:00am N 30.04 36 5 71.1 86.4 2:16pm 58.3 5:42am 7 8 0.00 100 0 12:00am S 30.02 42 6 66.1 80.4 3:04pm 51.2 11:59pm 10 5 0.00 101 0 12:00am ESE 29.92 47 7 56.8 71.2 3:10pm 46.4 5:41am 18 1 0.00 101 0 12:00am SE 29.89 64 8 50.9 58.6 3:45pm 42.6 11:43pm 24 0 0.00 101 0 12:00am SE 29.88 69 9 50.6 62.3 4:53pm 43.1 12:50am 24 0 0.08 100 0 12:00am SSE 29.89 70 10 57.4 73.4 4:08pm 42.6 6:12am 17 2 0.00 101 0 12:00am SSE 29.92 51 11 59.9 74.9 4:09pm 47.1 6:03am 15 2 0.00 101 0 12:00am NE 29.97 60 12 60.6 77.3 3:43pm 46.0 6:33am 14 3 0.00 101 7 10:30am SSE 30.08 55 13 62.4 78.4 3:07pm 50.5 2:16am 12 4 0.00 101 7 12:00am SSE 29.96 46 14 50.5 58.8 3:58pm 45.0 5:16am 25 0 0.07 101 2 12:00am ESE 29.86 62 15 42.0 48.3 11:33am 36.5 6:04am 33 0 1.26 100 2 12:00am E 29.92 86 16 47.5 58.6 2:52pm 36.7 12:43am 27 0 0.04 101 0 12:00am ENE 29.95 72 17 47.7 52.3 10:52am 44.6 12:53am 27 0 0.99 101 0 12:00am SE 29.82 86 18 50.9 61.8 3:17pm 44.9 6:06am 24 0 0.12 101 0 12:00am E 29.83 83 19 57.1 73.3 4:48pm 42.3 5:25am 18 2 0.00 100 0 12:00am ESE 29.95 65 20 62.9 76.7 3:28pm 51.1 4:51am 12 4 0.00 101 0 12:00am S 30.01 56 21 62.2 74.8 3:57pm 53.0 11:44pm 13 3 0.00 101 0 12:00am SSW 29.95 61 22 58.2 70.2 2:45pm 46.8 5:52am 17 1 0.00 101 0 12:00am SSW 29.90 69 23 55.2 67.2 4:37pm 44.3 4:10am 20 0 0.00 101 0 12:00am ESE 29.96 68 24 56.8 70.9 4:44pm 42.5 5:47am 18 1 0.00 101 0 12:00am E 30.04 62 25 49.7 55.2 11:12am 44.4 11:06pm 24 0 0.53 100 0 12:00am E 30.03 75 26 52.8 66.6 4:00pm 41.9 4:14am 22 0 0.00 101 0 12:00am SE 30.11 66 27 52.9 66.4 4:39pm 43.4 5:13am 22 0 0.00 101 0 12:00am SE 30.08 74 28 49.1 58.8 2:48pm 43.3 6:16am 26 0 0.22 101 0 12:00am SE 29.89 77 29 51.8 65.0 4:50pm 40.4 6:34am 23 0 0.01 101 0 12:00am SW 29.83 69 30 53.3 64.4 2:41pm 43.1 6:01am 20 0 0.00 101 12 4:30pm SE 29.99 68 31 54.2 66.7 2:17pm 47.5 6:01am 21 0 0.00 101 6 12:00am ESE 30.00 68 --------------------------------------------------------------------------------------- TOT 56.2 86.4 5/5/11 36.5 5/15/11 582 55 3.32 101 12 5/30/11 SSE 29.97 62 HEAT BASE: 75.0 COOL BASE: 64.0

Google



Contact Us | Mobile
Never base any life decisions on weather information from this site or anywhere over the Internet.
Site is dedicated to our Lord & Savior Jesus Christ (Yeshua Messiah) | Random Quotes

Copyright © 2017 El Dorado Weather, Inc. | Site Designed By:  El Dorado Weather
LightningRing