World Forecast Directory
El Dorado Weather Logo
U.S. Color IR Sat North America Color Background Satellite Thumb
Norcal Dual-Pol Radar Live Northern California Doppler Radar Thumbnail Image
Pacific NW Visible Sat Regional U.S. Radar
Pacific NW Radar Regional U.S. Radar
Storm Cell Tracking Live Northern California Radar and Satellite Thumbnail Image
Street Level Radar Live U.S. Google Map Radar Thumbnail Image
Live Lightning Radar Placerville California Lightning Detection Radar Thumbnail Image
Live Streaming Webcam Placerville California Live Streaming WebCam Thumbnail Image
Local Wx Station Data Sacramento, Northern Sierra Nevada & the Motherlode Area Current Weather Conditions

NOAA Climate Report From: Placerville, Ca. Weather Station (EDWPC)

Archives below start from 6/22/2006 to the present:
2017: Jan | Feb | Mar | Apr | May | Jun | Jul | Aug | Sep | Oct | Nov | Dec 
2016: Jan | Feb | Mar | Apr | May | Jun | Jul | Aug | Sep | Oct | Nov | Dec 
2015: Jan | Feb | Mar | Apr | May | Jun | Jul | Aug | Sep | Oct | Nov | Dec 
2014: Jan | Feb | Mar | Apr | May | Jun | Jul | Aug | Sep | Oct | Nov | Dec 
2013: Jan | Feb | Mar | Apr | May | Jun | Jul | Aug | Sep | Oct | Nov | Dec 
2012: Jan | Feb | Mar | Apr | May | Jun | Jul | Aug | Sep | Oct | Nov | Dec 
2011: Jan | Feb | Mar | Apr | May | Jun | Jul | Aug | Sep | Oct | Nov | Dec 
2010: Jan | Feb | Mar | Apr | May | Jun | Jul | Aug | Sep | Oct | Nov | Dec 
2009: Jan | Feb | Mar | Apr | May | Jun | Jul | Aug | Sep | Oct | Nov | Dec 
2008: Jan | Feb | Mar | Apr | May | Jun | Jul | Aug | Sep | Oct | Nov | Dec 
2007: Jan | Feb | Mar | Apr | May | Jun | Jul | Aug | Sep | Oct | Nov | Dec 
 2006: Jan | Feb | Mar | Apr | May | Jun | Jul | Aug | Sep | Oct | Nov | Dec 

Report for 2011 04 MONTHLY CLIMATOLOGICAL SUMMARY FOR 4/2011 HEAT COOL MEAN DEG DEG WIND SPEED DOM MEAN MEAN DAY TEMP HIGH TIME LOW TIME DAYS DAYS RAIN AVG HI TIME DIR BAROM HUM --------------------------------------------------------------------------------------- 1 66.2 82.8 2:29pm 52.4 5:11am 10 6 0.00 101 0 12:00am SSE 29.88 57 2 59.1 67.5 12:04pm 46.2 11:59pm 16 0 0.00 100 0 12:00am SSE 29.83 68 3 52.0 66.8 3:28pm 38.3 6:21am 23 0 0.00 101 0 12:00am SSE 30.01 59 4 58.3 74.2 1:38pm 44.2 5:00am 15 2 0.00 101 2 5:00am SSE 30.09 56 5 58.7 72.8 12:53pm 50.6 11:47pm 16 1 0.00 101 10 10:30am SSE 29.98 66 6 56.1 68.7 2:29pm 45.5 6:24am 19 1 0.00 101 10 12:00am SSE 29.97 57 7 42.6 50.5 4:14pm 33.1 11:46pm 32 0 0.04 101 0 12:00am SSE 29.83 72 8 40.3 52.2 2:14pm 30.7 6:26am 35 0 0.00 100 0 12:00am SSE 29.77 67 9 45.3 60.0 4:12pm 33.1 7:03am 30 0 0.00 101 0 12:00am SSE 29.94 61 10 48.8 62.7 4:16pm 36.8 4:57am 26 0 0.00 101 0 12:00am SSE 30.23 62 11 50.4 62.8 3:00pm 41.2 3:30am 25 0 0.00 101 0 12:00am SSE 30.21 69 12 50.8 64.0 4:12pm 40.1 4:30am 23 0 0.00 101 6 10:30am SSE 30.04 70 13 44.3 54.5 2:51pm 38.9 6:00am 28 0 0.14 100 9 8:30am SSE 30.15 77 14 49.6 62.4 3:11pm 37.8 4:19am 25 0 0.00 100 6 12:00am SSE 30.30 56 15 55.2 68.1 2:01pm 41.0 5:56am 20 1 0.00 100 6 12:00am SSE 30.23 54 16 60.0 74.0 1:59pm 47.2 4:44am 15 3 0.00 101 6 12:00am SSE 30.06 64 17 61.6 72.7 2:48pm 50.0 7:03am 13 2 0.00 101 6 12:00am SSE 29.95 70 18 55.6 59.3 2:52pm 52.4 6:35am 19 0 0.09 101 6 12:00am SSE 29.96 82 19 57.8 67.7 3:21pm 52.9 12:25am 17 0 0.02 101 6 12:00am SSE 29.97 82 20 56.9 67.6 4:58pm 49.4 6:19am 18 0 0.00 101 0 12:00am SSE 29.96 64 21 52.4 61.9 4:49pm 47.0 11:59pm 23 0 0.39 101 0 12:00am SW 30.02 79 22 53.3 64.3 1:14pm 43.8 6:42am 22 0 0.00 101 0 12:00am E 29.99 68 23 53.3 62.3 1:55pm 47.1 6:18am 22 0 0.00 100 0 12:00am E 29.92 71 24 53.5 63.2 4:30pm 48.7 10:11pm 22 0 0.18 101 0 12:00am ESE 29.99 81 25 52.6 64.1 3:19pm 44.9 11:56pm 22 0 0.10 101 6 4:00am NE 30.11 76 26 51.9 65.1 4:41pm 39.8 6:30am 23 0 0.00 101 8 2:30pm ENE 30.12 58 27 56.1 72.2 3:17pm 42.3 6:27am 19 1 0.00 101 8 12:00am ENE 30.11 52 28 55.4 67.6 3:47pm 43.2 11:59pm 20 0 0.00 102 0 12:00am E 30.11 59 29 50.3 64.2 3:02pm 36.8 5:29am 25 0 0.00 101 0 12:00am ESE 30.14 54 30 55.9 72.2 3:27pm 41.2 5:10am 19 2 0.00 101 9 10:30am WSW 30.11 37 --------------------------------------------------------------------------------------- TOT 53.5 82.8 4/1/11 30.7 4/8/11 640 19 0.96 101 10 4/5/11 SSE 30.03 65 HEAT BASE: 75.0 COOL BASE: 64.0

Google



Contact Us | Mobile
Never base any life decisions on weather information from this site or anywhere over the Internet.
Site is dedicated to our Lord & Savior Jesus Christ (Yeshua Messiah) | Random Quotes

Copyright © 2017 El Dorado Weather, Inc. | Site Designed By:  El Dorado Weather
LightningRing