World Forecast Directory
El Dorado Weather Logo
U.S. Color IR Sat North America Color Background Satellite Thumb
Norcal Dual-Pol Radar Live Northern California Doppler Radar Thumbnail Image
Pacific NW Visible Sat Regional U.S. Radar
Pacific NW Radar Regional U.S. Radar
Storm Cell Tracking Live Northern California Radar and Satellite Thumbnail Image
Street Level Radar Live U.S. Google Map Radar Thumbnail Image
Live Lightning Radar Placerville California Lightning Detection Radar Thumbnail Image
Live Streaming Webcam Placerville California Live Streaming WebCam Thumbnail Image
Local Wx Station Data Sacramento, Northern Sierra Nevada & the Motherlode Area Current Weather Conditions

NOAA Climate Report From: Placerville, Ca. Weather Station (EDWPC)

Archives below start from 6/22/2006 to the present:
2017: Jan | Feb | Mar | Apr | May | Jun | Jul | Aug | Sep | Oct | Nov | Dec 
2016: Jan | Feb | Mar | Apr | May | Jun | Jul | Aug | Sep | Oct | Nov | Dec 
2015: Jan | Feb | Mar | Apr | May | Jun | Jul | Aug | Sep | Oct | Nov | Dec 
2014: Jan | Feb | Mar | Apr | May | Jun | Jul | Aug | Sep | Oct | Nov | Dec 
2013: Jan | Feb | Mar | Apr | May | Jun | Jul | Aug | Sep | Oct | Nov | Dec 
2012: Jan | Feb | Mar | Apr | May | Jun | Jul | Aug | Sep | Oct | Nov | Dec 
2011: Jan | Feb | Mar | Apr | May | Jun | Jul | Aug | Sep | Oct | Nov | Dec 
2010: Jan | Feb | Mar | Apr | May | Jun | Jul | Aug | Sep | Oct | Nov | Dec 
2009: Jan | Feb | Mar | Apr | May | Jun | Jul | Aug | Sep | Oct | Nov | Dec 
2008: Jan | Feb | Mar | Apr | May | Jun | Jul | Aug | Sep | Oct | Nov | Dec 
2007: Jan | Feb | Mar | Apr | May | Jun | Jul | Aug | Sep | Oct | Nov | Dec 
 2006: Jan | Feb | Mar | Apr | May | Jun | Jul | Aug | Sep | Oct | Nov | Dec 

Report for 2011 02 MONTHLY CLIMATOLOGICAL SUMMARY FOR 2/2011 HEAT COOL MEAN DEG DEG WIND SPEED DOM MEAN MEAN DAY TEMP HIGH TIME LOW TIME DAYS DAYS RAIN AVG HI TIME DIR BAROM HUM --------------------------------------------------------------------------------------- 1 46.6 66.0 12:53pm 35.5 5:28am 30 0 0.00 100 0 12:00am NW 30.15 56 2 45.4 59.5 1:23pm 33.6 7:41am 31 0 0.00 100 0 12:00am NW 30.29 45 3 46.1 59.5 2:27pm 37.8 3:21am 30 0 0.00 100 0 12:00am NNW 30.39 69 4 48.9 64.7 2:11pm 38.7 7:05am 27 0 0.00 100 0 12:00am SSE 30.32 72 5 56.3 73.7 3:36pm 40.8 6:11am 20 2 0.00 101 0 12:00am WNW 30.22 57 6 59.4 75.6 12:11pm 47.6 7:07am 17 2 0.00 101 0 12:00am ESE 30.21 53 7 55.5 69.4 1:09pm 44.0 11:59pm 21 1 0.00 100 0 12:00am NW 30.15 61 8 48.2 63.2 1:37pm 38.2 6:57am 24 0 0.00 101 2 7:30am S 29.99 46 9 46.3 59.5 12:14pm 35.7 7:26am 30 0 0.00 100 0 12:00am NW 30.15 45 10 47.2 62.2 1:23pm 35.1 7:17am 29 0 0.00 100 0 12:00am S 30.14 52 11 52.0 66.6 1:50pm 40.1 6:08am 24 0 0.00 100 0 12:00am W 30.20 53 12 56.2 71.3 12:03pm 42.3 5:37am 20 1 0.00 101 0 12:00am SW 30.23 41 13 54.7 72.0 1:19pm 44.3 7:00am 21 1 0.00 100 0 12:00am WSW 30.07 42 14 49.7 56.7 1:04pm 39.1 3:29am 26 0 0.06 101 0 12:00am SW 30.08 69 15 50.6 53.7 3:08pm 45.6 11:40pm 24 0 0.28 102 0 12:00am SW 29.99 73 16 41.9 46.8 11:47am 37.6 8:44pm 33 0 1.35 102 0 12:00am SW 29.82 84 17 37.9 40.3 12:00pm 34.3 4:35pm 37 0 1.34 102 14 6:30pm SW 29.87 86 18 39.8 43.2 9:36pm 36.5 7:14am 35 0 0.84 100 7 1:00am SSE 29.79 89 19 38.2 47.0 12:30pm 33.3 11:37pm 36 0 0.38 101 8 3:00pm N 29.75 83 20 39.1 51.0 2:53pm 31.7 7:07am 32 0 0.00 100 9 5:00pm ESE 30.02 71 21 35.6 41.2 8:09am 34.5 12:00am 13 0 0.00 100 2 1:30am SE 30.01 71 22 42.7 56.1 1:19pm 34.0 11:55pm 30 0 0.00 101 5 10:30am N 30.04 59 23 42.3 54.3 1:46pm 33.7 2:28am 33 0 0.00 100 0 12:00am W 30.04 66 24 40.0 45.7 3:10pm 35.9 12:51am 34 0 0.84 101 0 12:00am SW 30.10 79 25 38.3 43.5 10:49am 31.1 11:57pm 37 0 1.88 102 0 12:00am NNE 29.80 85 26 35.3 46.6 2:24pm 26.3 6:48am 40 0 0.04 100 0 12:00am NNW 29.81 70 27 39.4 52.4 2:48pm 29.5 6:52am 36 0 0.00 101 0 12:00am SW 30.01 61 28 43.0 55.0 1:30pm 31.8 6:15am 31 0 0.00 101 14 1:30pm WNW 30.17 60 --------------------------------------------------------------------------------------- TOT 45.8 75.6 2/6/11 26.3 2/26/11 799 7 7.02 101 14 2/17/11 SW 30.06 64 HEAT BASE: 75.0 COOL BASE: 64.0

Google



Contact Us | Mobile
Never base any life decisions on weather information from this site or anywhere over the Internet.
Site is dedicated to our Lord & Savior Jesus Christ (Yeshua Messiah) | Random Quotes

Copyright © 2017 El Dorado Weather, Inc. | Site Designed By:  El Dorado Weather
LightningRing