World Forecast Directory
El Dorado Weather Logo
U.S. Color IR Sat North America Color Background Satellite Thumb
Norcal Dual-Pol Radar Live Northern California Doppler Radar Thumbnail Image
Pacific NW Visible Sat Regional U.S. Radar
Pacific NW Radar Regional U.S. Radar
Storm Cell Tracking Live Northern California Radar and Satellite Thumbnail Image
Street Level Radar Live U.S. Google Map Radar Thumbnail Image
Live Lightning Radar Placerville California Lightning Detection Radar Thumbnail Image
Live Streaming Webcam Placerville California Live Streaming WebCam Thumbnail Image
Local Wx Station Data Sacramento, Northern Sierra Nevada & the Motherlode Area Current Weather Conditions

NOAA Climate Report From: Placerville, Ca. Weather Station (EDWPC)

Archives below start from 6/22/2006 to the present:
2017: Jan | Feb | Mar | Apr | May | Jun | Jul | Aug | Sep | Oct | Nov | Dec 
2016: Jan | Feb | Mar | Apr | May | Jun | Jul | Aug | Sep | Oct | Nov | Dec 
2015: Jan | Feb | Mar | Apr | May | Jun | Jul | Aug | Sep | Oct | Nov | Dec 
2014: Jan | Feb | Mar | Apr | May | Jun | Jul | Aug | Sep | Oct | Nov | Dec 
2013: Jan | Feb | Mar | Apr | May | Jun | Jul | Aug | Sep | Oct | Nov | Dec 
2012: Jan | Feb | Mar | Apr | May | Jun | Jul | Aug | Sep | Oct | Nov | Dec 
2011: Jan | Feb | Mar | Apr | May | Jun | Jul | Aug | Sep | Oct | Nov | Dec 
2010: Jan | Feb | Mar | Apr | May | Jun | Jul | Aug | Sep | Oct | Nov | Dec 
2009: Jan | Feb | Mar | Apr | May | Jun | Jul | Aug | Sep | Oct | Nov | Dec 
2008: Jan | Feb | Mar | Apr | May | Jun | Jul | Aug | Sep | Oct | Nov | Dec 
2007: Jan | Feb | Mar | Apr | May | Jun | Jul | Aug | Sep | Oct | Nov | Dec 
 2006: Jan | Feb | Mar | Apr | May | Jun | Jul | Aug | Sep | Oct | Nov | Dec 

Report for 2010 12 MONTHLY CLIMATOLOGICAL SUMMARY FOR 12/2010 HEAT COOL MEAN DEG DEG WIND SPEED DOM MEAN MEAN DAY TEMP HIGH TIME LOW TIME DAYS DAYS RAIN AVG HI TIME DIR BAROM HUM --------------------------------------------------------------------------------------- 1 47.1 62.6 1:14pm 37.6 5:59am 29 0 0.00 100 0 12:00am S 30.18 59 2 48.4 55.2 11:28am 40.7 12:00am 28 0 0.14 100 0 12:00am NE 30.06 75 3 52.1 61.7 1:40pm 47.6 4:57am 24 0 0.01 100 0 12:00am NNW 30.00 82 4 53.5 61.5 12:15pm 48.5 2:00am 23 0 0.02 100 3 11:00pm NNW 30.01 74 5 55.2 67.9 12:07pm 48.3 7:11am 20 0 0.95 101 7 1:00pm SSW 29.99 76 6 52.3 61.1 1:35pm 46.1 10:08pm 24 0 0.36 101 1 12:00am NNW 30.21 82 7 51.0 64.2 12:27pm 42.3 7:34am 25 0 0.00 100 1 12:00am WNW 30.21 73 8 51.3 54.9 10:11pm 45.9 1:13am 25 0 0.14 100 1 12:00am SSW 30.18 84 9 54.7 60.3 2:52pm 52.6 6:31pm 21 0 0.10 100 1 12:00am W 30.19 88 10 56.5 61.3 3:07pm 52.1 11:54pm 20 0 0.06 100 0 12:00am W 30.21 88 11 56.6 67.8 12:39pm 49.5 11:08pm 19 0 0.00 100 0 12:00am N 30.26 79 12 51.7 64.2 12:51pm 42.1 7:23am 24 0 0.00 100 0 12:00am SSW 30.24 83 13 47.7 52.2 12:07pm 43.0 4:05am 28 0 0.00 100 0 12:00am SSW 30.08 90 14 50.5 54.6 11:38am 42.8 11:54pm 26 0 1.19 101 0 12:00am WSW 29.98 91 15 44.0 54.5 12:30pm 38.1 10:22pm 31 0 0.01 100 0 12:00am NNE 29.96 84 16 43.2 53.9 1:33pm 35.8 3:29am 33 0 0.00 100 0 12:00am W 29.94 78 17 46.8 53.3 8:49pm 43.6 3:36am 29 0 1.45 101 0 12:00am SW 29.82 89 18 52.3 55.1 9:49pm 50.0 6:03am 24 0 1.99 103 0 12:00am WNW 29.77 90 19 49.6 55.5 11:06am 42.8 11:58pm 27 0 1.41 102 0 12:00am SSE 29.65 90 20 44.8 48.7 1:42pm 42.4 12:24am 31 0 0.01 101 0 12:00am SE 29.76 83 21 48.4 56.4 1:34pm 41.6 4:08am 28 0 0.00 101 0 12:00am SE 29.81 75 22 49.7 51.7 11:20am 47.3 6:16am 26 0 0.45 100 0 12:00am SW 29.82 87 23 50.7 57.4 12:56pm 46.4 11:27pm 25 0 0.00 100 0 12:00am SW 30.14 84 24 49.5 59.6 1:26pm 41.4 6:32am 27 0 0.00 100 0 12:00am ESE 30.11 76 25 48.8 58.2 12:14pm 43.1 11:07pm 27 0 1.31 101 0 12:00am SSE 29.89 75 26 46.8 53.6 11:39am 42.8 3:26am 29 0 0.12 100 0 12:00am SE 30.20 80 27 46.4 56.9 12:22pm 39.5 6:46am 30 0 0.00 100 0 12:00am NE 30.26 84 28 46.3 49.3 11:10am 42.5 2:37am 30 0 1.29 101 0 12:00am E 30.01 87 29 43.1 47.9 1:22am 31.6 11:54pm 33 0 1.05 101 0 12:00am ESE 29.71 84 30 36.0 47.1 1:04pm 29.2 6:24am 40 0 0.00 100 0 12:00am ESE 29.91 68 31 37.8 45.8 12:30pm 30.9 4:38am 38 0 0.00 100 0 12:00am SSE 30.02 60 --------------------------------------------------------------------------------------- TOT 48.8 67.9 12/5/10 29.2 12/30/10 843 0 12.06 101 7 12/5/10 SW 30.02 81 HEAT BASE: 75.0 COOL BASE: 64.0

Google



Contact Us | Mobile
Never base any life decisions on weather information from this site or anywhere over the Internet.
Site is dedicated to our Lord & Savior Jesus Christ (Yeshua Messiah) | Random Quotes

Copyright © 2017 El Dorado Weather, Inc. | Site Designed By:  El Dorado Weather
LightningRing