World Forecast Directory
El Dorado Weather Logo
U.S. Color IR Sat North America Color Background Satellite Thumb
Norcal Dual-Pol Radar Live Northern California Doppler Radar Thumbnail Image
Pacific NW Visible Sat Regional U.S. Radar
Pacific NW Radar Regional U.S. Radar
Storm Cell Tracking Live Northern California Radar and Satellite Thumbnail Image
Street Level Radar Live U.S. Google Map Radar Thumbnail Image
Live Lightning Radar Placerville California Lightning Detection Radar Thumbnail Image
Live Streaming Webcam Placerville California Live Streaming WebCam Thumbnail Image
Local Wx Station Data Sacramento, Northern Sierra Nevada & the Motherlode Area Current Weather Conditions

NOAA Climate Report From: Placerville, Ca. Weather Station (EDWPC)

Archives below start from 6/22/2006 to the present:
2017: Jan | Feb | Mar | Apr | May | Jun | Jul | Aug | Sep | Oct | Nov | Dec 
2016: Jan | Feb | Mar | Apr | May | Jun | Jul | Aug | Sep | Oct | Nov | Dec 
2015: Jan | Feb | Mar | Apr | May | Jun | Jul | Aug | Sep | Oct | Nov | Dec 
2014: Jan | Feb | Mar | Apr | May | Jun | Jul | Aug | Sep | Oct | Nov | Dec 
2013: Jan | Feb | Mar | Apr | May | Jun | Jul | Aug | Sep | Oct | Nov | Dec 
2012: Jan | Feb | Mar | Apr | May | Jun | Jul | Aug | Sep | Oct | Nov | Dec 
2011: Jan | Feb | Mar | Apr | May | Jun | Jul | Aug | Sep | Oct | Nov | Dec 
2010: Jan | Feb | Mar | Apr | May | Jun | Jul | Aug | Sep | Oct | Nov | Dec 
2009: Jan | Feb | Mar | Apr | May | Jun | Jul | Aug | Sep | Oct | Nov | Dec 
2008: Jan | Feb | Mar | Apr | May | Jun | Jul | Aug | Sep | Oct | Nov | Dec 
2007: Jan | Feb | Mar | Apr | May | Jun | Jul | Aug | Sep | Oct | Nov | Dec 
 2006: Jan | Feb | Mar | Apr | May | Jun | Jul | Aug | Sep | Oct | Nov | Dec 

Report for 2010 05 MONTHLY CLIMATOLOGICAL SUMMARY FOR 5/2010 HEAT COOL MEAN DEG DEG WIND SPEED DOM MEAN MEAN DAY TEMP HIGH TIME LOW TIME DAYS DAYS RAIN AVG HI TIME DIR BAROM HUM --------------------------------------------------------------------------------------- 1 58.1 73.4 4:06pm 43.7 5:18am 17 2 0.00 0 0 12:00am N 29.96 53 2 60.1 77.3 4:46pm 42.0 6:16am 15 3 0.00 0 0 12:00am NE 29.99 49 3 65.0 79.5 4:23pm 49.4 4:25am 11 5 0.00 0 0 12:00am N 30.14 47 4 60.2 73.4 4:35pm 49.5 6:29am 15 2 0.00 0 0 12:00am NE 30.11 58 5 55.6 68.6 3:49pm 45.2 11:40pm 19 1 0.00 0 0 12:00am SW 30.03 42 6 54.5 72.7 3:53pm 38.7 5:49am 20 1 0.00 0 0 12:00am NE 30.05 41 7 59.1 74.2 4:10pm 44.7 4:02am 16 3 0.00 0 0 12:00am NNE 30.04 40 8 56.5 71.0 3:20pm 43.9 6:06am 18 1 0.00 0 0 12:00am NNE 30.00 52 9 50.3 57.9 12:22pm 44.2 3:39am 24 0 0.03 0 0 12:00am NW 30.00 77 10 45.9 50.2 12:48pm 37.4 11:59pm 29 0 0.73 0 0 12:00am NNE 30.04 84 11 48.9 64.8 5:15pm 36.2 2:31am 26 0 0.01 0 0 12:00am NE 30.09 73 12 58.0 73.7 4:43pm 44.2 3:09am 16 2 0.00 0 3 7:00pm NNE 30.02 60 13 61.8 77.7 5:01pm 47.8 6:29am 13 4 0.00 0 1 12:00am NNE 29.93 55 14 64.6 78.3 4:46pm 52.3 6:16am 11 5 0.00 0 1 12:00am NNE 29.97 51 15 66.6 81.6 2:28pm 53.9 7:00am 10 6 0.00 0 1 12:00am NNE 29.99 53 16 64.6 77.8 12:24pm 54.1 5:44am 11 4 0.00 0 1 12:00am NNE 29.90 52 17 53.3 57.0 2:51pm 48.8 6:19am 22 0 0.32 0 0 12:00am NW 29.91 74 18 58.1 69.6 3:38pm 51.3 4:47am 17 1 0.02 0 0 12:00am N 30.05 73 19 57.0 65.8 10:28am 51.3 2:07am 18 0 0.04 0 0 12:00am N 30.12 75 20 57.7 71.1 3:48pm 46.4 11:59pm 17 1 0.00 0 0 12:00am ENE 30.09 64 21 50.3 62.2 4:09pm 41.9 5:50am 25 0 0.03 0 0 12:00am N 29.97 64 22 47.5 60.0 3:04pm 36.9 6:09am 27 0 0.00 0 0 12:00am N 29.97 60 23 52.2 68.6 2:20pm 35.4 5:42am 23 1 0.00 0 0 12:00am N 29.89 56 24 51.4 63.4 4:15pm 44.2 6:09am 24 0 0.00 0 5 11:00am N 30.02 63 25 52.5 65.5 11:22am 43.2 6:08am 22 0 0.36 0 5 12:00am N 29.96 72 26 54.2 64.4 4:54pm 47.7 11:56pm 21 0 0.67 0 5 12:00am N 29.93 78 27 48.8 59.9 12:52pm 43.8 6:46am 26 0 0.56 0 5 12:00am NW 29.95 83 28 52.2 64.7 3:58pm 42.1 6:38am 23 0 0.02 0 5 12:00am NE 30.12 71 29 59.5 77.5 4:18pm 43.0 5:48am 16 4 0.00 0 5 12:00am N 30.08 59 30 65.6 83.1 4:35pm 50.4 6:10am 11 6 0.00 0 5 12:00am N 29.98 50 31 65.7 73.9 2:55pm 57.8 2:02am 9 3 0.00 0 3 12:00am N 29.96 56 --------------------------------------------------------------------------------------- TOT 56.6 83.1 5/30/10 35.4 5/23/10 572 54 2.79 0 5 5/24/10 N 30.01 61 HEAT BASE: 75.0 COOL BASE: 64.0

Google



Contact Us | Mobile
Never base any life decisions on weather information from this site or anywhere over the Internet.
Site is dedicated to our Lord & Savior Jesus Christ (Yeshua Messiah) | Random Quotes

Copyright © 2017 El Dorado Weather, Inc. | Site Designed By:  El Dorado Weather
LightningRing