World Forecast Directory
El Dorado Weather Logo
U.S. Color IR Sat North America Color Background Satellite Thumb
Norcal Dual-Pol Radar Live Northern California Doppler Radar Thumbnail Image
Pacific NW Visible Sat Regional U.S. Radar
Pacific NW Radar Regional U.S. Radar
Storm Cell Tracking Live Northern California Radar and Satellite Thumbnail Image
Street Level Radar Live U.S. Google Map Radar Thumbnail Image
Live Lightning Radar Placerville California Lightning Detection Radar Thumbnail Image
Live Streaming Webcam Placerville California Live Streaming WebCam Thumbnail Image
Local Wx Station Data Sacramento, Northern Sierra Nevada & the Motherlode Area Current Weather Conditions

NOAA Climate Report From: Placerville, Ca. Weather Station (EDWPC)

Archives below start from 6/22/2006 to the present:
2017: Jan | Feb | Mar | Apr | May | Jun | Jul | Aug | Sep | Oct | Nov | Dec 
2016: Jan | Feb | Mar | Apr | May | Jun | Jul | Aug | Sep | Oct | Nov | Dec 
2015: Jan | Feb | Mar | Apr | May | Jun | Jul | Aug | Sep | Oct | Nov | Dec 
2014: Jan | Feb | Mar | Apr | May | Jun | Jul | Aug | Sep | Oct | Nov | Dec 
2013: Jan | Feb | Mar | Apr | May | Jun | Jul | Aug | Sep | Oct | Nov | Dec 
2012: Jan | Feb | Mar | Apr | May | Jun | Jul | Aug | Sep | Oct | Nov | Dec 
2011: Jan | Feb | Mar | Apr | May | Jun | Jul | Aug | Sep | Oct | Nov | Dec 
2010: Jan | Feb | Mar | Apr | May | Jun | Jul | Aug | Sep | Oct | Nov | Dec 
2009: Jan | Feb | Mar | Apr | May | Jun | Jul | Aug | Sep | Oct | Nov | Dec 
2008: Jan | Feb | Mar | Apr | May | Jun | Jul | Aug | Sep | Oct | Nov | Dec 
2007: Jan | Feb | Mar | Apr | May | Jun | Jul | Aug | Sep | Oct | Nov | Dec 
 2006: Jan | Feb | Mar | Apr | May | Jun | Jul | Aug | Sep | Oct | Nov | Dec 

Report for 2009 12 MONTHLY CLIMATOLOGICAL SUMMARY FOR 12/2009 HEAT COOL MEAN DEG DEG WIND SPEED DOM MEAN MEAN DAY TEMP HIGH TIME LOW TIME DAYS DAYS RAIN AVG HI TIME DIR BAROM HUM --------------------------------------------------------------------------------------- 1 49.9 64.4 12:38pm 42.8 2:52am 26 0 0.00 0 0 12:00am SSE 29.98 56 2 47.5 62.6 1:29pm 40.3 11:55pm 28 0 0.00 0 0 12:00am S 29.95 62 3 46.3 60.5 1:14pm 37.5 4:00am 29 0 0.00 0 0 12:00am SSE 30.05 66 4 48.5 64.0 12:58pm 39.5 2:10am 27 0 0.00 0 0 12:00am SE 30.13 57 5 42.9 54.2 12:48pm 33.5 11:20pm 33 0 0.00 0 0 12:00am SSE 29.89 71 6 36.9 42.7 2:15pm 30.6 5:16am 39 0 0.23 0 0 12:00am SSE 29.77 71 7 33.1 35.1 12:00am 27.5 11:30pm 41 0 0.11 0 1 8:30am N 29.66 87 8 30.3 39.1 1:30pm 24.8 8:00am 45 0 0.46 0 3 11:00am N 30.01 82 9 31.6 42.4 1:09pm 23.4 7:00am 43 0 0.29 0 1 9:00am SE 30.09 74 10 37.1 44.2 12:53pm 30.0 5:38am 38 0 0.12 0 0 12:00am WSW 30.00 76 11 43.0 49.5 11:58pm 38.1 4:04am 32 0 0.86 0 0 12:00am E 29.90 89 12 49.1 50.8 3:43pm 45.5 11:55pm 26 0 1.01 1 0 12:00am SSE 29.75 90 13 45.8 48.8 3:41pm 42.7 5:40am 30 0 0.62 0 0 12:00am E 29.89 90 14 47.2 53.6 12:31pm 41.3 11:57pm 28 0 0.12 0 0 12:00am SSE 30.14 86 15 47.9 56.5 3:10pm 41.2 12:16am 28 0 0.00 0 0 12:00am E 30.19 74 16 50.6 59.9 2:57pm 45.5 10:29pm 25 0 0.03 0 0 12:00am E 30.23 69 17 49.2 63.0 1:48pm 42.7 6:13am 25 0 0.00 0 0 12:00am SW 30.21 74 18 46.4 63.3 1:02pm 39.2 9:24pm 29 0 0.00 0 0 12:00am SE 30.18 77 19 45.1 60.2 1:27pm 36.6 4:30am 30 0 0.00 0 0 12:00am SSW 30.11 83 20 49.4 61.7 2:00pm 41.3 5:17am 26 0 0.00 0 0 12:00am E 30.07 71 21 49.4 53.5 10:30am 43.7 11:58pm 26 0 0.29 0 0 12:00am E 29.96 83 22 40.8 51.5 1:25pm 32.3 11:58pm 35 0 0.00 0 0 12:00am ENE 29.96 74 23 38.7 53.9 11:44am 29.8 5:01am 37 0 0.00 0 0 12:00am SSE 30.12 64 24 42.2 58.0 12:41pm 32.3 7:59am 33 0 0.00 0 0 12:00am SSE 30.13 69 25 46.1 61.7 1:52pm 36.5 4:01am 29 0 0.00 0 0 12:00am SSE 30.05 55 26 45.2 53.5 10:58am 38.5 2:36am 30 0 0.00 0 0 12:00am SE 30.01 60 27 45.6 53.0 12:41pm 41.1 11:58pm 30 0 0.28 0 0 12:00am E 30.14 82 28 44.1 50.9 1:10pm 38.1 6:53am 31 0 0.08 0 0 12:00am ESE 30.09 80 29 44.6 51.4 12:04pm 37.4 7:13am 31 0 0.07 0 0 12:00am SSE 30.10 83 30 44.9 53.0 1:51pm 40.6 8:03pm 31 0 0.08 0 0 12:00am SSE 30.19 85 31 48.3 56.6 12:35pm 42.4 12:00am 27 0 0.00 0 0 12:00am SE 30.32 74 --------------------------------------------------------------------------------------- TOT 44.1 64.4 12/1/09 23.4 12/9/09 970 0 4.65 0 3 12/8/09 SSE 30.04 75 HEAT BASE: 75.0 COOL BASE: 64.0

Google



Contact Us | Mobile
Never base any life decisions on weather information from this site or anywhere over the Internet.
Site is dedicated to our Lord & Savior Jesus Christ (Yeshua Messiah) | Random Quotes

Copyright © 2017 El Dorado Weather, Inc. | Site Designed By:  El Dorado Weather
LightningRing