World Forecast Directory
El Dorado Weather Logo
U.S. Color IR Sat North America Color Background Satellite Thumb
Norcal Dual-Pol Radar Live Northern California Doppler Radar Thumbnail Image
Pacific NW Visible Sat Regional U.S. Radar
Pacific NW Radar Regional U.S. Radar
Storm Cell Tracking Live Northern California Radar and Satellite Thumbnail Image
Street Level Radar Live U.S. Google Map Radar Thumbnail Image
Live Lightning Radar Placerville California Lightning Detection Radar Thumbnail Image
Live Streaming Webcam Placerville California Live Streaming WebCam Thumbnail Image
Local Wx Station Data Sacramento, Northern Sierra Nevada & the Motherlode Area Current Weather Conditions

NOAA Climate Report From: Placerville, Ca. Weather Station (EDWPC)

Archives below start from 6/22/2006 to the present:
2017: Jan | Feb | Mar | Apr | May | Jun | Jul | Aug | Sep | Oct | Nov | Dec 
2016: Jan | Feb | Mar | Apr | May | Jun | Jul | Aug | Sep | Oct | Nov | Dec 
2015: Jan | Feb | Mar | Apr | May | Jun | Jul | Aug | Sep | Oct | Nov | Dec 
2014: Jan | Feb | Mar | Apr | May | Jun | Jul | Aug | Sep | Oct | Nov | Dec 
2013: Jan | Feb | Mar | Apr | May | Jun | Jul | Aug | Sep | Oct | Nov | Dec 
2012: Jan | Feb | Mar | Apr | May | Jun | Jul | Aug | Sep | Oct | Nov | Dec 
2011: Jan | Feb | Mar | Apr | May | Jun | Jul | Aug | Sep | Oct | Nov | Dec 
2010: Jan | Feb | Mar | Apr | May | Jun | Jul | Aug | Sep | Oct | Nov | Dec 
2009: Jan | Feb | Mar | Apr | May | Jun | Jul | Aug | Sep | Oct | Nov | Dec 
2008: Jan | Feb | Mar | Apr | May | Jun | Jul | Aug | Sep | Oct | Nov | Dec 
2007: Jan | Feb | Mar | Apr | May | Jun | Jul | Aug | Sep | Oct | Nov | Dec 
 2006: Jan | Feb | Mar | Apr | May | Jun | Jul | Aug | Sep | Oct | Nov | Dec 

Report for 2009 11 MONTHLY CLIMATOLOGICAL SUMMARY FOR 11/2009 HEAT COOL MEAN DEG DEG WIND SPEED DOM MEAN MEAN DAY TEMP HIGH TIME LOW TIME DAYS DAYS RAIN AVG HI TIME DIR BAROM HUM --------------------------------------------------------------------------------------- 1 60.5 77.2 12:40pm 49.6 4:14am 15 2 0.00 0 0 12:00am SSE 30.10 60 2 62.0 79.3 1:21pm 51.1 7:22am 14 3 0.00 0 0 12:00am SE 30.12 52 3 64.2 81.9 1:30pm 54.4 5:54am 12 4 0.00 0 0 12:00am SE 30.04 44 4 61.8 76.6 11:39am 49.3 11:38pm 14 3 0.00 0 0 12:00am SE 29.98 48 5 54.7 67.9 12:16pm 47.4 6:37am 20 0 0.00 0 6 2:00pm SE 30.08 71 6 56.2 65.9 2:27pm 48.0 6:30am 19 0 0.03 0 5 12:00am ESE 30.08 70 7 53.3 62.8 1:26pm 43.7 11:53pm 22 0 0.02 0 5 12:00am S 30.04 79 8 50.0 67.0 1:00pm 41.3 3:42am 25 0 0.00 0 5 12:00am S 30.03 50 9 51.6 64.2 1:08pm 41.0 1:22am 24 0 0.00 0 5 12:00am SSE 30.08 54 10 54.7 66.3 12:01pm 47.4 3:23am 20 0 0.00 0 4 12:30pm SE 30.12 58 11 54.2 63.4 1:51pm 49.3 10:40pm 21 0 0.00 0 0 12:00am SE 29.99 61 12 49.4 60.5 12:16pm 40.9 11:48pm 26 0 0.22 0 0 12:00am SE 29.91 78 13 45.3 58.5 12:34pm 39.2 6:11am 30 0 0.00 0 0 12:00am SSE 29.93 70 14 46.8 61.3 1:09pm 38.7 6:54am 29 0 0.00 0 0 12:00am SSE 30.08 64 15 48.6 62.5 1:15pm 37.7 5:49am 27 0 0.00 0 0 12:00am SSE 30.19 58 16 51.8 67.5 1:10pm 41.1 4:54am 24 0 0.00 0 0 12:00am SSE 30.17 53 17 52.1 66.2 1:21pm 43.4 6:14am 23 0 0.00 0 3 3:30pm SSE 30.03 51 18 47.7 57.5 12:30pm 40.4 11:00pm 28 0 0.21 0 5 11:00am N 30.08 80 19 46.3 58.3 1:10pm 38.3 7:30am 29 0 0.00 0 5 1:00pm SSE 30.08 75 20 45.7 52.7 11:42am 41.8 5:04am 30 0 0.97 0 0 12:00am SSE 29.95 81 21 43.5 56.9 1:14pm 35.0 7:26am 32 0 0.00 0 0 12:00am S 30.07 80 22 47.3 53.9 2:30pm 41.3 11:58pm 28 0 0.02 0 0 12:00am SSW 30.12 82 23 46.0 62.6 1:27pm 36.3 6:34am 29 0 0.00 0 0 12:00am SSE 30.17 75 24 50.6 65.9 12:42pm 41.0 1:35am 27 1 0.00 0 8 15:06am SSE 30.16 70 25 54.3 70.5 1:12pm 44.8 7:31am 21 1 0.00 0 0 12:07am SSE 30.13 55 26 55.5 70.0 2:24pm 47.2 3:08am 20 1 0.00 0 0 12:00am SSE 30.09 47 27 48.0 52.0 2:07pm 42.3 9:29pm 27 0 0.21 0 0 12:00am E 29.98 74 28 49.1 65.8 1:14pm 38.8 2:36am 26 0 0.00 0 0 12:00am S 29.93 52 29 30 49.5 64.1 1:31pm 40.9 7:28am 25 0 0.00 0 0 12:05am SSE 30.10 62 --------------------------------------------------------------------------------------- TOT 51.7 81.9 11/3/09 35.0 11/21/09 661 14 1.68 0 6 11/5/09 SSE 30.06 63 HEAT BASE: 75.0 COOL BASE: 64.0

Google



Contact Us | Mobile
Never base any life decisions on weather information from this site or anywhere over the Internet.
Site is dedicated to our Lord & Savior Jesus Christ (Yeshua Messiah) | Random Quotes

Copyright © 2017 El Dorado Weather, Inc. | Site Designed By:  El Dorado Weather
LightningRing