World Forecast Directory
El Dorado Weather Logo
U.S. Color IR Sat North America Color Background Satellite Thumb
Norcal Dual-Pol Radar Live Northern California Doppler Radar Thumbnail Image
Pacific NW Visible Sat Regional U.S. Radar
Pacific NW Radar Regional U.S. Radar
Storm Cell Tracking Live Northern California Radar and Satellite Thumbnail Image
Street Level Radar Live U.S. Google Map Radar Thumbnail Image
Live Lightning Radar Placerville California Lightning Detection Radar Thumbnail Image
Live Streaming Webcam Placerville California Live Streaming WebCam Thumbnail Image
Local Wx Station Data Sacramento, Northern Sierra Nevada & the Motherlode Area Current Weather Conditions

NOAA Climate Report From: Placerville, Ca. Weather Station (EDWPC)

Archives below start from 6/22/2006 to the present:
2017: Jan | Feb | Mar | Apr | May | Jun | Jul | Aug | Sep | Oct | Nov | Dec 
2016: Jan | Feb | Mar | Apr | May | Jun | Jul | Aug | Sep | Oct | Nov | Dec 
2015: Jan | Feb | Mar | Apr | May | Jun | Jul | Aug | Sep | Oct | Nov | Dec 
2014: Jan | Feb | Mar | Apr | May | Jun | Jul | Aug | Sep | Oct | Nov | Dec 
2013: Jan | Feb | Mar | Apr | May | Jun | Jul | Aug | Sep | Oct | Nov | Dec 
2012: Jan | Feb | Mar | Apr | May | Jun | Jul | Aug | Sep | Oct | Nov | Dec 
2011: Jan | Feb | Mar | Apr | May | Jun | Jul | Aug | Sep | Oct | Nov | Dec 
2010: Jan | Feb | Mar | Apr | May | Jun | Jul | Aug | Sep | Oct | Nov | Dec 
2009: Jan | Feb | Mar | Apr | May | Jun | Jul | Aug | Sep | Oct | Nov | Dec 
2008: Jan | Feb | Mar | Apr | May | Jun | Jul | Aug | Sep | Oct | Nov | Dec 
2007: Jan | Feb | Mar | Apr | May | Jun | Jul | Aug | Sep | Oct | Nov | Dec 
 2006: Jan | Feb | Mar | Apr | May | Jun | Jul | Aug | Sep | Oct | Nov | Dec 

Report for 2009 08 MONTHLY CLIMATOLOGICAL SUMMARY FOR 8/2009 HEAT COOL MEAN DEG DEG WIND SPEED DOM MEAN MEAN DAY TEMP HIGH TIME LOW TIME DAYS DAYS RAIN AVG HI TIME DIR BAROM HUM --------------------------------------------------------------------------------------- 1 78.0 94.1 2:51pm 67.3 7:36am 3 14 0.00 0 0 12:00am SE 29.96 44 2 72.9 88.7 4:13pm 60.0 7:10am 6 9 0.00 0 0 12:00am ESE 29.98 45 3 70.4 85.4 3:40pm 59.0 6:13am 7 8 0.00 0 0 12:00am SE 29.99 44 4 70.7 87.9 3:00pm 57.6 6:47am 8 8 0.00 0 9 3:30pm SE 30.03 45 5 69.7 84.8 4:30pm 59.6 7:00am 7 7 0.00 0 11 3:00pm SE 29.99 46 6 62.9 72.5 2:00pm 56.7 11:30pm 12 2 0.01 0 10 3:30pm SE 30.02 66 7 64.2 81.4 3:40pm 50.3 6:30am 11 5 0.00 0 4 11:30am SE 30.04 61 8 71.6 89.1 3:04pm 58.2 5:00am 7 9 0.00 0 4 12:00am SE 30.02 48 9 76.6 93.6 3:25pm 62.4 5:43am 4 13 0.00 0 4 12:00am SE 29.98 41 10 81.0 98.3 3:04pm 67.9 5:16am 2 17 0.00 0 4 12:00am ESE 29.98 34 11 80.9 97.0 3:14pm 69.9 6:54am 1 17 0.00 0 4 12:00am ESE 30.02 31 12 80.5 96.8 2:52pm 68.9 6:11am 2 17 0.00 0 4 12:00am SE 30.01 26 13 77.4 92.9 4:03pm 65.1 6:04am 3 13 0.00 0 4 12:00am SE 29.96 34 14 71.4 86.4 2:38pm 58.3 7:23am 6 8 0.00 0 0 12:00am SE 29.96 41 15 72.1 90.4 3:50pm 58.5 7:07am 7 10 0.00 0 0 12:00am SE 29.95 33 16 75.6 92.7 4:02pm 63.4 7:00am 4 12 0.00 0 0 12:00am ESE 29.93 32 17 78.2 95.2 3:28pm 66.4 1:51am 3 14 0.00 0 0 12:00am ESE 29.90 32 18 81.6 99.7 3:34pm 69.2 6:14am 2 16 0.00 0 0 12:00am ESE 29.87 29 19 81.1 97.6 2:03pm 70.0 3:55am 2 16 0.00 0 0 12:00am ESE 29.85 32 20 75.4 95.0 4:23pm 60.5 7:36am 6 11 0.00 0 0 12:00am ESE 29.91 43 21 81.7 102.2 4:02pm 66.1 2:10am 3 16 0.00 0 0 12:00am ESE 29.93 33 22 82.4 96.4 2:35pm 72.6 3:02am 0 17 0.00 0 0 12:00am SE 29.89 25 23 76.1 87.3 2:53pm 63.6 11:50pm 2 11 0.00 0 0 12:00am SE 29.92 40 24 73.3 90.1 2:43pm 61.3 5:40am 6 9 0.00 0 0 12:00am ESE 29.95 39 25 75.2 93.5 3:52pm 60.4 6:58am 6 11 0.00 0 0 12:00am ESE 29.99 33 26 77.6 94.8 3:18pm 62.0 6:46am 4 12 0.00 0 0 12:00am ESE 30.03 26 27 79.4 99.6 3:02pm 62.9 5:02am 4 14 0.00 0 0 12:00am ESE 30.07 23 28 81.6 99.6 1:00pm 68.5 6:37am 1 16 0.00 0 0 12:00am ESE 30.03 21 29 84.2 102.8 3:11pm 72.6 5:03am 1 19 0.00 0 0 12:00am SE 29.94 22 30 79.4 96.6 3:09pm 67.8 7:20am 2 14 0.00 0 0 12:00am SE 29.87 29 31 74.7 90.7 3:38pm 62.0 6:51am 5 9 0.00 0 0 12:00am ESE 29.89 32 --------------------------------------------------------------------------------------- TOT 76.1 102.8 8/29/09 50.3 8/7/09 138 373 0.01 0 11 8/5/09 ESE 29.96 37 HEAT BASE: 75.0 COOL BASE: 64.0

Google



Contact Us | Mobile
Never base any life decisions on weather information from this site or anywhere over the Internet.
Site is dedicated to our Lord & Savior Jesus Christ (Yeshua Messiah) | Random Quotes

Copyright © 2017 El Dorado Weather, Inc. | Site Designed By:  El Dorado Weather
LightningRing