World Forecast Directory
El Dorado Weather Logo
U.S. Color IR Sat North America Color Background Satellite Thumb
Norcal Dual-Pol Radar Live Northern California Doppler Radar Thumbnail Image
Pacific NW Visible Sat Regional U.S. Radar
Pacific NW Radar Regional U.S. Radar
Storm Cell Tracking Live Northern California Radar and Satellite Thumbnail Image
Street Level Radar Live U.S. Google Map Radar Thumbnail Image
Live Lightning Radar Placerville California Lightning Detection Radar Thumbnail Image
Live Streaming Webcam Placerville California Live Streaming WebCam Thumbnail Image
Local Wx Station Data Sacramento, Northern Sierra Nevada & the Motherlode Area Current Weather Conditions

NOAA Climate Report From: Placerville, Ca. Weather Station (EDWPC)

Archives below start from 6/22/2006 to the present:
2017: Jan | Feb | Mar | Apr | May | Jun | Jul | Aug | Sep | Oct | Nov | Dec 
2016: Jan | Feb | Mar | Apr | May | Jun | Jul | Aug | Sep | Oct | Nov | Dec 
2015: Jan | Feb | Mar | Apr | May | Jun | Jul | Aug | Sep | Oct | Nov | Dec 
2014: Jan | Feb | Mar | Apr | May | Jun | Jul | Aug | Sep | Oct | Nov | Dec 
2013: Jan | Feb | Mar | Apr | May | Jun | Jul | Aug | Sep | Oct | Nov | Dec 
2012: Jan | Feb | Mar | Apr | May | Jun | Jul | Aug | Sep | Oct | Nov | Dec 
2011: Jan | Feb | Mar | Apr | May | Jun | Jul | Aug | Sep | Oct | Nov | Dec 
2010: Jan | Feb | Mar | Apr | May | Jun | Jul | Aug | Sep | Oct | Nov | Dec 
2009: Jan | Feb | Mar | Apr | May | Jun | Jul | Aug | Sep | Oct | Nov | Dec 
2008: Jan | Feb | Mar | Apr | May | Jun | Jul | Aug | Sep | Oct | Nov | Dec 
2007: Jan | Feb | Mar | Apr | May | Jun | Jul | Aug | Sep | Oct | Nov | Dec 
 2006: Jan | Feb | Mar | Apr | May | Jun | Jul | Aug | Sep | Oct | Nov | Dec 

Report for 2009 07 MONTHLY CLIMATOLOGICAL SUMMARY FOR 7/2009 HEAT COOL MEAN DEG DEG WIND SPEED DOM MEAN MEAN DAY TEMP HIGH TIME LOW TIME DAYS DAYS RAIN AVG HI TIME DIR BAROM HUM --------------------------------------------------------------------------------------- 1 77.5 96.2 2:50pm 65.4 7:00am 3 14 0.00 0 0 12:00am SE 29.85 44 2 77.8 94.8 4:03pm 63.8 7:09am 3 14 0.00 0 0 12:00am SE 29.89 38 3 78.0 95.3 4:10pm 62.1 5:11am 4 14 0.00 0 0 12:00am SE 29.96 36 4 77.2 91.8 2:23pm 65.7 11:55pm 3 13 0.00 0 0 12:00am SE 29.97 35 5 70.8 86.5 3:08pm 57.6 11:40pm 7 8 0.00 0 0 12:00am ESE 29.99 40 6 67.3 87.0 3:22pm 51.1 6:29am 10 7 0.00 0 0 12:00am SE 30.00 44 7 68.0 84.7 2:36pm 53.7 6:43am 9 7 0.00 0 0 12:00am SE 29.93 41 8 69.5 85.3 4:30pm 54.7 6:13am 8 8 0.00 0 7 4:00pm SE 29.93 40 9 71.3 87.5 3:24pm 56.5 7:02am 6 8 0.00 0 0 12:00am SE 29.96 41 10 70.8 87.5 3:23pm 57.7 6:16am 7 8 0.00 0 0 12:00am SE 29.99 36 11 71.8 88.8 1:52pm 60.5 6:37am 5 8 0.00 0 0 12:00am SE 30.02 40 12 73.9 88.8 4:06pm 62.7 11:57pm 5 10 0.00 0 0 12:00am SE 30.05 36 13 74.8 95.1 3:57pm 59.3 6:29am 6 12 0.02 0 0 12:00am SE 30.01 33 14 80.6 99.0 4:23pm 65.5 6:27am 3 17 0.00 0 0 12:00am SE 29.91 31 15 83.2 100.4 3:50pm 71.2 6:05am 1 19 0.00 0 5 4:00pm SE 29.98 30 16 82.6 102.2 3:41pm 68.1 5:05am 2 19 0.00 0 5 12:00am ESE 30.05 31 17 84.7 102.7 3:32pm 70.6 4:05am 1 21 0.00 0 5 12:00am ESE 30.03 29 18 85.9 104.4 2:40pm 70.0 6:45am 1 22 0.00 0 5 12:00am ESE 29.97 29 19 87.2 103.6 4:16pm 75.1 3:29am 0 23 0.00 0 5 12:00am ESE 29.94 27 20 83.3 100.6 3:41pm 70.2 6:43am 1 19 0.00 0 0 12:00am ESE 29.95 33 21 78.7 96.5 3:59pm 64.9 7:36am 3 15 0.00 0 0 12:00am ESE 29.96 33 22 77.2 94.8 2:58pm 62.2 6:42am 4 13 0.00 0 0 12:00am ESE 29.92 39 23 77.4 94.4 4:48pm 64.0 7:33am 4 13 0.01 0 0 12:00am ESE 29.89 42 24 73.8 91.5 4:30pm 58.2 6:19am 6 11 0.00 0 0 12:00am ESE 29.93 48 25 75.0 93.8 3:52pm 58.6 5:40am 6 12 0.00 0 0 12:00am ESE 29.98 47 26 80.7 99.7 4:44pm 66.4 3:19am 3 17 0.00 0 0 12:00am ESE 30.00 35 27 83.7 101.7 3:17pm 70.8 4:05am 1 20 0.00 0 0 12:00am ESE 29.95 31 28 81.9 98.0 3:39pm 69.3 6:48am 1 18 0.00 0 0 12:00am ESE 29.86 39 29 75.8 94.4 4:12pm 60.9 7:00am 5 12 0.00 0 0 12:00am ESE 29.86 52 30 74.3 93.5 4:27pm 60.0 6:09am 6 11 0.00 0 0 12:00am ESE 29.91 58 31 74.7 91.7 3:38pm 59.9 6:50am 5 11 0.00 0 0 12:00am ESE 29.95 56 --------------------------------------------------------------------------------------- TOT 77.1 104.4 7/18/09 51.1 7/6/09 127 425 0.03 0 7 7/8/09 ESE 29.95 39 HEAT BASE: 75.0 COOL BASE: 64.0

Google



Contact Us | Mobile
Never base any life decisions on weather information from this site or anywhere over the Internet.
Site is dedicated to our Lord & Savior Jesus Christ (Yeshua Messiah) | Random Quotes

Copyright © 2017 El Dorado Weather, Inc. | Site Designed By:  El Dorado Weather
LightningRing