World Forecast Directory
El Dorado Weather Logo
U.S. Color IR Sat North America Color Background Satellite Thumb
Norcal Dual-Pol Radar Live Northern California Doppler Radar Thumbnail Image
Pacific NW Visible Sat Regional U.S. Radar
Pacific NW Radar Regional U.S. Radar
Storm Cell Tracking Live Northern California Radar and Satellite Thumbnail Image
Street Level Radar Live U.S. Google Map Radar Thumbnail Image
Live Lightning Radar Placerville California Lightning Detection Radar Thumbnail Image
Live Streaming Webcam Placerville California Live Streaming WebCam Thumbnail Image
Local Wx Station Data Sacramento, Northern Sierra Nevada & the Motherlode Area Current Weather Conditions

NOAA Climate Report From: Placerville, Ca. Weather Station (EDWPC)

Archives below start from 6/22/2006 to the present:
2017: Jan | Feb | Mar | Apr | May | Jun | Jul | Aug | Sep | Oct | Nov | Dec 
2016: Jan | Feb | Mar | Apr | May | Jun | Jul | Aug | Sep | Oct | Nov | Dec 
2015: Jan | Feb | Mar | Apr | May | Jun | Jul | Aug | Sep | Oct | Nov | Dec 
2014: Jan | Feb | Mar | Apr | May | Jun | Jul | Aug | Sep | Oct | Nov | Dec 
2013: Jan | Feb | Mar | Apr | May | Jun | Jul | Aug | Sep | Oct | Nov | Dec 
2012: Jan | Feb | Mar | Apr | May | Jun | Jul | Aug | Sep | Oct | Nov | Dec 
2011: Jan | Feb | Mar | Apr | May | Jun | Jul | Aug | Sep | Oct | Nov | Dec 
2010: Jan | Feb | Mar | Apr | May | Jun | Jul | Aug | Sep | Oct | Nov | Dec 
2009: Jan | Feb | Mar | Apr | May | Jun | Jul | Aug | Sep | Oct | Nov | Dec 
2008: Jan | Feb | Mar | Apr | May | Jun | Jul | Aug | Sep | Oct | Nov | Dec 
2007: Jan | Feb | Mar | Apr | May | Jun | Jul | Aug | Sep | Oct | Nov | Dec 
 2006: Jan | Feb | Mar | Apr | May | Jun | Jul | Aug | Sep | Oct | Nov | Dec 

Report for 2009 06 MONTHLY CLIMATOLOGICAL SUMMARY FOR 6/2009 HEAT COOL MEAN DEG DEG WIND SPEED DOM MEAN MEAN DAY TEMP HIGH TIME LOW TIME DAYS DAYS RAIN AVG HI TIME DIR BAROM HUM --------------------------------------------------------------------------------------- 1 65.4 78.3 5:02pm 54.1 6:56am 10 4 0.00 0 0 12:00am SSE 29.90 64 2 62.8 73.2 1:54pm 53.2 6:04am 12 2 0.02 0 0 12:00am SSE 29.92 71 3 66.0 77.4 5:24pm 55.2 6:10am 9 5 0.03 0 0 12:00am SSE 29.89 66 4 59.8 71.0 5:23pm 53.0 4:50am 15 1 0.05 0 0 12:00am SSE 29.94 77 5 57.6 66.4 5:15pm 50.7 5:16am 17 0 0.00 0 0 12:00am S 29.95 72 6 59.7 67.9 4:00pm 51.4 2:15am 15 1 0.00 0 5 4:00pm SSE 29.95 69 7 63.6 78.3 5:00pm 52.2 4:30am 12 4 0.00 0 6 12:00pm SSE 29.94 61 8 63.7 79.2 3:37pm 50.5 6:41am 12 4 0.00 0 0 12:00am SSE 29.87 62 9 60.1 72.4 4:30pm 50.8 3:56am 15 2 0.00 0 10 4:00pm S 29.90 68 10 61.0 73.4 4:21pm 54.3 5:03am 14 2 0.00 0 3 12:00am SSE 29.95 70 11 62.2 76.5 3:14pm 51.4 6:35am 13 3 0.00 0 6 3:30pm SSE 29.95 68 12 61.7 75.9 3:13pm 49.5 6:33am 13 3 0.00 0 9 6:00pm SSE 29.93 68 13 62.1 73.6 3:22pm 53.9 6:04am 13 2 0.00 0 1 12:00am SSE 29.96 67 14 61.6 77.1 3:40pm 49.1 4:50am 13 3 0.00 0 1 12:00am SSE 29.97 66 15 62.0 77.8 2:09pm 49.3 5:52am 13 3 0.00 0 1 12:00am SSE 29.95 65 16 66.4 82.1 3:08pm 52.9 6:29am 9 5 0.00 0 1 12:00am SSE 29.92 63 17 69.1 84.0 2:48pm 56.1 6:26am 8 7 0.00 0 6 4:00pm SSE 29.92 56 18 73.7 91.9 2:49pm 59.1 6:24am 6 11 0.00 0 0 12:00am S 29.88 50 19 74.5 86.4 5:00pm 62.1 11:59pm 4 10 0.00 0 10 3:30pm SSE 29.76 43 20 65.1 79.6 2:46pm 52.2 6:18am 10 4 0.00 0 0 12:00am SSE 29.74 58 21 62.4 77.6 4:07pm 48.6 6:23am 13 3 0.00 0 0 12:00am SSE 29.87 60 22 67.3 83.5 4:50pm 52.9 6:07am 9 7 0.01 0 0 12:00am S 29.83 52 23 75.2 92.7 2:59pm 60.0 5:12am 5 12 0.00 0 5 4:30pm SE 29.78 42 24 79.5 96.5 3:45pm 66.8 4:38am 3 15 0.00 0 0 12:00am SE 29.87 37 25 74.5 91.2 4:38pm 61.4 11:51pm 5 11 0.01 0 0 12:00am SE 29.91 46 26 74.3 92.4 3:56pm 59.6 6:43am 6 11 0.00 0 0 12:00am SE 29.92 40 27 81.3 101.1 3:41pm 64.5 5:44am 3 17 0.00 0 0 12:00am SE 29.96 37 28 86.0 104.5 4:00pm 72.5 5:36am 0 22 0.00 0 5 3:30pm SE 29.92 30 29 84.0 99.1 1:52pm 73.1 6:06am 0 19 0.00 0 0 12:00am SE 29.84 28 30 77.8 93.6 4:58pm 61.1 5:59am 3 14 0.00 0 0 12:00am SE 29.84 33 --------------------------------------------------------------------------------------- TOT 68.0 104.5 6/28/09 48.6 6/21/09 281 209 0.12 0 10 6/9/09 SSE 29.90 56 HEAT BASE: 75.0 COOL BASE: 64.0

Google



Contact Us | Mobile
Never base any life decisions on weather information from this site or anywhere over the Internet.
Site is dedicated to our Lord & Savior Jesus Christ (Yeshua Messiah) | Random Quotes

Copyright © 2017 El Dorado Weather, Inc. | Site Designed By:  El Dorado Weather
LightningRing