World Forecast Directory
El Dorado Weather Logo
U.S. Color IR Sat North America Color Background Satellite Thumb
Norcal Dual-Pol Radar Live Northern California Doppler Radar Thumbnail Image
Pacific NW Visible Sat Regional U.S. Radar
Pacific NW Radar Regional U.S. Radar
Storm Cell Tracking Live Northern California Radar and Satellite Thumbnail Image
Street Level Radar Live U.S. Google Map Radar Thumbnail Image
Live Lightning Radar Placerville California Lightning Detection Radar Thumbnail Image
Live Streaming Webcam Placerville California Live Streaming WebCam Thumbnail Image
Local Wx Station Data Sacramento, Northern Sierra Nevada & the Motherlode Area Current Weather Conditions

NOAA Climate Report From: Placerville, Ca. Weather Station (EDWPC)

Archives below start from 6/22/2006 to the present:
2017: Jan | Feb | Mar | Apr | May | Jun | Jul | Aug | Sep | Oct | Nov | Dec 
2016: Jan | Feb | Mar | Apr | May | Jun | Jul | Aug | Sep | Oct | Nov | Dec 
2015: Jan | Feb | Mar | Apr | May | Jun | Jul | Aug | Sep | Oct | Nov | Dec 
2014: Jan | Feb | Mar | Apr | May | Jun | Jul | Aug | Sep | Oct | Nov | Dec 
2013: Jan | Feb | Mar | Apr | May | Jun | Jul | Aug | Sep | Oct | Nov | Dec 
2012: Jan | Feb | Mar | Apr | May | Jun | Jul | Aug | Sep | Oct | Nov | Dec 
2011: Jan | Feb | Mar | Apr | May | Jun | Jul | Aug | Sep | Oct | Nov | Dec 
2010: Jan | Feb | Mar | Apr | May | Jun | Jul | Aug | Sep | Oct | Nov | Dec 
2009: Jan | Feb | Mar | Apr | May | Jun | Jul | Aug | Sep | Oct | Nov | Dec 
2008: Jan | Feb | Mar | Apr | May | Jun | Jul | Aug | Sep | Oct | Nov | Dec 
2007: Jan | Feb | Mar | Apr | May | Jun | Jul | Aug | Sep | Oct | Nov | Dec 
 2006: Jan | Feb | Mar | Apr | May | Jun | Jul | Aug | Sep | Oct | Nov | Dec 

Report for 2009 03 MONTHLY CLIMATOLOGICAL SUMMARY FOR 3/2009 HEAT COOL MEAN DEG DEG WIND SPEED DOM MEAN MEAN DAY TEMP HIGH TIME LOW TIME DAYS DAYS RAIN AVG HI TIME DIR BAROM HUM --------------------------------------------------------------------------------------- 1 52.9 58.5 2:22am 50.3 9:16am 22 0 0.80 1 9 7:00pm E 30.06 78 2 53.1 58.2 2:13am 49.0 9:00pm 20 0 1.05 1 9 12:00am SE 29.96 89 3 45.9 49.8 12:00am 43.0 11:30pm 29 0 2.13 1 14 8:30pm SE 29.93 92 4 41.8 49.4 12:18pm 37.2 7:11am 33 0 0.34 0 9 1:00am SE 30.01 86 5 43.8 56.0 12:43pm 35.6 6:44am 31 0 0.00 0 4 12:00am SE 30.13 73 6 44.3 54.0 1:19pm 36.8 11:59pm 31 0 0.00 0 0 12:00am SE 30.09 74 7 44.7 58.8 2:26pm 34.5 6:18am 30 0 0.00 0 0 12:00am SE 30.07 70 8 47.8 59.9 3:48pm 38.7 6:01am 26 0 0.00 0 0 12:00am SE 29.99 72 9 41.2 51.6 2:23pm 32.1 7:47am 33 0 0.00 0 4 5:00pm SE 30.03 64 10 41.9 56.4 3:15pm 30.6 12:59am 32 0 0.00 0 0 12:17am SE 30.10 52 11 46.2 60.4 3:00pm 35.0 4:32am 29 0 0.00 0 7 1:30pm SE 30.03 61 12 49.4 64.9 3:00pm 36.7 7:00am 26 0 0.00 0 6 2:00pm SE 30.07 60 13 51.0 66.2 2:30pm 38.6 7:00am 24 0 0.00 0 7 3:00pm SSW 30.10 57 14 46.0 55.2 3:00pm 38.7 6:30am 29 0 0.00 0 9 2:00pm SE 30.01 79 15 49.5 60.0 2:30pm 43.6 3:00am 26 0 0.15 0 9 1:30pm SE 30.10 82 16 52.8 59.7 2:30pm 48.3 2:00am 22 0 0.00 0 6 2:30pm E 30.24 85 17 52.8 66.7 3:00pm 43.6 7:30am 22 0 0.00 0 7 4:00pm SE 30.27 80 18 56.0 72.5 2:30pm 44.4 5:00am 19 1 0.00 0 7 3:00pm S 30.16 64 19 59.4 74.8 3:00pm 48.9 3:00am 16 2 0.00 0 7 5:00pm SE 30.02 60 20 59.2 73.0 3:30pm 48.6 4:00am 16 2 0.00 0 7 5:00pm ESE 29.93 62 21 49.6 53.9 11:00am 45.7 7:30am 25 0 0.21 0 7 11:30am SE 29.93 86 22 40.7 48.8 2:09pm 34.2 11:30pm 34 0 0.65 0 10 6:30am SE 30.07 88 23 42.6 57.6 3:30pm 31.3 7:00am 32 0 0.00 0 7 2:00pm E 30.25 68 24 49.4 65.6 4:00pm 35.6 7:00am 26 0 0.00 0 6 12:30pm SSE 30.20 64 25 53.9 67.5 2:00pm 42.5 7:00am 21 0 0.00 0 9 2:00pm S 30.11 60 26 57.2 71.3 5:00pm 46.3 7:00am 18 2 0.00 0 10 4:00pm N 30.01 59 27 57.9 72.3 3:30pm 44.5 6:30am 17 2 0.00 0 9 2:30pm SE 30.02 51 28 60.1 74.9 3:00pm 48.2 3:30am 15 3 0.00 0 11 2:00pm SE 29.98 57 29 51.9 63.8 2:30pm 43.0 11:30pm 23 0 0.00 0 9 3:30pm N 29.90 57 30 49.5 65.1 5:00pm 36.0 6:00am 25 0 0.00 0 6 2:30pm SE 30.03 44 31 54.6 68.9 2:30pm 42.7 3:00am 20 1 0.00 0 5 1:00pm SE 30.06 48 --------------------------------------------------------------------------------------- TOT 49.9 74.9 3/28/09 30.6 3/10/09 773 14 5.69 0 14 3/3/09 SE 30.06 68 HEAT BASE: 75.0 COOL BASE: 64.0

Google



Contact Us | Mobile
Never base any life decisions on weather information from this site or anywhere over the Internet.
Site is dedicated to our Lord & Savior Jesus Christ (Yeshua Messiah) | Random Quotes

Copyright © 2017 El Dorado Weather, Inc. | Site Designed By:  El Dorado Weather
LightningRing