World Forecast Directory
El Dorado Weather Logo
U.S. Color IR Sat North America Color Background Satellite Thumb
Norcal Dual-Pol Radar Live Northern California Doppler Radar Thumbnail Image
Pacific NW Visible Sat Regional U.S. Radar
Pacific NW Radar Regional U.S. Radar
Storm Cell Tracking Live Northern California Radar and Satellite Thumbnail Image
Street Level Radar Live U.S. Google Map Radar Thumbnail Image
Live Lightning Radar Placerville California Lightning Detection Radar Thumbnail Image
Live Streaming Webcam Placerville California Live Streaming WebCam Thumbnail Image
Local Wx Station Data Sacramento, Northern Sierra Nevada & the Motherlode Area Current Weather Conditions

NOAA Climate Report From: Placerville, Ca. Weather Station (EDWPC)

Archives below start from 6/22/2006 to the present:
2017: Jan | Feb | Mar | Apr | May | Jun | Jul | Aug | Sep | Oct | Nov | Dec 
2016: Jan | Feb | Mar | Apr | May | Jun | Jul | Aug | Sep | Oct | Nov | Dec 
2015: Jan | Feb | Mar | Apr | May | Jun | Jul | Aug | Sep | Oct | Nov | Dec 
2014: Jan | Feb | Mar | Apr | May | Jun | Jul | Aug | Sep | Oct | Nov | Dec 
2013: Jan | Feb | Mar | Apr | May | Jun | Jul | Aug | Sep | Oct | Nov | Dec 
2012: Jan | Feb | Mar | Apr | May | Jun | Jul | Aug | Sep | Oct | Nov | Dec 
2011: Jan | Feb | Mar | Apr | May | Jun | Jul | Aug | Sep | Oct | Nov | Dec 
2010: Jan | Feb | Mar | Apr | May | Jun | Jul | Aug | Sep | Oct | Nov | Dec 
2009: Jan | Feb | Mar | Apr | May | Jun | Jul | Aug | Sep | Oct | Nov | Dec 
2008: Jan | Feb | Mar | Apr | May | Jun | Jul | Aug | Sep | Oct | Nov | Dec 
2007: Jan | Feb | Mar | Apr | May | Jun | Jul | Aug | Sep | Oct | Nov | Dec 
 2006: Jan | Feb | Mar | Apr | May | Jun | Jul | Aug | Sep | Oct | Nov | Dec 

Report for 2009 02 MONTHLY CLIMATOLOGICAL SUMMARY FOR 2/2009 HEAT COOL MEAN DEG DEG WIND SPEED DOM MEAN MEAN DAY TEMP HIGH TIME LOW TIME DAYS DAYS RAIN AVG HI TIME DIR BAROM HUM --------------------------------------------------------------------------------------- 1 49.8 65.5 1:30pm 38.9 7:00am 25 0 0.00 0 6 2:00pm ESE 30.20 68 2 54.8 70.0 2:00pm 44.3 7:00am 20 1 0.00 0 5 1:30pm ESE 30.24 55 3 57.8 74.1 2:00pm 46.8 6:30am 17 2 0.00 0 5 3:00pm ESE 30.10 44 4 57.2 72.8 1:30pm 46.7 3:30am 18 1 0.00 0 6 11:30am ESE 29.99 46 5 49.8 54.7 3:00pm 45.9 11:30pm 25 0 0.03 0 10 11:00am ESE 29.94 69 6 47.8 54.3 2:30pm 43.0 10:30pm 27 0 0.33 0 4 10:00am ESE 29.86 88 7 46.8 60.0 2:00pm 40.8 6:00am 28 0 0.00 0 6 2:00pm ESE 29.85 87 8 44.0 51.4 1:30pm 38.4 7:00am 31 0 0.84 0 12 3:00pm ESE 29.85 87 9 38.9 47.0 2:30pm 32.4 11:30pm 36 0 0.16 0 6 12:00am ESE 29.90 82 10 39.4 48.8 12:30pm 30.1 5:30am 36 0 0.01 0 11 1:00pm ESE 30.12 67 11 39.7 49.0 12:00pm 33.9 7:00pm 35 0 0.43 0 11 2:00pm ESE 30.10 85 12 40.1 46.2 3:00pm 35.4 1:00am 35 0 0.16 0 6 3:30pm E 30.11 88 13 38.3 43.3 1:30pm 33.8 9:30pm 37 0 0.92 0 14 7:00am ESE 29.95 88 14 41.4 49.7 2:30pm 34.0 12:00am 34 0 0.59 0 9 3:00pm ESE 29.98 80 15 44.9 48.3 6:00am 41.5 11:00am 29 0 0.12 1 20 7:30am ENE 29.80 69 16 43.9 50.1 10:00am 38.1 7:30pm 31 0 0.77 1 18 10:00am ENE 29.67 77 17 40.9 43.3 3:00pm 38.9 3:30am 34 0 1.43 1 13 10:00am ENE 29.95 91 18 46.2 56.8 3:00pm 40.3 7:00am 29 0 0.15 0 5 1:00pm SE 30.22 80 19 49.6 63.1 1:30pm 40.9 12:00am 25 0 0.00 0 5 12:30pm SE 30.20 59 20 50.9 65.3 2:00pm 40.9 3:00am 24 0 0.00 0 4 12:30pm NNW 30.14 54 21 51.3 62.5 12:00pm 41.2 12:30am 24 0 0.00 0 6 11:00am SE 30.07 61 22 52.7 59.2 1:00am 47.7 6:30am 22 0 1.20 1 13 12:00am ENE 30.04 82 23 53.7 57.6 12:30pm 52.0 1:20am 21 0 0.81 1 15 6:30pm SE 30.10 92 24 51.5 59.5 3:00pm 46.1 11:30pm 23 0 0.00 0 6 3:00pm SE 30.14 85 25 49.8 58.3 1:30pm 44.5 7:30am 25 0 0.00 0 6 11:30am SE 30.13 79 26 49.5 59.6 1:55pm 42.4 11:42pm 25 0 0.33 0 4 12:30pm ESE 30.18 86 27 47.3 61.1 1:25pm 37.2 6:47am 28 0 0.00 0 0 12:00am SE 30.16 73 28 53.6 65.0 11:42am 42.0 6:16am 21 0 0.00 0 0 12:00am S 30.09 63 --------------------------------------------------------------------------------------- TOT 47.6 74.1 2/3/09 30.1 2/10/09 767 4 8.26 0 20 2/15/09 SE 30.04 74 HEAT BASE: 75.0 COOL BASE: 64.0

Google



Contact Us | Mobile
Never base any life decisions on weather information from this site or anywhere over the Internet.
Site is dedicated to our Lord & Savior Jesus Christ (Yeshua Messiah) | Random Quotes

Copyright © 2017 El Dorado Weather, Inc. | Site Designed By:  El Dorado Weather
LightningRing