World Forecast Directory
El Dorado Weather Logo
U.S. Color IR Sat North America Color Background Satellite Thumb
Norcal Dual-Pol Radar Live Northern California Doppler Radar Thumbnail Image
Pacific NW Visible Sat Regional U.S. Radar
Pacific NW Radar Regional U.S. Radar
Storm Cell Tracking Live Northern California Radar and Satellite Thumbnail Image
Street Level Radar Live U.S. Google Map Radar Thumbnail Image
Live Lightning Radar Placerville California Lightning Detection Radar Thumbnail Image
Live Streaming Webcam Placerville California Live Streaming WebCam Thumbnail Image
Local Wx Station Data Sacramento, Northern Sierra Nevada & the Motherlode Area Current Weather Conditions

NOAA Climate Report From: Placerville, Ca. Weather Station (EDWPC)

Archives below start from 6/22/2006 to the present:
2017: Jan | Feb | Mar | Apr | May | Jun | Jul | Aug | Sep | Oct | Nov | Dec 
2016: Jan | Feb | Mar | Apr | May | Jun | Jul | Aug | Sep | Oct | Nov | Dec 
2015: Jan | Feb | Mar | Apr | May | Jun | Jul | Aug | Sep | Oct | Nov | Dec 
2014: Jan | Feb | Mar | Apr | May | Jun | Jul | Aug | Sep | Oct | Nov | Dec 
2013: Jan | Feb | Mar | Apr | May | Jun | Jul | Aug | Sep | Oct | Nov | Dec 
2012: Jan | Feb | Mar | Apr | May | Jun | Jul | Aug | Sep | Oct | Nov | Dec 
2011: Jan | Feb | Mar | Apr | May | Jun | Jul | Aug | Sep | Oct | Nov | Dec 
2010: Jan | Feb | Mar | Apr | May | Jun | Jul | Aug | Sep | Oct | Nov | Dec 
2009: Jan | Feb | Mar | Apr | May | Jun | Jul | Aug | Sep | Oct | Nov | Dec 
2008: Jan | Feb | Mar | Apr | May | Jun | Jul | Aug | Sep | Oct | Nov | Dec 
2007: Jan | Feb | Mar | Apr | May | Jun | Jul | Aug | Sep | Oct | Nov | Dec 
 2006: Jan | Feb | Mar | Apr | May | Jun | Jul | Aug | Sep | Oct | Nov | Dec 

Report for 2009 01 MONTHLY CLIMATOLOGICAL SUMMARY FOR 1/2009 HEAT COOL MEAN DEG DEG WIND SPEED DOM MEAN MEAN DAY TEMP HIGH TIME LOW TIME DAYS DAYS RAIN AVG HI TIME DIR BAROM HUM --------------------------------------------------------------------------------------- 1 37.8 49.6 12:00pm 30.9 7:00am 27 0 0.00 0 5 12:30pm SE 30.12 88 2 43.7 48.1 1:00pm 38.1 12:00am 21 0 0.50 0 7 2:00pm N 29.95 94 3 39.3 47.4 12:30pm 32.5 11:30pm 26 0 0.00 0 4 12:30pm N 29.99 89 4 38.6 50.2 1:35pm 30.2 7:00am 26 0 0.00 0 3 11:00am N 30.13 79 5 39.8 50.2 1:35pm 30.2 7:00am 50 0 0.10 0 3 11:00am N 30.16 86 6 41.8 50.6 2:00pm 35.5 8:00am 23 0 0.00 0 5 1:00pm SE 30.23 92 7 42.4 52.8 2:00pm 36.3 11:30pm 23 0 0.00 0 4 12:30pm N 30.23 92 8 39.2 43.2 4:00pm 34.0 2:30am 26 0 0.00 0 4 11:00pm NW 30.16 95 9 39.1 50.9 3:30pm 31.1 8:00am 26 0 0.01 0 4 1:30pm N 30.26 86 10 47.5 63.9 1:30pm 36.8 3:00am 17 0 0.00 0 3 1:00am N 30.48 63 11 49.4 64.5 1:30pm 39.2 7:30am 16 0 0.00 0 4 1:00pm N 30.42 55 12 52.9 77.7 12:00pm 41.1 6:30am 13 1 0.00 0 7 12:30pm ESE 30.32 69 13 53.9 71.7 1:00pm 44.5 7:30am 12 1 0.00 0 6 2:30pm ESE 30.31 55 14 52.6 69.5 1:00pm 43.3 6:30am 13 0 0.00 0 4 12:30pm SSE 30.23 59 15 55.5 73.0 2:00pm 45.0 7:00am 13 1 0.00 0 5 1:30pm SSE 30.18 49 16 54.8 69.3 1:30pm 45.7 5:30am 20 1 0.00 0 5 3:00pm NE 30.25 48 17 54.6 70.5 2:00pm 45.7 8:00am 20 1 0.00 0 4 1:00pm ESE 30.24 45 18 54.7 69.3 1:00pm 44.1 6:30am 20 1 0.00 0 4 12:30pm N 30.29 41 19 53.3 67.5 1:00pm 43.5 5:00am 22 0 0.00 0 5 1:00pm ESE 30.25 44 20 56.8 71.8 1:00pm 47.1 6:00am 18 1 0.00 0 6 1:30pm ESE 30.15 39 21 55.9 66.4 12:30pm 50.8 7:00pm 19 0 0.04 0 5 2:00pm N 30.04 52 22 50.9 51.5 12:00am 50.4 8:00am 24 0 0.97 0 3 4:00am N 30.02 94 23 53.8 60.0 11:00am 51.5 12:30am 21 0 0.96 0 4 11:00am N 30.06 93 24 49.2 52.3 12:00am 43.2 11:30pm 26 0 0.45 0 10 11:00pm ESE 30.11 95 25 40.2 43.8 3:30pm 36.2 8:30pm 35 0 0.10 0 6 12:30am N 30.01 93 26 39.7 49.4 1:45pm 32.2 11:59pm 35 0 0.01 0 0 12:00am SE 30.07 83 27 39.7 52.5 1:34pm 31.7 5:28am 35 0 0.00 0 0 12:00am ESE 30.39 66 28 44.1 59.1 1:33pm 34.5 7:16am 31 0 0.00 0 0 12:00am SE 30.37 75 29 45.5 63.1 1:32pm 35.1 5:34am 29 0 0.00 0 0 12:00am ESE 30.32 76 30 50.8 67.4 2:00pm 39.9 6:18am 24 0 0.00 0 4 12:00pm ESE 30.28 69 31 52.1 66.5 12:00pm 43.6 7:00am 23 0 0.00 0 5 12:30pm ESE 30.15 59 --------------------------------------------------------------------------------------- TOT 47.4 77.7 1/12/09 30.2 1/4/09 735 9 3.14 0 10 1/24/09 ESE 30.20 72 HEAT BASE: 75.0 COOL BASE: 64.0

Google



Contact Us | Mobile
Never base any life decisions on weather information from this site or anywhere over the Internet.
Site is dedicated to our Lord & Savior Jesus Christ (Yeshua Messiah) | Random Quotes

Copyright © 2017 El Dorado Weather, Inc. | Site Designed By:  El Dorado Weather
LightningRing