World Forecast Directory
El Dorado Weather Logo
U.S. Color IR Sat North America Color Background Satellite Thumb
Norcal Dual-Pol Radar Live Northern California Doppler Radar Thumbnail Image
Pacific NW Visible Sat Regional U.S. Radar
Pacific NW Radar Regional U.S. Radar
Storm Cell Tracking Live Northern California Radar and Satellite Thumbnail Image
Street Level Radar Live U.S. Google Map Radar Thumbnail Image
Live Lightning Radar Placerville California Lightning Detection Radar Thumbnail Image
Live Streaming Webcam Placerville California Live Streaming WebCam Thumbnail Image
Local Wx Station Data Sacramento, Northern Sierra Nevada & the Motherlode Area Current Weather Conditions

NOAA Climate Report From: Placerville, Ca. Weather Station (EDWPC)

Archives below start from 6/22/2006 to the present:
2017: Jan | Feb | Mar | Apr | May | Jun | Jul | Aug | Sep | Oct | Nov | Dec 
2016: Jan | Feb | Mar | Apr | May | Jun | Jul | Aug | Sep | Oct | Nov | Dec 
2015: Jan | Feb | Mar | Apr | May | Jun | Jul | Aug | Sep | Oct | Nov | Dec 
2014: Jan | Feb | Mar | Apr | May | Jun | Jul | Aug | Sep | Oct | Nov | Dec 
2013: Jan | Feb | Mar | Apr | May | Jun | Jul | Aug | Sep | Oct | Nov | Dec 
2012: Jan | Feb | Mar | Apr | May | Jun | Jul | Aug | Sep | Oct | Nov | Dec 
2011: Jan | Feb | Mar | Apr | May | Jun | Jul | Aug | Sep | Oct | Nov | Dec 
2010: Jan | Feb | Mar | Apr | May | Jun | Jul | Aug | Sep | Oct | Nov | Dec 
2009: Jan | Feb | Mar | Apr | May | Jun | Jul | Aug | Sep | Oct | Nov | Dec 
2008: Jan | Feb | Mar | Apr | May | Jun | Jul | Aug | Sep | Oct | Nov | Dec 
2007: Jan | Feb | Mar | Apr | May | Jun | Jul | Aug | Sep | Oct | Nov | Dec 
 2006: Jan | Feb | Mar | Apr | May | Jun | Jul | Aug | Sep | Oct | Nov | Dec 

Report for 2008 11 MONTHLY CLIMATOLOGICAL SUMMARY FOR 11/2008 HEAT COOL MEAN DEG DEG WIND SPEED DOM MEAN MEAN DAY TEMP HIGH TIME LOW TIME DAYS DAYS RAIN AVG HI TIME DIR BAROM HUM --------------------------------------------------------------------------------------- 1 56.1 57.0 10:29pm 54.7 2:38pm 9 0 2.38 0 0 12:00am ENE 30.04 95 2 54.7 60.2 2:10pm 50.0 11:51pm 10 0 0.78 0 0 12:00am ENE 30.06 93 3 50.7 55.4 1:28pm 47.9 5:46am 14 0 0.59 0 0 12:00am ENE 29.95 94 4 47.8 56.5 12:36pm 41.8 11:58pm 17 0 0.00 0 0 12:00am ENE 30.07 84 5 48.1 57.5 12:35pm 38.3 6:12am 17 0 0.00 0 0 12:00am E 30.23 72 6 52.4 65.9 1:12pm 43.1 6:30am 13 0 0.00 0 0 12:00am E 30.29 77 7 55.9 71.2 1:31pm 46.1 4:25am 10 1 0.00 0 0 12:00am ENE 30.21 75 8 55.0 63.1 11:27am 48.5 11:52pm 10 0 0.32 0 0 12:00am ENE 30.00 77 9 49.2 55.5 3:22pm 45.5 11:30pm 16 0 0.18 0 0 12:00am ENE 29.86 91 10 48.8 59.0 1:25pm 43.0 6:24am 16 0 0.00 0 0 12:00am E 30.07 88 11 52.0 60.9 2:09pm 44.8 6:56am 13 0 0.00 0 0 12:00am ENE 30.23 82 12 54.5 66.9 12:43pm 47.6 6:42am 9 0 0.00 0 0 12:00am ENE 30.26 84 13 56.9 71.1 1:22pm 46.8 5:32am 9 1 0.00 0 2 8:30pm ENE 30.17 74 14 60.7 73.5 1:14pm 49.2 6:38am 6 2 0.00 0 7 10:00pm E 30.15 71 15 61.7 78.1 1:05pm 52.1 5:55am 6 2 0.00 0 0 12:00am ENE 30.17 65 16 62.1 78.6 12:54pm 53.3 4:30am 5 2 0.00 0 1 7:00pm E 30.16 56 17 65.2 80.6 1:01pm 56.9 1:12am 3 3 0.00 0 0 12:00am E 30.19 45 18 60.8 73.3 12:24pm 52.0 5:09am 4 1 0.00 0 0 12:00am ENE 30.13 49 19 58.6 73.3 12:24pm 49.5 11:00pm 7 1 0.00 0 1 5:30pm ENE 30.13 58 20 53.3 65.7 12:30pm 45.3 6:00am 12 0 0.00 0 6 12:30pm ENE 30.19 81 21 49.8 61.0 1:16pm 42.4 6:58am 15 0 0.00 0 1 6:30pm ENE 30.13 82 22 50.7 62.8 12:00pm 43.2 6:30am 14 0 0.00 0 4 12:30pm NNW 30.12 77 23 52.6 66.5 1:30pm 42.2 7:00am 12 0 0.00 0 3 11:00am ENE 30.08 66 24 56.6 68.5 12:17pm 49.5 1:02am 9 0 0.00 0 3 12:30pm NW 30.06 49 25 53.6 62.3 11:30am 48.5 3:30am 11 0 0.00 0 3 12:00pm N 30.04 68 26 51.4 53.0 12:00am 49.2 10:30pm 14 0 0.15 0 1 6:00am E 29.93 91 27 52.0 62.0 1:00pm 46.8 8:00am 13 0 0.00 0 6 12:00pm N 30.08 88 28 49.9 53.9 1:00pm 47.5 8:00am 14 0 0.00 0 3 1:30pm E 30.23 89 29 51.4 66.5 1:30pm 43.5 6:00am 14 0 0.00 0 4 12:30pm E 30.19 84 30 54.5 70.7 1:38pm 44.5 3:46am 11 1 0.00 0 2 11:30am E 30.19 76 --------------------------------------------------------------------------------------- TOT 54.3 80.6 11/17/08 38.3 11/5/08 335 16 4.40 0 7 11/14/08 ENE 30.12 76 HEAT BASE: 65.0 COOL BASE: 65.0

Google



Contact Us | Mobile
Never base any life decisions on weather information from this site or anywhere over the Internet.
Site is dedicated to our Lord & Savior Jesus Christ (Yeshua Messiah) | Random Quotes

Copyright © 2017 El Dorado Weather, Inc. | Site Designed By:  El Dorado Weather
LightningRing