World Forecast Directory
El Dorado Weather Logo
U.S. Color IR Sat North America Color Background Satellite Thumb
Norcal Dual-Pol Radar Live Northern California Doppler Radar Thumbnail Image
Pacific NW Visible Sat Regional U.S. Radar
Pacific NW Radar Regional U.S. Radar
Storm Cell Tracking Live Northern California Radar and Satellite Thumbnail Image
Street Level Radar Live U.S. Google Map Radar Thumbnail Image
Live Lightning Radar Placerville California Lightning Detection Radar Thumbnail Image
Live Streaming Webcam Placerville California Live Streaming WebCam Thumbnail Image
Local Wx Station Data Sacramento, Northern Sierra Nevada & the Motherlode Area Current Weather Conditions

NOAA Climate Report From: Placerville, Ca. Weather Station (EDWPC)

Archives below start from 6/22/2006 to the present:
2017: Jan | Feb | Mar | Apr | May | Jun | Jul | Aug | Sep | Oct | Nov | Dec 
2016: Jan | Feb | Mar | Apr | May | Jun | Jul | Aug | Sep | Oct | Nov | Dec 
2015: Jan | Feb | Mar | Apr | May | Jun | Jul | Aug | Sep | Oct | Nov | Dec 
2014: Jan | Feb | Mar | Apr | May | Jun | Jul | Aug | Sep | Oct | Nov | Dec 
2013: Jan | Feb | Mar | Apr | May | Jun | Jul | Aug | Sep | Oct | Nov | Dec 
2012: Jan | Feb | Mar | Apr | May | Jun | Jul | Aug | Sep | Oct | Nov | Dec 
2011: Jan | Feb | Mar | Apr | May | Jun | Jul | Aug | Sep | Oct | Nov | Dec 
2010: Jan | Feb | Mar | Apr | May | Jun | Jul | Aug | Sep | Oct | Nov | Dec 
2009: Jan | Feb | Mar | Apr | May | Jun | Jul | Aug | Sep | Oct | Nov | Dec 
2008: Jan | Feb | Mar | Apr | May | Jun | Jul | Aug | Sep | Oct | Nov | Dec 
2007: Jan | Feb | Mar | Apr | May | Jun | Jul | Aug | Sep | Oct | Nov | Dec 
 2006: Jan | Feb | Mar | Apr | May | Jun | Jul | Aug | Sep | Oct | Nov | Dec 

Report for 2008 09 MONTHLY CLIMATOLOGICAL SUMMARY FOR 9/2008 HEAT COOL MEAN DEG DEG WIND SPEED DOM MEAN MEAN DAY TEMP HIGH TIME LOW TIME DAYS DAYS RAIN AVG HI TIME DIR BAROM HUM --------------------------------------------------------------------------------------- 1 68.2 86.5 2:15pm 52.9 5:21am 3 7 0.00 0 0 12:00am WSW 29.89 32 2 74.0 91.0 4:05pm 59.5 5:05am 1 10 0.00 0 0 12:00am W 29.94 24 3 77.7 94.4 3:16pm 65.4 6:57am 0 13 0.00 0 0 12:00am W 29.93 24 4 78.9 95.8 3:59pm 65.5 6:00am 0 14 0.00 0 0 12:00am NNW 29.90 26 5 80.7 97.6 2:25pm 67.6 6:46am 0 15 0.00 0 0 12:00am NNW 29.87 27 6 82.5 99.7 3:02pm 70.1 6:45am 0 18 0.00 0 0 12:00am NE 29.87 28 7 80.9 97.5 2:11pm 68.2 7:35am 0 16 0.00 0 0 12:00am ENE 29.81 25 8 77.0 93.6 1:55pm 63.9 7:10am 0 12 0.00 0 0 12:00am ENE 29.79 27 9 66.9 81.6 4:23pm 55.4 11:48pm 3 4 0.00 0 0 12:00am ENE 29.77 49 10 67.8 86.6 4:04pm 51.4 4:37am 4 7 0.00 0 0 12:00am NE 29.82 52 11 72.4 90.8 2:46pm 58.0 7:09am 1 9 0.00 0 0 12:00am NE 29.87 39 12 73.0 89.3 4:11pm 60.5 6:55am 1 9 0.00 0 0 12:00am ENE 29.89 33 13 71.5 88.6 2:19pm 56.3 5:47am 2 9 0.00 0 0 12:00am ENE 29.91 36 14 74.4 92.4 4:06pm 61.4 2:11am 1 10 0.00 0 1 6:00pm ENE 29.98 34 15 76.3 94.4 3:36pm 63.8 1:18am 0 11 0.00 0 0 12:00am ENE 29.99 32 16 75.0 91.2 3:26pm 64.6 7:02am 0 10 0.00 0 4 4:00pm ENE 29.96 31 17 64.7 78.6 3:32pm 53.3 11:30pm 3 3 0.00 0 4 4:00pm ENE 30.00 55 18 63.3 80.6 3:30pm 49.8 6:00am 6 4 0.00 0 7 1:00pm NE 30.00 58 19 60.2 74.9 4:09pm 50.1 7:20am 6 2 0.00 0 1 8:00pm ENE 30.00 64 20 61.2 77.1 3:54pm 49.8 7:22am 6 2 0.00 0 0 12:00am ENE 30.03 74 21 62.9 78.4 3:18pm 52.7 4:41am 5 3 0.00 0 0 12:00am NE 29.98 64 22 66.2 81.6 2:52pm 51.8 7:18am 4 5 0.00 0 0 12:00am NE 30.00 47 23 70.4 88.5 2:39pm 56.5 7:22am 2 8 0.00 0 0 12:00am ENE 30.02 36 24 74.4 91.3 2:38pm 62.2 2:42am 0 10 0.00 0 0 12:00am ENE 29.99 29 25 74.8 92.2 2:04pm 63.7 6:19am 0 10 0.00 0 0 12:00am ENE 29.98 31 26 75.6 93.6 2:39pm 62.8 5:14am 0 11 0.00 0 0 12:00am NE 29.99 31 27 78.2 94.7 1:56pm 67.0 1:50am 0 13 0.00 0 0 12:00am NE 29.99 26 28 78.7 96.3 1:04pm 66.8 6:18am 0 14 0.00 0 0 12:00am NE 29.97 28 29 76.2 91.2 2:52pm 65.9 3:30am 0 11 0.00 0 0 12:00am NE 29.98 35 30 76.7 89.6 2:45pm 68.1 11:58pm 0 12 0.00 0 0 12:00am NE 30.05 39 --------------------------------------------------------------------------------------- TOT 72.7 99.7 9/6/08 49.8 9/18/08 50 279 0.00 0 7 9/18/08 ENE 29.94 38 HEAT BASE: 65.0 COOL BASE: 65.0

Google



Contact Us | Mobile
Never base any life decisions on weather information from this site or anywhere over the Internet.
Site is dedicated to our Lord & Savior Jesus Christ (Yeshua Messiah) | Random Quotes

Copyright © 2017 El Dorado Weather, Inc. | Site Designed By:  El Dorado Weather
LightningRing