World Forecast Directory
El Dorado Weather Logo
U.S. Color IR Sat North America Color Background Satellite Thumb
Norcal Dual-Pol Radar Live Northern California Doppler Radar Thumbnail Image
Pacific NW Visible Sat Regional U.S. Radar
Pacific NW Radar Regional U.S. Radar
Storm Cell Tracking Live Northern California Radar and Satellite Thumbnail Image
Street Level Radar Live U.S. Google Map Radar Thumbnail Image
Live Lightning Radar Placerville California Lightning Detection Radar Thumbnail Image
Live Streaming Webcam Placerville California Live Streaming WebCam Thumbnail Image
Local Wx Station Data Sacramento, Northern Sierra Nevada & the Motherlode Area Current Weather Conditions

NOAA Climate Report From: Placerville, Ca. Weather Station (EDWPC)

Archives below start from 6/22/2006 to the present:
2017: Jan | Feb | Mar | Apr | May | Jun | Jul | Aug | Sep | Oct | Nov | Dec 
2016: Jan | Feb | Mar | Apr | May | Jun | Jul | Aug | Sep | Oct | Nov | Dec 
2015: Jan | Feb | Mar | Apr | May | Jun | Jul | Aug | Sep | Oct | Nov | Dec 
2014: Jan | Feb | Mar | Apr | May | Jun | Jul | Aug | Sep | Oct | Nov | Dec 
2013: Jan | Feb | Mar | Apr | May | Jun | Jul | Aug | Sep | Oct | Nov | Dec 
2012: Jan | Feb | Mar | Apr | May | Jun | Jul | Aug | Sep | Oct | Nov | Dec 
2011: Jan | Feb | Mar | Apr | May | Jun | Jul | Aug | Sep | Oct | Nov | Dec 
2010: Jan | Feb | Mar | Apr | May | Jun | Jul | Aug | Sep | Oct | Nov | Dec 
2009: Jan | Feb | Mar | Apr | May | Jun | Jul | Aug | Sep | Oct | Nov | Dec 
2008: Jan | Feb | Mar | Apr | May | Jun | Jul | Aug | Sep | Oct | Nov | Dec 
2007: Jan | Feb | Mar | Apr | May | Jun | Jul | Aug | Sep | Oct | Nov | Dec 
 2006: Jan | Feb | Mar | Apr | May | Jun | Jul | Aug | Sep | Oct | Nov | Dec 

Report for 2008 02 MONTHLY CLIMATOLOGICAL SUMMARY FOR 2/2008 HEAT COOL MEAN DEG DEG WIND SPEED DOM MEAN MEAN DAY TEMP HIGH TIME LOW TIME DAYS DAYS RAIN AVG HI TIME DIR BAROM HUM --------------------------------------------------------------------------------------- 1 40.6 47.7 1:25pm 35.0 11:48pm 24 0 0.01 0 0 12:00am W 30.18 88 2 37.4 41.9 12:41pm 33.4 3:25am 26 0 1.00 0 0 12:00am W 30.04 92 3 41.6 47.8 3:34pm 34.7 11:06pm 23 0 0.64 0 0 12:00am W 29.77 91 4 39.4 52.5 1:52pm 32.3 6:58am 26 0 0.04 0 0 12:00am SE 30.07 76 5 41.2 53.7 1:24pm 32.1 3:24am 24 0 0.00 0 0 12:00am W 30.27 70 6 44.8 56.3 1:43pm 37.6 1:24am 20 0 0.00 0 0 12:00am W 30.30 81 7 45.9 60.9 1:38pm 36.8 7:21am 19 0 0.00 0 0 12:00am W 30.27 77 8 47.8 63.8 12:52pm 36.3 6:11am 17 0 0.00 0 0 12:00am SSE 30.21 61 9 51.2 67.8 1:47pm 39.1 1:39am 14 0 0.00 0 0 12:00am SSE 30.17 67 10 54.0 69.7 12:22pm 44.1 2:23am 12 1 0.00 0 0 12:00am W 30.18 55 11 53.8 68.4 1:09pm 43.3 5:10am 23 1 0.00 0 0 12:00am W 30.16 54 12 55.3 71.3 3:08pm 45.0 7:07am 11 1 0.00 0 0 12:00am ESE 30.13 66 13 50.7 60.8 2:55pm 41.3 11:59pm 14 0 0.00 0 0 12:00am SE 29.92 54 14 45.0 56.3 1:16pm 35.8 7:15am 20 0 0.00 0 0 12:00am W 29.99 40 15 46.3 59.2 1:45pm 35.4 6:48am 19 0 0.00 0 5 11:00am W 30.11 50 16 48.8 64.0 1:59pm 38.4 7:11am 16 0 0.00 0 4 12:00am S 30.18 57 17 49.7 62.4 1:42pm 40.3 1:53am 15 0 0.00 0 4 12:00am W 30.11 65 18 50.8 65.1 1:32pm 41.3 11:58pm 14 0 0.00 0 0 12:00am W 30.04 67 19 44.6 52.9 3:46pm 38.1 5:55am 20 0 0.00 0 0 12:00am WNW 30.07 90 20 46.6 55.2 2:45pm 41.0 10:53pm 18 0 0.39 0 0 12:00am NW 30.03 87 21 44.6 49.8 11:06am 39.1 2:42am 20 0 0.36 0 0 12:00am W 29.90 89 22 43.6 47.1 1:14am 39.8 8:43pm 21 0 0.52 0 0 12:00am W 29.88 95 23 41.9 48.4 1:32pm 35.6 3:44am 23 0 0.27 0 0 12:00am W 29.92 89 24 46.6 48.7 2:19pm 45.3 4:20am 18 0 0.76 1 0 12:00am W 29.96 93 25 46.7 57.7 2:07pm 38.2 6:54am 18 0 0.00 0 0 12:00am W 30.28 89 26 51.0 63.9 3:38pm 39.3 5:23am 14 0 0.00 0 0 12:00am W 30.25 75 27 53.8 68.8 1:27pm 43.9 6:23am 11 0 0.00 0 0 12:00am W 30.14 65 28 54.8 70.6 2:57pm 43.1 7:06am 11 1 0.00 0 0 12:00am WNW 30.00 72 29 57.9 72.3 1:09pm 47.3 6:41am 8 1 0.00 0 0 12:00am W 30.08 71 --------------------------------------------------------------------------------------- TOT 47.5 72.3 2/29/08 32.1 2/5/08 522 5 3.99 0 5 2/15/08 W 30.09 73 HEAT BASE: 65.0 COOL BASE: 65.0

Google



Contact Us | Mobile
Never base any life decisions on weather information from this site or anywhere over the Internet.
Site is dedicated to our Lord & Savior Jesus Christ (Yeshua Messiah) | Random Quotes

Copyright © 2017 El Dorado Weather, Inc. | Site Designed By:  El Dorado Weather
LightningRing