World Forecast Directory
El Dorado Weather Logo
U.S. Color IR Sat North America Color Background Satellite Thumb
Norcal Dual-Pol Radar Live Northern California Doppler Radar Thumbnail Image
Pacific NW Visible Sat Regional U.S. Radar
Pacific NW Radar Regional U.S. Radar
Storm Cell Tracking Live Northern California Radar and Satellite Thumbnail Image
Street Level Radar Live U.S. Google Map Radar Thumbnail Image
Live Lightning Radar Placerville California Lightning Detection Radar Thumbnail Image
Live Streaming Webcam Placerville California Live Streaming WebCam Thumbnail Image
Local Wx Station Data Sacramento, Northern Sierra Nevada & the Motherlode Area Current Weather Conditions

NOAA Climate Report From: Placerville, Ca. Weather Station (EDWPC)

Archives below start from 6/22/2006 to the present:
2017: Jan | Feb | Mar | Apr | May | Jun | Jul | Aug | Sep | Oct | Nov | Dec 
2016: Jan | Feb | Mar | Apr | May | Jun | Jul | Aug | Sep | Oct | Nov | Dec 
2015: Jan | Feb | Mar | Apr | May | Jun | Jul | Aug | Sep | Oct | Nov | Dec 
2014: Jan | Feb | Mar | Apr | May | Jun | Jul | Aug | Sep | Oct | Nov | Dec 
2013: Jan | Feb | Mar | Apr | May | Jun | Jul | Aug | Sep | Oct | Nov | Dec 
2012: Jan | Feb | Mar | Apr | May | Jun | Jul | Aug | Sep | Oct | Nov | Dec 
2011: Jan | Feb | Mar | Apr | May | Jun | Jul | Aug | Sep | Oct | Nov | Dec 
2010: Jan | Feb | Mar | Apr | May | Jun | Jul | Aug | Sep | Oct | Nov | Dec 
2009: Jan | Feb | Mar | Apr | May | Jun | Jul | Aug | Sep | Oct | Nov | Dec 
2008: Jan | Feb | Mar | Apr | May | Jun | Jul | Aug | Sep | Oct | Nov | Dec 
2007: Jan | Feb | Mar | Apr | May | Jun | Jul | Aug | Sep | Oct | Nov | Dec 
 2006: Jan | Feb | Mar | Apr | May | Jun | Jul | Aug | Sep | Oct | Nov | Dec 

Report for 2007 11 MONTHLY CLIMATOLOGICAL SUMMARY FOR 11/2007 HEAT COOL MEAN DEG DEG WIND SPEED DOM MEAN MEAN DAY TEMP HIGH TIME LOW TIME DAYS DAYS RAIN AVG HI TIME DIR BAROM HUM --------------------------------------------------------------------------------------- 1 57.6 73.2 1:47pm 47.5 6:52am 8 1 0.00 0 0 12:00am SSE 30.12 71 2 58.8 74.2 2:09pm 48.3 7:52am 8 2 0.00 0 0 12:00am SSE 30.12 59 3 60.2 74.6 2:23pm 49.2 7:11am 7 2 0.00 0 0 12:00am SSE 30.15 42 4 63.4 81.2 12:50pm 52.2 3:38am 5 3 0.00 0 0 12:00am SSE 30.11 35 5 63.5 79.1 1:34pm 54.7 5:12am 5 3 0.00 0 0 12:00am S 30.05 34 6 63.5 77.3 12:35pm 52.0 3:50am 5 3 0.00 0 0 12:00am S 30.02 40 7 65.0 80.3 1:38pm 54.6 6:46am 3 3 0.00 0 0 12:00am SSE 30.05 38 8 58.0 72.1 12:55pm 49.5 10:01pm 8 1 0.00 0 5 2:00pm SSE 30.03 58 9 53.6 65.1 1:23pm 46.5 6:35am 11 0 0.00 0 3 12:00am SSE 30.04 77 10 52.2 61.1 10:51am 44.6 5:35am 13 0 0.45 0 3 12:00am SSE 30.04 83 11 52.5 62.3 3:05pm 44.9 11:32pm 12 0 0.54 0 3 12:00am NE 30.03 87 12 54.3 63.8 1:47pm 44.3 6:15am 11 0 0.00 0 3 12:00am NNE 30.18 55 13 57.9 71.0 1:16pm 50.5 2:29am 7 1 0.00 0 3 12:00am NNE 30.20 67 14 58.6 69.6 1:29pm 50.6 6:54am 7 1 0.00 0 2 4:30pm SSE 30.10 77 15 59.9 74.1 12:29pm 50.9 6:38am 7 2 0.00 0 0 12:00am SSE 30.06 73 16 56.6 66.1 11:56am 49.1 11:39pm 8 0 0.00 0 0 12:00am S 30.09 80 17 55.7 69.8 12:37pm 47.2 3:46am 10 0 0.00 0 0 12:00am S 30.12 71 18 56.2 71.6 12:59pm 48.1 6:09am 9 1 0.00 0 0 12:00am SSE 30.09 68 19 53.6 58.9 11:07am 46.9 11:55pm 11 0 0.00 0 0 12:00am S 30.12 88 20 48.6 60.2 1:26pm 41.4 7:27am 16 0 0.00 0 0 12:00am SSE 30.08 81 21 48.6 61.8 1:19pm 38.9 4:50am 16 0 0.00 0 0 12:00am S 30.09 72 22 41.4 54.3 9:24am 38.6 3:00am 8 0 0.00 0 3 3:00am N 30.04 44 23 50.6 66.7 12:21pm 38.6 3:00am 14 0 0.00 0 3 3:00am SSE 30.06 35 24 48.6 61.5 1:12pm 39.4 6:56am 16 0 0.00 0 0 12:00am S 30.07 48 25 49.4 58.1 1:14pm 43.6 9:22pm 15 0 0.00 0 0 12:00am SSE 30.06 59 26 49.3 60.8 12:40pm 40.9 5:17am 16 0 0.00 0 0 12:00am SSE 30.17 55 27 49.6 61.2 1:07pm 41.1 11:58pm 15 0 0.00 0 0 12:00am SSW 30.17 64 28 47.1 60.0 1:14pm 36.4 6:37am 18 0 0.00 0 0 12:00am S 30.23 63 29 49.1 62.2 12:43pm 41.4 7:48am 15 0 0.00 0 0 12:00am SSE 30.09 61 30 42.5 54.5 1:27pm 34.4 11:48pm 22 0 0.00 0 0 12:00am SSE 29.81 67 --------------------------------------------------------------------------------------- TOT 54.5 81.2 11/4/07 34.4 11/30/07 326 22 0.99 0 5 11/8/07 SSE 30.09 62 HEAT BASE: 65.0 COOL BASE: 65.0

Google



Contact Us | Mobile
Never base any life decisions on weather information from this site or anywhere over the Internet.
Site is dedicated to our Lord & Savior Jesus Christ (Yeshua Messiah) | Random Quotes

Copyright © 2017 El Dorado Weather, Inc. | Site Designed By:  El Dorado Weather
LightningRing