World Forecast Directory
El Dorado Weather Logo
U.S. Color IR Sat North America Color Background Satellite Thumb
Norcal Dual-Pol Radar Live Northern California Doppler Radar Thumbnail Image
Pacific NW Visible Sat Regional U.S. Radar
Pacific NW Radar Regional U.S. Radar
Storm Cell Tracking Live Northern California Radar and Satellite Thumbnail Image
Street Level Radar Live U.S. Google Map Radar Thumbnail Image
Live Lightning Radar Placerville California Lightning Detection Radar Thumbnail Image
Live Streaming Webcam Placerville California Live Streaming WebCam Thumbnail Image
Local Wx Station Data Sacramento, Northern Sierra Nevada & the Motherlode Area Current Weather Conditions

NOAA Climate Report From: Placerville, Ca. Weather Station (EDWPC)

Archives below start from 6/22/2006 to the present:
2017: Jan | Feb | Mar | Apr | May | Jun | Jul | Aug | Sep | Oct | Nov | Dec 
2016: Jan | Feb | Mar | Apr | May | Jun | Jul | Aug | Sep | Oct | Nov | Dec 
2015: Jan | Feb | Mar | Apr | May | Jun | Jul | Aug | Sep | Oct | Nov | Dec 
2014: Jan | Feb | Mar | Apr | May | Jun | Jul | Aug | Sep | Oct | Nov | Dec 
2013: Jan | Feb | Mar | Apr | May | Jun | Jul | Aug | Sep | Oct | Nov | Dec 
2012: Jan | Feb | Mar | Apr | May | Jun | Jul | Aug | Sep | Oct | Nov | Dec 
2011: Jan | Feb | Mar | Apr | May | Jun | Jul | Aug | Sep | Oct | Nov | Dec 
2010: Jan | Feb | Mar | Apr | May | Jun | Jul | Aug | Sep | Oct | Nov | Dec 
2009: Jan | Feb | Mar | Apr | May | Jun | Jul | Aug | Sep | Oct | Nov | Dec 
2008: Jan | Feb | Mar | Apr | May | Jun | Jul | Aug | Sep | Oct | Nov | Dec 
2007: Jan | Feb | Mar | Apr | May | Jun | Jul | Aug | Sep | Oct | Nov | Dec 
 2006: Jan | Feb | Mar | Apr | May | Jun | Jul | Aug | Sep | Oct | Nov | Dec 

Report for 2007 10 MONTHLY CLIMATOLOGICAL SUMMARY FOR 10/2007 HEAT COOL MEAN DEG DEG WIND SPEED DOM MEAN MEAN DAY TEMP HIGH TIME LOW TIME DAYS DAYS RAIN AVG HI TIME DIR BAROM HUM --------------------------------------------------------------------------------------- 1 59.3 72.2 3:05pm 52.2 7:51am 6 1 0.00 0 0 12:00am SSE 30.11 70 2 64.0 80.5 2:44pm 50.5 5:43am 5 4 0.00 0 0 12:00am SSE 30.10 52 3 63.6 77.8 1:34pm 52.7 11:55pm 4 3 0.00 0 0 12:00am SSE 29.97 50 4 54.0 65.1 1:33pm 44.4 7:15am 11 0 0.00 0 0 12:00am SSE 29.86 66 5 46.6 52.9 3:29pm 40.3 11:54pm 18 0 0.34 0 0 12:00am S 29.94 89 6 51.5 68.3 3:31pm 38.4 2:56am 14 0 0.00 0 0 12:00am SSE 30.13 61 7 57.0 73.2 2:16pm 43.3 6:31am 9 1 0.00 0 0 12:00am S 30.12 46 8 62.8 81.3 2:42pm 49.5 7:26am 6 4 0.00 0 0 12:00am SSE 29.97 41 9 62.0 75.9 2:14pm 53.3 11:19pm 5 2 0.00 0 0 12:00am SSE 29.91 43 10 55.2 65.7 3:21pm 48.5 11:58pm 10 0 0.68 0 0 12:00am S 30.05 79 11 55.9 70.2 1:06pm 46.6 4:05am 10 0 0.00 0 0 12:00am SSE 29.97 73 12 54.5 60.0 3:59pm 49.5 4:55am 10 0 0.03 0 0 12:00am SSW 29.85 85 13 56.6 69.1 1:42pm 47.1 6:19am 9 0 0.00 0 0 12:00am SSE 29.94 77 14 59.2 73.6 2:39pm 49.7 5:42am 7 1 0.00 0 0 12:00am SSE 29.98 71 15 56.2 67.7 2:00pm 49.7 7:29am 9 0 0.00 0 0 12:00am SSE 29.93 80 16 51.9 56.0 2:37pm 49.5 9:08pm 13 0 0.07 0 0 12:00am S 29.91 89 17 52.8 62.7 1:44pm 47.6 11:10pm 12 0 0.00 0 0 12:00am SSE 30.03 77 18 56.6 67.3 3:55pm 47.7 1:39am 8 0 0.00 0 0 12:00am S 30.13 65 19 60.1 70.4 1:39pm 51.6 6:35am 6 1 0.41 0 0 12:00am SSE 30.07 78 20 52.2 62.0 3:22pm 41.2 11:36pm 13 0 0.00 0 0 12:00am S 30.11 80 21 54.2 69.6 3:30pm 40.6 12:16am 11 1 0.00 0 0 12:00am SSE 30.20 53 22 59.7 76.4 2:39pm 48.4 6:47am 7 2 0.00 0 0 12:00am SSE 30.31 50 23 66.4 84.3 2:40pm 54.7 5:31am 4 5 0.00 0 0 12:00am SSE 30.25 43 24 69.7 85.7 2:21pm 58.3 7:00am 1 6 0.00 0 0 12:00am SSE 30.15 42 25 67.0 82.8 1:58pm 54.9 11:39pm 2 4 0.00 0 0 12:00am SSE 29.97 43 26 61.8 75.8 1:38pm 52.1 5:51am 5 2 0.00 0 0 12:00am SSE 29.91 52 27 65.6 81.5 1:53pm 57.3 12:00am 3 4 0.00 0 0 12:00am SSE 30.10 44 28 66.5 81.2 2:32pm 57.6 3:55am 2 4 0.00 0 0 12:00am SSE 30.22 57 29 63.2 73.6 1:06pm 51.6 11:58pm 3 2 0.00 0 0 12:00am SSE 30.10 68 30 54.2 64.2 2:34pm 49.1 7:41am 11 0 0.00 0 0 12:00am SSE 30.15 87 31 56.6 68.6 2:16pm 48.2 5:50am 9 0 0.00 0 0 12:00am SSE 30.18 83 --------------------------------------------------------------------------------------- TOT 58.6 85.7 10/24/07 38.4 10/6/07 243 47 1.53 0 0 10/1/07 SSE 30.05 64 HEAT BASE: 65.0 COOL BASE: 65.0

Google



Contact Us | Mobile
Never base any life decisions on weather information from this site or anywhere over the Internet.
Site is dedicated to our Lord & Savior Jesus Christ (Yeshua Messiah) | Random Quotes

Copyright © 2017 El Dorado Weather, Inc. | Site Designed By:  El Dorado Weather
LightningRing