World Forecast Directory
El Dorado Weather Logo
U.S. Color IR Sat North America Color Background Satellite Thumb
Norcal Dual-Pol Radar Live Northern California Doppler Radar Thumbnail Image
Pacific NW Visible Sat Regional U.S. Radar
Pacific NW Radar Regional U.S. Radar
Storm Cell Tracking Live Northern California Radar and Satellite Thumbnail Image
Street Level Radar Live U.S. Google Map Radar Thumbnail Image
Live Lightning Radar Placerville California Lightning Detection Radar Thumbnail Image
Live Streaming Webcam Placerville California Live Streaming WebCam Thumbnail Image
Local Wx Station Data Sacramento, Northern Sierra Nevada & the Motherlode Area Current Weather Conditions

NOAA Climate Report From: Placerville, Ca. Weather Station (EDWPC)

Archives below start from 6/22/2006 to the present:
2017: Jan | Feb | Mar | Apr | May | Jun | Jul | Aug | Sep | Oct | Nov | Dec 
2016: Jan | Feb | Mar | Apr | May | Jun | Jul | Aug | Sep | Oct | Nov | Dec 
2015: Jan | Feb | Mar | Apr | May | Jun | Jul | Aug | Sep | Oct | Nov | Dec 
2014: Jan | Feb | Mar | Apr | May | Jun | Jul | Aug | Sep | Oct | Nov | Dec 
2013: Jan | Feb | Mar | Apr | May | Jun | Jul | Aug | Sep | Oct | Nov | Dec 
2012: Jan | Feb | Mar | Apr | May | Jun | Jul | Aug | Sep | Oct | Nov | Dec 
2011: Jan | Feb | Mar | Apr | May | Jun | Jul | Aug | Sep | Oct | Nov | Dec 
2010: Jan | Feb | Mar | Apr | May | Jun | Jul | Aug | Sep | Oct | Nov | Dec 
2009: Jan | Feb | Mar | Apr | May | Jun | Jul | Aug | Sep | Oct | Nov | Dec 
2008: Jan | Feb | Mar | Apr | May | Jun | Jul | Aug | Sep | Oct | Nov | Dec 
2007: Jan | Feb | Mar | Apr | May | Jun | Jul | Aug | Sep | Oct | Nov | Dec 
 2006: Jan | Feb | Mar | Apr | May | Jun | Jul | Aug | Sep | Oct | Nov | Dec 

Report for 2007 09 MONTHLY CLIMATOLOGICAL SUMMARY FOR 9/2007 HEAT COOL MEAN DEG DEG WIND SPEED DOM MEAN MEAN DAY TEMP HIGH TIME LOW TIME DAYS DAYS RAIN AVG HI TIME DIR BAROM HUM --------------------------------------------------------------------------------------- 1 82.6 100.8 3:20pm 70.3 5:00am 0 17 0.00 0 0 12:00am SSE 29.94 38 2 81.5 97.9 2:14pm 67.4 6:48am 0 17 0.00 0 0 12:00am SSE 29.94 25 3 80.9 97.7 3:08pm 68.1 11:59pm 0 16 0.00 0 0 12:00am SSE 29.93 29 4 69.9 84.8 3:00pm 57.6 5:51am 1 6 0.00 0 0 12:00am SSE 29.91 56 5 71.8 87.5 2:05pm 56.6 5:36am 2 9 0.00 0 0 12:00am SSE 29.80 43 6 76.4 92.8 3:42pm 61.3 7:08am 0 12 0.00 0 0 12:00am SSE 29.88 39 7 68.6 82.5 3:39pm 56.0 7:08am 2 5 0.00 0 0 12:00am SSE 30.00 58 8 73.9 90.9 4:00pm 61.6 4:28am 1 10 0.00 0 0 12:00am SSE 29.94 46 9 72.7 88.5 2:53pm 62.5 6:57am 0 8 0.00 0 0 12:00am SSE 29.92 50 10 70.5 85.8 3:39pm 58.2 6:53am 1 7 0.00 0 0 12:00am SSE 30.00 57 11 73.5 90.4 3:29pm 61.2 5:44am 1 9 0.00 0 0 12:00am SSE 30.02 53 12 67.0 81.7 1:37pm 56.5 11:07pm 2 4 0.00 0 0 12:00am SSE 29.99 63 13 62.1 76.5 2:42pm 55.6 5:30am 5 2 0.00 0 0 12:00am SSE 30.05 65 14 63.2 78.6 2:56pm 50.5 6:41am 5 3 0.00 0 0 12:00am SSE 30.05 59 15 62.1 77.3 2:52pm 50.7 6:40am 6 3 0.00 0 0 12:00am SSE 30.05 63 16 62.3 78.7 3:46pm 49.0 6:59am 6 3 0.00 0 0 12:00am SSE 30.01 67 17 64.7 80.2 2:46pm 52.8 6:21am 4 4 0.00 0 0 12:00am SSE 29.97 58 18 66.4 80.4 3:22pm 56.2 7:13am 3 5 0.00 0 0 12:00am SSE 29.94 51 19 57.2 67.1 3:55pm 50.1 6:59am 8 0 0.00 0 0 12:00am S 29.84 63 20 56.5 68.4 3:08pm 49.8 6:19am 9 0 0.12 0 0 12:00am SSE 29.88 74 21 59.9 73.5 1:11pm 48.4 6:14am 6 1 0.00 0 0 12:00am SSE 29.88 64 22 54.3 60.0 4:09pm 49.5 4:57am 11 0 0.13 0 0 12:00am SSE 29.92 83 23 56.2 66.2 3:18pm 51.3 11:47pm 9 0 0.02 0 0 12:00am NNE 30.01 84 24 60.1 76.0 3:24pm 47.1 7:34am 7 3 0.00 0 0 12:00am SSE 30.07 56 25 67.0 83.1 2:12pm 53.5 7:08am 3 5 0.00 0 0 12:00am SSE 30.08 44 26 70.1 86.4 2:58pm 58.2 6:55am 2 7 0.00 0 0 12:00am SSE 30.06 38 27 71.6 88.3 1:02pm 60.0 11:56pm 1 8 0.00 0 0 12:00am SSE 29.95 36 28 56.3 65.0 2:54pm 48.0 11:33pm 9 0 0.24 0 0 12:00am S 29.87 72 29 54.3 70.4 2:50pm 42.7 7:16am 11 1 0.00 0 0 12:00am SSE 29.99 67 30 60.5 77.4 2:41pm 47.9 3:45am 7 3 0.00 0 0 12:00am SSE 30.03 50 --------------------------------------------------------------------------------------- TOT 66.5 100.8 9/1/07 42.7 9/29/07 121 166 0.51 0 0 9/1/07 SSE 29.96 55 HEAT BASE: 65.0 COOL BASE: 65.0

Google



Contact Us | Mobile
Never base any life decisions on weather information from this site or anywhere over the Internet.
Site is dedicated to our Lord & Savior Jesus Christ (Yeshua Messiah) | Random Quotes

Copyright © 2017 El Dorado Weather, Inc. | Site Designed By:  El Dorado Weather
LightningRing