World Forecast Directory
El Dorado Weather Logo
U.S. Color IR Sat North America Color Background Satellite Thumb
Norcal Dual-Pol Radar Live Northern California Doppler Radar Thumbnail Image
Pacific NW Visible Sat Regional U.S. Radar
Pacific NW Radar Regional U.S. Radar
Storm Cell Tracking Live Northern California Radar and Satellite Thumbnail Image
Street Level Radar Live U.S. Google Map Radar Thumbnail Image
Live Lightning Radar Placerville California Lightning Detection Radar Thumbnail Image
Live Streaming Webcam Placerville California Live Streaming WebCam Thumbnail Image
Local Wx Station Data Sacramento, Northern Sierra Nevada & the Motherlode Area Current Weather Conditions

NOAA Climate Report From: Placerville, Ca. Weather Station (EDWPC)

Archives below start from 6/22/2006 to the present:
2017: Jan | Feb | Mar | Apr | May | Jun | Jul | Aug | Sep | Oct | Nov | Dec 
2016: Jan | Feb | Mar | Apr | May | Jun | Jul | Aug | Sep | Oct | Nov | Dec 
2015: Jan | Feb | Mar | Apr | May | Jun | Jul | Aug | Sep | Oct | Nov | Dec 
2014: Jan | Feb | Mar | Apr | May | Jun | Jul | Aug | Sep | Oct | Nov | Dec 
2013: Jan | Feb | Mar | Apr | May | Jun | Jul | Aug | Sep | Oct | Nov | Dec 
2012: Jan | Feb | Mar | Apr | May | Jun | Jul | Aug | Sep | Oct | Nov | Dec 
2011: Jan | Feb | Mar | Apr | May | Jun | Jul | Aug | Sep | Oct | Nov | Dec 
2010: Jan | Feb | Mar | Apr | May | Jun | Jul | Aug | Sep | Oct | Nov | Dec 
2009: Jan | Feb | Mar | Apr | May | Jun | Jul | Aug | Sep | Oct | Nov | Dec 
2008: Jan | Feb | Mar | Apr | May | Jun | Jul | Aug | Sep | Oct | Nov | Dec 
2007: Jan | Feb | Mar | Apr | May | Jun | Jul | Aug | Sep | Oct | Nov | Dec 
 2006: Jan | Feb | Mar | Apr | May | Jun | Jul | Aug | Sep | Oct | Nov | Dec 

Report for 2007 07 MONTHLY CLIMATOLOGICAL SUMMARY FOR 7/2007 HEAT COOL MEAN DEG DEG WIND SPEED DOM MEAN MEAN DAY TEMP HIGH TIME LOW TIME DAYS DAYS RAIN AVG HI TIME DIR BAROM HUM --------------------------------------------------------------------------------------- 1 71.4 90.9 4:22pm 56.2 3:54am 2 8 0.00 0 0 12:00am ESE 30.05 41 2 73.4 92.6 2:42pm 57.8 6:10am 1 9 0.00 0 0 12:00am ESE 30.08 38 3 75.7 95.8 4:34pm 61.1 5:46am 1 10 0.00 0 0 12:00am SE 30.07 44 4 83.1 103.4 4:02pm 66.5 5:10am 0 18 0.00 0 0 12:00am ESE 29.95 39 5 88.2 108.0 4:10pm 72.9 2:16am 0 23 0.00 0 0 12:00am SE 29.90 33 6 85.2 103.4 3:50pm 71.5 5:46am 0 20 0.00 0 0 12:00am ESE 29.89 39 7 77.5 96.3 3:56pm 65.4 7:36am 0 12 0.00 0 0 12:00am ESE 29.93 46 8 78.7 96.9 3:37pm 63.9 5:25am 0 13 0.00 0 0 12:00am ESE 29.89 45 9 79.0 95.9 4:50pm 66.0 5:49am 0 14 0.00 0 0 12:00am ESE 29.90 46 10 75.8 88.1 2:55pm 65.3 5:48am 0 11 0.00 0 0 12:00am ESE 29.93 48 11 69.8 85.5 3:44pm 60.0 7:02am 1 6 0.00 0 0 12:00am ESE 30.01 60 12 70.0 88.0 3:58pm 55.9 6:07am 3 8 0.00 0 0 12:00am ESE 30.05 59 13 72.9 92.3 3:30pm 56.5 5:55am 2 10 0.00 0 0 12:00am E 30.07 51 14 76.3 93.9 2:58pm 63.2 3:37am 0 11 0.00 0 0 12:00am ESE 30.04 45 15 76.2 94.1 3:19pm 60.8 6:06am 0 12 0.00 0 0 12:00am ESE 30.00 48 16 73.3 89.9 4:11pm 60.7 5:21am 1 9 0.00 0 0 12:00am ESE 29.94 51 17 69.5 85.4 3:28pm 56.3 5:48am 2 7 0.00 0 0 12:02am ESE 29.92 53 18 66.0 74.6 6:00pm 59.4 3:37am 1 2 0.00 0 3 3:00pm W 29.97 76 19 68.8 85.9 3:30pm 53.9 4:30am 3 7 0.00 0 5 2:00pm N 29.96 57 20 71.0 86.9 4:00pm 55.6 6:30am 2 8 0.00 0 4 11:00am N 29.95 49 21 72.8 91.4 3:58pm 58.5 5:22am 2 9 0.00 0 0 12:01am ESE 30.02 53 22 76.6 94.5 4:34pm 61.7 2:33am 0 12 0.00 0 0 12:00am E 30.03 51 23 80.0 96.6 3:18pm 67.7 7:12am 0 15 0.00 0 0 12:00am ESE 29.97 45 24 76.7 91.3 4:51pm 68.6 11:56pm 0 10 0.00 0 0 12:00am SE 29.90 55 25 76.8 93.6 3:53pm 66.0 11:45pm 0 11 0.01 0 0 12:00am SSE 29.90 39 26 76.2 94.2 2:59pm 60.6 4:15am 1 12 0.00 0 0 12:00am SSE 29.95 38 27 78.7 97.6 3:45pm 63.3 5:52am 0 13 0.00 0 0 12:00am SSE 29.98 35 28 79.5 97.7 3:35pm 64.2 6:45am 0 15 0.00 0 6 6:00pm SSE 29.95 32 29 77.6 94.2 2:27pm 61.9 6:50am 0 12 0.00 0 0 12:00am SSE 29.90 36 30 79.1 96.1 4:10pm 63.8 4:59am 0 14 0.00 0 0 12:00am SSE 29.86 35 31 81.3 97.8 4:13pm 66.9 3:08am 0 16 0.00 0 0 12:00am SSE 29.87 32 --------------------------------------------------------------------------------------- TOT 76.0 108.0 7/5/07 53.9 7/19/07 23 357 0.01 0 6 7/28/07 SE 29.96 46 HEAT BASE: 65.0 COOL BASE: 65.0

Google



Contact Us | Mobile
Never base any life decisions on weather information from this site or anywhere over the Internet.
Site is dedicated to our Lord & Savior Jesus Christ (Yeshua Messiah) | Random Quotes

Copyright © 2017 El Dorado Weather, Inc. | Site Designed By:  El Dorado Weather
LightningRing