World Forecast Directory
El Dorado Weather Logo
U.S. Color IR Sat North America Color Background Satellite Thumb
Norcal Dual-Pol Radar Live Northern California Doppler Radar Thumbnail Image
Pacific NW Visible Sat Regional U.S. Radar
Pacific NW Radar Regional U.S. Radar
Storm Cell Tracking Live Northern California Radar and Satellite Thumbnail Image
Street Level Radar Live U.S. Google Map Radar Thumbnail Image
Live Lightning Radar Placerville California Lightning Detection Radar Thumbnail Image
Live Streaming Webcam Placerville California Live Streaming WebCam Thumbnail Image
Local Wx Station Data Sacramento, Northern Sierra Nevada & the Motherlode Area Current Weather Conditions

NOAA Climate Report From: Placerville, Ca. Weather Station (EDWPC)

Archives below start from 6/22/2006 to the present:
2017: Jan | Feb | Mar | Apr | May | Jun | Jul | Aug | Sep | Oct | Nov | Dec 
2016: Jan | Feb | Mar | Apr | May | Jun | Jul | Aug | Sep | Oct | Nov | Dec 
2015: Jan | Feb | Mar | Apr | May | Jun | Jul | Aug | Sep | Oct | Nov | Dec 
2014: Jan | Feb | Mar | Apr | May | Jun | Jul | Aug | Sep | Oct | Nov | Dec 
2013: Jan | Feb | Mar | Apr | May | Jun | Jul | Aug | Sep | Oct | Nov | Dec 
2012: Jan | Feb | Mar | Apr | May | Jun | Jul | Aug | Sep | Oct | Nov | Dec 
2011: Jan | Feb | Mar | Apr | May | Jun | Jul | Aug | Sep | Oct | Nov | Dec 
2010: Jan | Feb | Mar | Apr | May | Jun | Jul | Aug | Sep | Oct | Nov | Dec 
2009: Jan | Feb | Mar | Apr | May | Jun | Jul | Aug | Sep | Oct | Nov | Dec 
2008: Jan | Feb | Mar | Apr | May | Jun | Jul | Aug | Sep | Oct | Nov | Dec 
2007: Jan | Feb | Mar | Apr | May | Jun | Jul | Aug | Sep | Oct | Nov | Dec 
 2006: Jan | Feb | Mar | Apr | May | Jun | Jul | Aug | Sep | Oct | Nov | Dec 

Report for 2007 06 MONTHLY CLIMATOLOGICAL SUMMARY FOR 6/2007 HEAT COOL MEAN DEG DEG WIND SPEED DOM MEAN MEAN DAY TEMP HIGH TIME LOW TIME DAYS DAYS RAIN AVG HI TIME DIR BAROM HUM --------------------------------------------------------------------------------------- 1 66.8 82.2 4:22pm 55.3 2:44am 3 5 0.00 0 0 12:00am ESE 29.91 58 2 69.1 86.5 5:13pm 54.9 5:34am 3 7 0.00 0 0 12:00am ESE 29.93 56 3 69.9 87.7 3:12pm 55.1 7:22am 2 7 0.00 0 0 12:00am ESE 29.99 53 4 68.1 82.5 3:04pm 57.0 6:08am 2 5 0.00 0 0 12:00am ESE 30.00 58 5 58.5 63.4 1:53pm 51.0 11:54pm 6 0 0.01 0 0 12:00am SE 29.95 75 6 55.0 68.3 3:35pm 44.7 6:16am 10 0 0.00 0 0 12:00am ESE 30.00 62 7 59.7 76.8 3:11pm 45.0 4:52am 8 3 0.00 0 0 12:00am ESE 29.97 49 8 63.4 83.0 4:01pm 51.7 4:00am 4 3 0.00 0 2 10:00am ESE 29.94 48 9 68.9 87.1 3:56pm 55.1 6:06am 3 7 0.00 0 0 12:00am ESE 29.95 46 10 69.4 85.3 3:49pm 59.0 5:15am 2 6 0.00 0 0 12:00am ESE 29.90 48 11 70.1 87.5 4:04pm 54.6 5:21am 3 8 0.00 0 0 12:00am ESE 29.86 51 12 72.6 90.0 3:36pm 59.1 5:23am 1 9 0.00 0 0 12:00am ESE 29.99 43 13 77.0 95.8 3:44pm 61.8 5:27am 0 12 0.00 0 0 12:00am SE 30.01 39 14 0.0 72.3 12:00am 72.3 12:00am 0 0 0.00 0 0 12:00am --- 0.00 0 15 82.1 97.1 3:51pm 69.9 11:52pm 0 16 0.00 0 0 12:00am ESE 29.85 35 16 73.2 88.9 3:41pm 60.0 5:50am 1 9 0.00 0 0 12:00am E 29.93 48 17 73.0 92.4 4:36pm 56.8 5:29am 2 10 0.00 0 0 12:00am ESE 29.91 49 18 76.0 96.2 4:11pm 61.6 4:46am 1 11 0.00 0 3 1:00pm ESE 29.86 44 19 75.7 92.5 3:54pm 60.0 6:18am 0 11 0.00 0 3 12:00am E 29.96 41 20 70.3 89.1 4:07pm 55.0 5:37am 2 7 0.00 0 3 12:00am ESE 30.08 49 21 73.2 91.8 4:05pm 55.8 5:39am 2 10 0.00 0 0 12:00am ESE 30.07 44 22 74.9 92.0 4:03pm 61.4 3:56am 1 10 0.00 0 0 12:00am ESE 30.00 38 23 72.6 90.0 3:59pm 58.8 6:25am 1 9 0.00 0 0 12:00am ESE 29.94 37 24 67.2 84.8 3:30pm 49.4 5:55am 4 6 0.00 0 0 12:00am ESE 29.95 44 25 72.2 91.3 3:51pm 55.6 5:50am 2 10 0.00 0 0 12:00am ESE 29.98 37 26 76.8 94.5 3:16pm 64.9 5:32am 0 11 0.00 0 0 12:00am ESE 29.99 34 27 73.8 92.9 3:40pm 57.3 6:06am 1 9 0.00 0 0 12:00am ESE 30.02 41 28 70.6 87.9 3:46pm 55.5 5:47am 2 8 0.00 0 0 12:00am E 30.04 50 29 70.1 85.2 3:19pm 57.3 5:37am 2 7 0.00 0 0 12:00am ESE 30.06 55 30 70.2 88.2 4:02pm 55.2 6:05am 2 8 0.00 0 0 12:00am ESE 30.06 48 --------------------------------------------------------------------------------------- TOT 70.6 97.3 6/14/07 44.7 6/6/07 71 223 0.01 0 3 6/18/07 ESE 29.97 47 HEAT BASE: 65.0 COOL BASE: 65.0

Google



Contact Us | Mobile
Never base any life decisions on weather information from this site or anywhere over the Internet.
Site is dedicated to our Lord & Savior Jesus Christ (Yeshua Messiah) | Random Quotes

Copyright © 2017 El Dorado Weather, Inc. | Site Designed By:  El Dorado Weather
LightningRing