World Forecast Directory
El Dorado Weather Logo
U.S. Color IR Sat North America Color Background Satellite Thumb
Norcal Dual-Pol Radar Live Northern California Doppler Radar Thumbnail Image
Pacific NW Visible Sat Regional U.S. Radar
Pacific NW Radar Regional U.S. Radar
Storm Cell Tracking Live Northern California Radar and Satellite Thumbnail Image
Street Level Radar Live U.S. Google Map Radar Thumbnail Image
Live Lightning Radar Placerville California Lightning Detection Radar Thumbnail Image
Live Streaming Webcam Placerville California Live Streaming WebCam Thumbnail Image
Local Wx Station Data Sacramento, Northern Sierra Nevada & the Motherlode Area Current Weather Conditions

NOAA Climate Report From: Placerville, Ca. Weather Station (EDWPC)

Archives below start from 6/22/2006 to the present:
2017: Jan | Feb | Mar | Apr | May | Jun | Jul | Aug | Sep | Oct | Nov | Dec 
2016: Jan | Feb | Mar | Apr | May | Jun | Jul | Aug | Sep | Oct | Nov | Dec 
2015: Jan | Feb | Mar | Apr | May | Jun | Jul | Aug | Sep | Oct | Nov | Dec 
2014: Jan | Feb | Mar | Apr | May | Jun | Jul | Aug | Sep | Oct | Nov | Dec 
2013: Jan | Feb | Mar | Apr | May | Jun | Jul | Aug | Sep | Oct | Nov | Dec 
2012: Jan | Feb | Mar | Apr | May | Jun | Jul | Aug | Sep | Oct | Nov | Dec 
2011: Jan | Feb | Mar | Apr | May | Jun | Jul | Aug | Sep | Oct | Nov | Dec 
2010: Jan | Feb | Mar | Apr | May | Jun | Jul | Aug | Sep | Oct | Nov | Dec 
2009: Jan | Feb | Mar | Apr | May | Jun | Jul | Aug | Sep | Oct | Nov | Dec 
2008: Jan | Feb | Mar | Apr | May | Jun | Jul | Aug | Sep | Oct | Nov | Dec 
2007: Jan | Feb | Mar | Apr | May | Jun | Jul | Aug | Sep | Oct | Nov | Dec 
 2006: Jan | Feb | Mar | Apr | May | Jun | Jul | Aug | Sep | Oct | Nov | Dec 

Report for 2007 02 MONTHLY CLIMATOLOGICAL SUMMARY FOR 2/2007 HEAT COOL MEAN DEG DEG WIND SPEED DOM MEAN MEAN DAY TEMP HIGH TIME LOW TIME DAYS DAYS RAIN AVG HI TIME DIR BAROM HUM --------------------------------------------------------------------------------------- 1 40.9 45.4 2:19pm 35.5 8:31am 24 0 0.00 0 4 11:12am SW 30.02 90 2 43.0 53.7 1:19pm 34.5 7:46am 22 0 0.00 0 4 11:51am SW 30.16 79 3 45.3 62.3 1:41pm 34.8 6:46am 19 0 0.00 0 4 11:50am WSW 30.30 71 4 51.1 68.0 3:07pm 40.0 4:07am 14 0 0.00 0 4 12:06pm W 30.25 63 5 55.3 72.2 2:48pm 45.8 3:07am 10 1 0.00 0 3 11:53am SW 30.16 51 6 52.3 67.9 12:07pm 42.9 4:41am 13 0 0.00 0 6 12:12pm SW 30.08 58 7 48.6 52.4 11:04am 43.6 12:04am 16 0 0.10 0 6 1:39pm WSW 30.04 79 8 50.0 58.1 1:12pm 45.0 5:38am 15 0 0.55 0 3 11:23pm WSW 30.06 89 9 51.1 53.4 2:31pm 49.7 5:28am 14 0 0.81 0 6 1:03am SE 30.10 97 10 51.9 55.2 3:16pm 50.5 7:17am 13 0 2.49 0 7 11:54pm SE 29.93 98 11 49.3 53.4 1:55pm 41.4 11:53pm 14 0 0.44 0 9 1:04am SE 29.95 92 12 45.0 54.9 1:56pm 39.4 4:19am 19 0 0.00 0 5 12:49pm SE 30.06 85 13 44.2 52.6 1:21pm 37.9 11:58pm 21 0 0.02 0 7 1:12pm SW 30.11 90 14 44.6 58.2 1:20pm 35.0 6:59am 20 0 0.00 0 5 11:33am WSW 30.29 78 15 50.0 65.1 1:30pm 41.1 4:13am 14 0 0.00 0 5 1:27pm WSW 30.40 76 16 54.0 70.0 3:14pm 42.2 6:02am 12 1 0.00 0 5 11:04am WSW 30.35 68 17 55.1 70.6 1:29pm 43.9 6:22am 11 1 0.00 0 4 1:07pm WSW 30.16 71 18 49.8 59.7 2:19pm 42.3 11:57pm 14 0 0.00 0 4 10:14am SW 29.88 79 19 47.1 61.5 1:37pm 35.6 7:05am 18 0 0.00 0 5 1:03pm W 29.91 68 20 45.1 54.6 1:29pm 36.3 7:10am 20 0 0.00 0 10 11:29am SE 30.13 76 21 44.7 55.5 11:53am 36.4 6:49am 15 0 0.00 0 6 12:00pm SE 30.07 84 22 41.7 48.1 4:47am 36.3 11:28pm 23 0 1.21 0 10 6:26am SE 29.86 91 23 38.8 48.0 3:16pm 33.1 11:20pm 25 0 0.07 0 4 11:47am SW 30.10 83 24 42.2 49.9 2:26pm 33.3 12:09am 23 0 0.52 0 10 11:34pm SE 30.15 74 25 41.6 46.3 4:15pm 39.2 12:49am 22 0 1.40 1 12 11:28am SE 29.98 94 26 41.9 44.7 3:21pm 39.5 11:57pm 23 0 1.90 1 16 6:35pm SE 29.92 97 27 38.4 48.6 12:41pm 32.8 7:57pm 27 0 0.13 0 9 3:19pm SE 29.90 86 28 36.6 45.0 2:57pm 33.1 12:00am 28 0 0.55 0 4 2:24pm WSW 30.04 92 --------------------------------------------------------------------------------------- TOT 46.4 72.2 2/5/07 32.8 2/27/07 510 2 10.19 0 16 2/26/07 SE 30.09 80 HEAT BASE: 65.0 COOL BASE: 65.0

Google



Contact Us | Mobile
Never base any life decisions on weather information from this site or anywhere over the Internet.
Site is dedicated to our Lord & Savior Jesus Christ (Yeshua Messiah) | Random Quotes

Copyright © 2017 El Dorado Weather, Inc. | Site Designed By:  El Dorado Weather
LightningRing