World Forecast Directory
El Dorado Weather Logo
U.S. Color IR Sat North America Color Background Satellite Thumb
Norcal Dual-Pol Radar Live Northern California Doppler Radar Thumbnail Image
Pacific NW Visible Sat Regional U.S. Radar
Pacific NW Radar Regional U.S. Radar
Storm Cell Tracking Live Northern California Radar and Satellite Thumbnail Image
Street Level Radar Live U.S. Google Map Radar Thumbnail Image
Live Lightning Radar Placerville California Lightning Detection Radar Thumbnail Image
Live Streaming Webcam Placerville California Live Streaming WebCam Thumbnail Image
Local Wx Station Data Sacramento, Northern Sierra Nevada & the Motherlode Area Current Weather Conditions

NOAA Climate Report From: Placerville, Ca. Weather Station (EDWPC)

Archives below start from 6/22/2006 to the present:
2017: Jan | Feb | Mar | Apr | May | Jun | Jul | Aug | Sep | Oct | Nov | Dec 
2016: Jan | Feb | Mar | Apr | May | Jun | Jul | Aug | Sep | Oct | Nov | Dec 
2015: Jan | Feb | Mar | Apr | May | Jun | Jul | Aug | Sep | Oct | Nov | Dec 
2014: Jan | Feb | Mar | Apr | May | Jun | Jul | Aug | Sep | Oct | Nov | Dec 
2013: Jan | Feb | Mar | Apr | May | Jun | Jul | Aug | Sep | Oct | Nov | Dec 
2012: Jan | Feb | Mar | Apr | May | Jun | Jul | Aug | Sep | Oct | Nov | Dec 
2011: Jan | Feb | Mar | Apr | May | Jun | Jul | Aug | Sep | Oct | Nov | Dec 
2010: Jan | Feb | Mar | Apr | May | Jun | Jul | Aug | Sep | Oct | Nov | Dec 
2009: Jan | Feb | Mar | Apr | May | Jun | Jul | Aug | Sep | Oct | Nov | Dec 
2008: Jan | Feb | Mar | Apr | May | Jun | Jul | Aug | Sep | Oct | Nov | Dec 
2007: Jan | Feb | Mar | Apr | May | Jun | Jul | Aug | Sep | Oct | Nov | Dec 
 2006: Jan | Feb | Mar | Apr | May | Jun | Jul | Aug | Sep | Oct | Nov | Dec 

Report for 2007 01 MONTHLY CLIMATOLOGICAL SUMMARY for NOV. 2007 NAME: Placerville Weather CITY: Placerville STATE: CA ELEV: 1688 ft LAT: 38° 41' 43" N LONG: 120° 50' 56" W TEMPERATURE (°F), RAIN (in), WIND SPEED (mph) HEAT COOL AVG MEAN DEG DEG WIND DOM DAY TEMP HIGH TIME LOW TIME DAYS DAYS RAIN SPEED HIGH TIME DIR ------------------------------------------------------------------------------------ 1 43.6 61.7 1:17p 34.4 3:59a 21.0 0.0 0.00 0.0 4.0 2:36p ESE 2 44.0 55.1 1:07p 37.2 12:57a 21.0 0.0 0.00 0.0 4.0 1:18p WNW 3 47.4 58.5 1:22p 38.2 7:25a 18.0 0.0 0.32 0.0 5.0 1:43p SE 4 44.2 49.6 2:37a 32.8 11:55p 21.0 0.0 1.09 0.0 9.0 8:34a SE 5 36.1 49.0 1:38p 29.1 7:46a 29.0 0.0 0.06 0.0 6.0 12:49p SSE 6 38.2 49.2 1:29p 30.7 6:09a 27.0 0.0 0.01 0.0 3.0 11:30a SW 7 40.7 55.7 2:38p 31.7 7:38a 23.0 0.0 0.00 0.0 3.0 11:08a SE 8 42.9 59.5 2:36p 32.4 6:01a 22.0 0.0 0.00 0.0 3.0 12:46p W 9 48.2 65.3 12:46p 38.0 6:11a 17.0 0.0 0.00 0.0 4.0 2:27p W 10 45.5 57.8 1:13p 38.3 5:20a 19.0 0.0 0.00 0.0 7.0 6:24p SE 11 36.2 44.7 12:59p 28.7 11:16p 28.0 0.0 0.00 0.0 9.0 2:16p WSW 12 31.7 42.7 12:43p 24.7 7:07a 33.0 0.0 0.00 0.0 9.0 12:07p WSW 13 31.1 44.5 2:50p 21.4 4:55a 65.0 0.0 0.00 0.0 4.0 2:53p WSW 14 32.1 45.0 2:44p 24.5 5:21a 32.0 0.0 0.00 0.0 7.0 2:51p W 15 34.0 47.8 1:29p 26.0 7:18a 31.0 0.0 0.00 0.0 5.0 3:26p SE 16 35.8 48.9 12:39p 27.7 7:00a 29.0 0.0 0.00 0.0 5.0 1:06p SW 17 37.4 54.9 11:44a 28.7 5:54a 28.0 0.0 0.00 0.0 6.0 11:50a SE 18 38.1 53.2 2:50p 29.3 7:39a 27.0 0.0 0.00 0.0 4.0 12:23p SE 19 39.8 54.1 1:47p 31.5 7:53a 25.0 0.0 0.00 0.0 5.0 2:20p SE 20 40.5 54.9 1:43p 32.4 6:56a 24.0 0.0 0.00 0.0 3.0 12:44p SE 21 42.7 59.8 1:55p 31.4 1:54a 22.0 0.0 0.00 0.0 9.0 11:14a SW 22 43.0 56.8 1:14p 32.8 1:46a 43.0 0.0 0.00 0.0 5.0 11:22a W 23 44.9 61.0 2:22p 34.1 7:28a 20.0 0.0 0.00 0.0 4.0 11:50a SE 24 47.9 66.2 1:34p 36.4 6:39a 17.0 0.0 0.00 0.0 4.0 1:34p SW 25 49.1 64.8 12:43p 39.5 6:52a 16.0 0.0 0.00 0.0 6.0 11:33a SW 26 47.9 62.6 12:54p 37.2 6:51a 9.0 0.0 0.00 0.0 6.0 11:35a W 27 44.9 57.6 1:04p 35.2 2:32a 20.0 0.0 0.00 0.0 5.0 12:34p SE 28 44.1 54.3 12:30p 36.2 7:09a 21.0 0.0 0.00 0.0 5.0 1:38p SE 29 48.6 66.8 1:07p 37.0 6:32a 17.0 0.0 0.00 0.0 4.0 1:38p WSW 30 46.0 60.0 1:28p 36.6 6:06a 19.0 0.0 0.00 0.0 6.0 12:12p SE 31 41.4 54.5 12:48p 33.0 6:59a 24.0 0.0 0.00 0.0 5.0 12:59p SE ------------------------------------------------------------------------------------- 54.7 80.6 17 38.3 5 277.7 16.9 4.21 0.0 13.0 2 ENE Max >= 90.0: 0 Max <= 32.0: 0 Min <= 32.0: 0 Min <= 0.0: 0 Max Rain: 2.38 ON 11/01/08 Days of Rain: 6 (>.01 in) 5 (>.1 in) 1 (>1 in) Heat Base: 65.0 Cool Base: 65.0 Method: Integration

Google



Contact Us | Mobile
Never base any life decisions on weather information from this site or anywhere over the Internet.
Site is dedicated to our Lord & Savior Jesus Christ (Yeshua Messiah) | Random Quotes

Copyright © 2017 El Dorado Weather, Inc. | Site Designed By:  El Dorado Weather
LightningRing