World Forecast Directory
El Dorado Weather Logo
U.S. Color IR Sat North America Color Background Satellite Thumb
Norcal Dual-Pol Radar Live Northern California Doppler Radar Thumbnail Image
Pacific NW Visible Sat Regional U.S. Radar
Pacific NW Radar Regional U.S. Radar
Storm Cell Tracking Live Northern California Radar and Satellite Thumbnail Image
Street Level Radar Live U.S. Google Map Radar Thumbnail Image
Live Lightning Radar Placerville California Lightning Detection Radar Thumbnail Image
Live Streaming Webcam Placerville California Live Streaming WebCam Thumbnail Image
Local Wx Station Data Sacramento, Northern Sierra Nevada & the Motherlode Area Current Weather Conditions

NOAA Climate Report From: Placerville, Ca. Weather Station (EDWPC)

Archives below start from 6/22/2006 to the present:
2017: Jan | Feb | Mar | Apr | May | Jun | Jul | Aug | Sep | Oct | Nov | Dec 
2016: Jan | Feb | Mar | Apr | May | Jun | Jul | Aug | Sep | Oct | Nov | Dec 
2015: Jan | Feb | Mar | Apr | May | Jun | Jul | Aug | Sep | Oct | Nov | Dec 
2014: Jan | Feb | Mar | Apr | May | Jun | Jul | Aug | Sep | Oct | Nov | Dec 
2013: Jan | Feb | Mar | Apr | May | Jun | Jul | Aug | Sep | Oct | Nov | Dec 
2012: Jan | Feb | Mar | Apr | May | Jun | Jul | Aug | Sep | Oct | Nov | Dec 
2011: Jan | Feb | Mar | Apr | May | Jun | Jul | Aug | Sep | Oct | Nov | Dec 
2010: Jan | Feb | Mar | Apr | May | Jun | Jul | Aug | Sep | Oct | Nov | Dec 
2009: Jan | Feb | Mar | Apr | May | Jun | Jul | Aug | Sep | Oct | Nov | Dec 
2008: Jan | Feb | Mar | Apr | May | Jun | Jul | Aug | Sep | Oct | Nov | Dec 
2007: Jan | Feb | Mar | Apr | May | Jun | Jul | Aug | Sep | Oct | Nov | Dec 
 2006: Jan | Feb | Mar | Apr | May | Jun | Jul | Aug | Sep | Oct | Nov | Dec 

Report for 2006 12 MONTHLY CLIMATOLOGICAL SUMMARY FOR 12/2006 HEAT COOL MEAN DEG DEG WIND SPEED DOM MEAN MEAN DAY TEMP HIGH TIME LOW TIME DAYS DAYS RAIN AVG HI TIME DIR BAROM HUM --------------------------------------------------------------------------------------- 1 43.2 56.3 12:59pm 36.6 3:58am 22 0 0.00 0 4 1:19pm SE 30.33 74 2 44.4 59.6 1:58pm 33.9 6:22am 19 0 0.00 0 2 10:53am SE 30.23 68 3 48.3 64.5 12:32pm 39.9 7:13am 16 0 0.00 0 5 1:08pm SE 30.35 52 4 48.5 64.0 12:34pm 39.9 7:28am 17 0 0.00 0 3 11:48am SE 30.24 61 5 48.7 64.4 1:37pm 39.8 7:04am 14 0 0.00 0 3 12:15pm SE 30.19 64 6 51.8 68.6 12:44pm 41.2 6:44am 13 0 0.00 0 3 12:30pm ESE 30.22 55 7 51.6 68.5 1:00pm 41.2 5:10am 14 0 0.00 0 2 10:39am ESE 30.16 52 8 54.1 67.6 12:16pm 44.4 5:43am 11 0 0.12 0 12 10:06pm SE 29.93 44 9 49.2 53.4 2:14pm 44.2 10:43pm 16 0 1.24 0 10 2:32am SE 29.89 93 10 42.9 45.1 1:18am 37.3 11:57pm 21 0 0.41 0 5 12:06am SE 30.12 96 11 45.0 51.4 11:28am 37.0 12:50am 20 0 0.19 0 4 11:43am SE 30.35 88 12 49.1 51.9 2:57pm 45.9 7:32am 16 0 0.49 0 2 12:40am SE 30.34 98 13 52.5 55.7 3:03pm 49.6 7:31am 12 0 0.30 0 1 11:31am S 30.35 98 14 0.0 47.2 11:23am 47.2 11:23am 0 0 0.00 0 0 11:23am --- 0.00 0 15 42.3 51.5 12:00am 37.7 11:54pm 12 0 0.41 0 9 8:52am SE 30.02 91 16 36.9 42.1 10:37am 34.3 6:20am 27 0 0.00 0 4 10:45am SE 29.82 90 17 36.9 45.7 2:40pm 31.7 11:57pm 28 0 0.00 0 3 9:21am WSW 30.09 82 18 38.3 53.7 12:51pm 30.4 2:55am 27 0 0.00 0 5 1:46pm W 30.20 63 19 37.2 49.2 12:57pm 29.6 1:34am 28 0 0.00 0 4 12:09pm SE 30.23 75 20 39.5 51.9 1:39pm 31.4 7:26am 25 0 0.00 0 4 1:30pm SE 30.28 72 21 41.1 46.5 5:58pm 35.2 12:00am 24 0 0.90 0 4 6:09pm ESE 30.21 86 22 40.7 50.6 2:11pm 35.8 11:30pm 24 0 0.00 0 4 12:34pm WSW 30.24 94 23 40.5 51.0 1:27pm 33.4 6:50am 25 0 0.00 0 4 1:37pm W 30.33 92 24 44.8 52.8 1:49pm 37.6 6:35am 20 0 0.00 0 3 10:40am SE 30.31 89 25 52.1 65.3 12:52pm 43.4 12:00am 13 0 0.00 0 4 10:13am SE 30.25 68 26 52.9 60.7 10:54am 44.9 11:57pm 12 0 1.10 0 15 6:03pm SE 30.00 61 27 41.7 46.2 1:18am 32.4 11:56pm 23 0 0.99 0 15 12:09am SE 29.89 94 28 38.1 52.0 2:18pm 30.5 4:00am 26 0 0.00 0 6 10:13am SE 30.05 66 29 38.6 49.9 1:09pm 31.2 7:34am 26 0 0.00 0 4 1:56pm SE 30.18 77 30 41.5 55.4 1:13pm 33.9 6:53am 23 0 0.00 0 4 1:06pm SE 30.22 78 31 41.5 49.2 2:58pm 36.1 12:22am 23 0 0.00 0 1 10:59am SSW 30.24 84 --------------------------------------------------------------------------------------- TOT 44.8 68.6 12/6/06 29.6 12/19/06 596 1 6.41 0 15 12/26/06 SE 30.18 77 HEAT BASE: 65.0 COOL BASE: 65.0

Google



Contact Us | Mobile
Never base any life decisions on weather information from this site or anywhere over the Internet.
Site is dedicated to our Lord & Savior Jesus Christ (Yeshua Messiah) | Random Quotes

Copyright © 2017 El Dorado Weather, Inc. | Site Designed By:  El Dorado Weather
LightningRing