World Forecast Directory
El Dorado Weather Logo
U.S. Color IR Sat North America Color Background Satellite Thumb
Norcal Dual-Pol Radar Live Northern California Doppler Radar Thumbnail Image
Pacific NW Visible Sat Regional U.S. Radar
Pacific NW Radar Regional U.S. Radar
Storm Cell Tracking Live Northern California Radar and Satellite Thumbnail Image
Street Level Radar Live U.S. Google Map Radar Thumbnail Image
Live Lightning Radar Placerville California Lightning Detection Radar Thumbnail Image
Live Streaming Webcam Placerville California Live Streaming WebCam Thumbnail Image
Local Wx Station Data Sacramento, Northern Sierra Nevada & the Motherlode Area Current Weather Conditions

NOAA Climate Report From: Placerville, Ca. Weather Station (EDWPC)

Archives below start from 6/22/2006 to the present:
2017: Jan | Feb | Mar | Apr | May | Jun | Jul | Aug | Sep | Oct | Nov | Dec 
2016: Jan | Feb | Mar | Apr | May | Jun | Jul | Aug | Sep | Oct | Nov | Dec 
2015: Jan | Feb | Mar | Apr | May | Jun | Jul | Aug | Sep | Oct | Nov | Dec 
2014: Jan | Feb | Mar | Apr | May | Jun | Jul | Aug | Sep | Oct | Nov | Dec 
2013: Jan | Feb | Mar | Apr | May | Jun | Jul | Aug | Sep | Oct | Nov | Dec 
2012: Jan | Feb | Mar | Apr | May | Jun | Jul | Aug | Sep | Oct | Nov | Dec 
2011: Jan | Feb | Mar | Apr | May | Jun | Jul | Aug | Sep | Oct | Nov | Dec 
2010: Jan | Feb | Mar | Apr | May | Jun | Jul | Aug | Sep | Oct | Nov | Dec 
2009: Jan | Feb | Mar | Apr | May | Jun | Jul | Aug | Sep | Oct | Nov | Dec 
2008: Jan | Feb | Mar | Apr | May | Jun | Jul | Aug | Sep | Oct | Nov | Dec 
2007: Jan | Feb | Mar | Apr | May | Jun | Jul | Aug | Sep | Oct | Nov | Dec 
 2006: Jan | Feb | Mar | Apr | May | Jun | Jul | Aug | Sep | Oct | Nov | Dec 

Report for 2006 10 MONTHLY CLIMATOLOGICAL SUMMARY FOR 10/2006 HEAT COOL MEAN DEG DEG WIND SPEED DOM MEAN MEAN DAY TEMP HIGH TIME LOW TIME DAYS DAYS RAIN AVG HI TIME DIR BAROM HUM --------------------------------------------------------------------------------------- 1 54.3 65.1 12:50pm 46.3 6:14am 11 0 0.00 0 4 12:56pm SE 29.95 76 2 54.3 61.2 4:37pm 50.5 12:00am 9 0 0.00 0 2 3:53pm S 29.99 88 3 53.5 64.4 4:41pm 50.5 4:09am 5 0 0.00 0 2 12:08pm N 29.98 87 4 54.1 63.0 3:22pm 48.8 11:33pm 10 0 0.00 0 9 4:49pm SSW 29.95 70 5 54.3 64.1 2:19pm 48.5 12:28am 10 0 0.32 0 6 3:59pm WSW 29.92 82 6 54.5 67.1 1:58pm 45.9 7:16am 10 0 0.00 0 6 1:13pm SE 29.94 78 7 58.1 70.6 2:10pm 47.3 7:24am 8 1 0.00 0 6 2:24pm ESE 30.00 71 8 63.2 77.6 1:55pm 51.4 6:34am 5 3 0.00 0 6 11:58am ESE 29.95 50 9 60.8 77.3 2:00pm 51.9 6:58am 5 2 0.00 0 7 4:10pm SE 29.84 52 10 56.2 70.7 2:23pm 49.5 7:24pm 9 0 0.26 0 9 1:56pm WSW 29.85 66 11 59.6 75.7 2:18pm 48.3 12:43am 8 2 0.00 0 7 3:01pm WSW 29.92 57 12 63.3 80.3 1:52pm 51.7 4:14am 6 4 0.00 0 11 4:30pm WSW 29.79 48 13 58.2 71.9 1:57pm 49.2 11:55pm 8 1 0.00 0 7 12:08pm SE 29.74 59 14 54.7 67.5 2:27pm 45.1 7:29am 10 0 0.00 0 5 2:19pm SE 29.81 78 15 53.3 65.4 1:58pm 46.2 3:03am 12 0 0.00 0 5 4:46pm SE 29.85 84 16 52.1 59.5 4:58pm 45.8 11:56pm 11 0 0.02 0 3 1:27pm ESE 29.79 89 17 53.4 69.2 3:57pm 42.3 6:21am 12 0 0.00 0 7 5:23pm ESE 29.88 61 18 55.1 69.2 1:37pm 44.6 3:39am 11 1 0.00 0 4 12:16pm ESE 30.10 44 19 57.7 73.6 2:01pm 45.3 6:27am 9 2 0.00 0 5 12:28pm SE 30.08 46 20 61.7 77.9 2:18pm 50.4 4:54am 6 3 0.00 0 7 2:44pm SE 29.90 48 21 63.7 80.4 1:58pm 51.7 5:42am 5 3 0.00 0 6 1:47pm SE 29.86 43 22 66.2 81.7 1:57pm 56.5 5:18am 3 4 0.00 0 6 12:56pm SE 29.93 38 23 65.3 81.8 1:18pm 55.7 11:31pm 4 4 0.00 0 4 1:14pm SE 29.90 38 24 62.7 78.7 1:54pm 53.1 11:54pm 5 3 0.00 0 6 2:38pm ESE 29.85 41 25 54.4 70.7 1:57pm 40.9 8:02am 11 1 0.00 0 9 1:00pm ESE 30.02 41 26 53.2 72.2 2:16pm 46.2 3:34am 9 0 0.00 0 5 12:12pm WNW 30.17 35 27 59.6 76.1 1:26pm 49.3 2:48am 8 2 0.00 0 5 1:48pm SE 30.24 34 28 59.3 76.8 1:29pm 50.5 1:09am 5 2 0.00 0 5 11:38am ESE 30.04 38 29 56.5 70.0 12:47pm 47.5 9:59pm 9 1 0.00 0 5 11:33am SE 29.92 38 30 50.4 66.6 12:36pm 39.8 11:50pm 13 0 0.00 0 6 1:28pm SE 29.94 54 31 47.2 63.3 12:52pm 36.7 6:43am 16 0 0.00 0 5 10:01am SE 30.01 67 --------------------------------------------------------------------------------------- TOT 57.2 81.8 10/23/06 36.7 10/31/06 262 40 0.60 0 11 10/12/06 SE 29.94 58 HEAT BASE: 65.0 COOL BASE: 65.0

Google



Contact Us | Mobile
Never base any life decisions on weather information from this site or anywhere over the Internet.
Site is dedicated to our Lord & Savior Jesus Christ (Yeshua Messiah) | Random Quotes

Copyright © 2017 El Dorado Weather, Inc. | Site Designed By:  El Dorado Weather
LightningRing