World Forecast Directory
El Dorado Weather Logo
U.S. Color IR Sat North America Color Background Satellite Thumb
Norcal Dual-Pol Radar Live Northern California Doppler Radar Thumbnail Image
Pacific NW Visible Sat Regional U.S. Radar
Pacific NW Radar Regional U.S. Radar
Storm Cell Tracking Live Northern California Radar and Satellite Thumbnail Image
Street Level Radar Live U.S. Google Map Radar Thumbnail Image
Live Lightning Radar Placerville California Lightning Detection Radar Thumbnail Image
Live Streaming Webcam Placerville California Live Streaming WebCam Thumbnail Image
Local Wx Station Data Sacramento, Northern Sierra Nevada & the Motherlode Area Current Weather Conditions

NOAA Climate Report From: Placerville, Ca. Weather Station (EDWPC)

Archives below start from 6/22/2006 to the present:
2017: Jan | Feb | Mar | Apr | May | Jun | Jul | Aug | Sep | Oct | Nov | Dec 
2016: Jan | Feb | Mar | Apr | May | Jun | Jul | Aug | Sep | Oct | Nov | Dec 
2015: Jan | Feb | Mar | Apr | May | Jun | Jul | Aug | Sep | Oct | Nov | Dec 
2014: Jan | Feb | Mar | Apr | May | Jun | Jul | Aug | Sep | Oct | Nov | Dec 
2013: Jan | Feb | Mar | Apr | May | Jun | Jul | Aug | Sep | Oct | Nov | Dec 
2012: Jan | Feb | Mar | Apr | May | Jun | Jul | Aug | Sep | Oct | Nov | Dec 
2011: Jan | Feb | Mar | Apr | May | Jun | Jul | Aug | Sep | Oct | Nov | Dec 
2010: Jan | Feb | Mar | Apr | May | Jun | Jul | Aug | Sep | Oct | Nov | Dec 
2009: Jan | Feb | Mar | Apr | May | Jun | Jul | Aug | Sep | Oct | Nov | Dec 
2008: Jan | Feb | Mar | Apr | May | Jun | Jul | Aug | Sep | Oct | Nov | Dec 
2007: Jan | Feb | Mar | Apr | May | Jun | Jul | Aug | Sep | Oct | Nov | Dec 
 2006: Jan | Feb | Mar | Apr | May | Jun | Jul | Aug | Sep | Oct | Nov | Dec 

Report for 2006 09 MONTHLY CLIMATOLOGICAL SUMMARY FOR 9/2006 HEAT COOL MEAN DEG DEG WIND SPEED DOM MEAN MEAN DAY TEMP HIGH TIME LOW TIME DAYS DAYS RAIN AVG HI TIME DIR BAROM HUM --------------------------------------------------------------------------------------- 1 78.7 93.5 12:56pm 66.7 5:26am 0 14 0.00 0 5 3:55pm SE 29.78 34 2 75.6 91.9 2:09pm 64.6 5:47am 0 10 0.00 0 5 2:10pm SE 29.77 38 3 74.7 87.3 2:32pm 63.0 6:05am 0 10 0.00 0 5 11:41am SE 29.76 36 4 75.4 90.1 2:18pm 62.1 6:46am 0 11 0.00 0 4 11:21am SE 29.82 40 5 79.2 94.7 3:00pm 65.0 4:47am 0 14 0.00 0 4 1:15pm SE 29.92 35 6 79.0 94.1 1:01pm 66.7 6:05am 0 14 0.00 0 5 2:10pm SE 29.87 32 7 78.4 92.2 2:01pm 66.0 6:36am 0 26 0.00 0 6 3:16pm SE 29.71 33 8 69.7 80.5 11:02am 53.9 11:38pm 1 6 0.00 0 6 4:15pm SE 29.70 49 9 61.6 74.8 4:51pm 49.2 6:06am 6 2 0.00 0 4 12:27pm SE 29.86 68 10 67.3 81.2 3:14pm 54.4 5:14am 3 6 0.00 0 3 11:05am SE 29.90 52 11 72.9 88.6 4:33pm 60.0 3:28am 1 9 0.00 0 3 12:38pm SSE 29.91 44 12 77.0 91.4 1:37pm 65.9 4:15am 0 12 0.00 0 4 2:09pm SE 29.87 40 13 78.4 92.9 1:54pm 68.1 8:00am 0 13 0.00 0 5 4:06pm SE 29.73 36 14 63.6 69.9 10:45am 50.0 11:58pm 2 1 0.00 0 6 4:35pm ESE 29.58 50 15 58.9 73.6 3:25pm 44.6 6:47am 6 2 0.00 0 5 12:21pm SE 29.98 45 16 59.0 73.6 3:25pm 44.6 6:47am 7 2 0.00 0 5 12:21pm SE 29.99 44 17 64.8 79.7 4:01pm 51.6 5:07am 4 4 0.00 0 4 10:20am SE 29.97 37 18 70.8 85.9 2:53pm 59.2 1:57am 2 7 0.00 0 5 2:42pm SE 29.88 34 19 67.2 78.4 12:53pm 59.0 5:27am 2 4 0.00 0 5 1:34pm SE 29.83 38 20 65.4 79.8 2:44pm 54.4 3:55am 4 4 0.00 0 4 1:04pm SSE 29.90 37 21 67.6 80.5 3:13pm 57.2 4:56am 2 5 0.00 0 4 10:05am SE 29.81 37 22 66.3 81.3 3:25pm 49.8 6:51am 4 5 0.00 0 5 7:58pm SE 29.67 39 23 72.0 83.7 12:57pm 61.6 11:35pm 4 12 0.00 0 9 2:41am SE 29.83 21 24 69.9 84.6 1:23pm 58.6 3:48am 2 7 0.00 0 5 3:29pm SE 29.92 25 25 72.0 87.7 1:52pm 60.2 3:25am 1 8 0.00 0 3 12:46pm SE 29.91 26 26 74.2 90.1 1:56pm 63.2 6:23am 0 9 0.00 0 3 11:32am SE 29.92 25 27 71.9 86.2 1:29pm 60.8 7:11am 1 8 0.00 0 4 2:40pm SE 29.96 32 28 70.0 86.3 2:55pm 59.3 7:14am 1 6 0.00 0 3 12:04pm SE 29.96 38 29 70.4 84.4 1:32pm 60.0 1:29am 1 7 0.00 0 5 1:45pm SE 29.91 40 30 60.2 73.9 2:00pm 49.8 7:39am 6 1 0.00 0 2 12:21pm SE 29.90 63 --------------------------------------------------------------------------------------- TOT 70.4 94.7 9/5/06 44.6 9/16/06 62 239 0.00 0 10 9/15/06 SE 29.84 39 HEAT BASE: 65.0 COOL BASE: 65.0

Google



Contact Us | Mobile
Never base any life decisions on weather information from this site or anywhere over the Internet.
Site is dedicated to our Lord & Savior Jesus Christ (Yeshua Messiah) | Random Quotes

Copyright © 2017 El Dorado Weather, Inc. | Site Designed By:  El Dorado Weather
LightningRing