World Forecast Directory
El Dorado Weather Logo
U.S. Color IR Sat North America Color Background Satellite Thumb
Norcal Dual-Pol Radar Live Northern California Doppler Radar Thumbnail Image
Pacific NW Visible Sat Regional U.S. Radar
Pacific NW Radar Regional U.S. Radar
Storm Cell Tracking Live Northern California Radar and Satellite Thumbnail Image
Street Level Radar Live U.S. Google Map Radar Thumbnail Image
Live Lightning Radar Placerville California Lightning Detection Radar Thumbnail Image
Live Streaming Webcam Placerville California Live Streaming WebCam Thumbnail Image
Local Wx Station Data Sacramento, Northern Sierra Nevada & the Motherlode Area Current Weather Conditions

NOAA Climate Report From: Placerville, Ca. Weather Station (EDWPC)

Archives below start from 6/22/2006 to the present:
2017: Jan | Feb | Mar | Apr | May | Jun | Jul | Aug | Sep | Oct | Nov | Dec 
2016: Jan | Feb | Mar | Apr | May | Jun | Jul | Aug | Sep | Oct | Nov | Dec 
2015: Jan | Feb | Mar | Apr | May | Jun | Jul | Aug | Sep | Oct | Nov | Dec 
2014: Jan | Feb | Mar | Apr | May | Jun | Jul | Aug | Sep | Oct | Nov | Dec 
2013: Jan | Feb | Mar | Apr | May | Jun | Jul | Aug | Sep | Oct | Nov | Dec 
2012: Jan | Feb | Mar | Apr | May | Jun | Jul | Aug | Sep | Oct | Nov | Dec 
2011: Jan | Feb | Mar | Apr | May | Jun | Jul | Aug | Sep | Oct | Nov | Dec 
2010: Jan | Feb | Mar | Apr | May | Jun | Jul | Aug | Sep | Oct | Nov | Dec 
2009: Jan | Feb | Mar | Apr | May | Jun | Jul | Aug | Sep | Oct | Nov | Dec 
2008: Jan | Feb | Mar | Apr | May | Jun | Jul | Aug | Sep | Oct | Nov | Dec 
2007: Jan | Feb | Mar | Apr | May | Jun | Jul | Aug | Sep | Oct | Nov | Dec 
 2006: Jan | Feb | Mar | Apr | May | Jun | Jul | Aug | Sep | Oct | Nov | Dec 

Report for 2006 08 MONTHLY CLIMATOLOGICAL SUMMARY FOR 8/2006 HEAT COOL MEAN DEG DEG WIND SPEED DOM MEAN MEAN DAY TEMP HIGH TIME LOW TIME DAYS DAYS RAIN AVG HI TIME DIR BAROM HUM --------------------------------------------------------------------------------------- 1 68.7 83.6 4:42pm 54.3 5:38am 3 6 0.00 0 5 2:18pm ESE 29.83 45 2 72.7 88.0 2:00pm 62.7 5:54am 0 7 0.00 0 6 11:50am ESE 29.84 42 3 0.0 68.4 12:03am 68.4 12:03am 0 0 0.00 0 0 12:03am --- 0.00 0 4 73.7 85.4 12:06pm 62.6 6:59am 0 9 0.00 0 5 3:20pm ESE 29.77 43 5 68.7 80.7 3:48pm 57.8 6:48am 2 5 0.00 0 5 9:25am ESE 29.88 58 6 72.1 85.5 2:30pm 61.0 12:48am 1 8 0.00 0 5 2:52pm SE 29.83 55 7 65.1 75.0 3:48pm 55.4 6:45am 3 3 0.00 0 4 9:48am SE 29.91 63 8 67.6 84.5 4:29pm 51.6 4:49am 4 7 0.00 0 4 4:04pm SSE 29.99 58 9 80.1 91.2 4:10pm 62.5 6:31am 0 10 0.00 0 5 1:49pm SE 29.86 38 10 77.6 94.1 3:27pm 64.6 4:29am 0 12 0.00 0 5 12:49pm SE 29.82 41 11 73.9 87.8 1:52pm 59.7 2:43am 1 9 0.00 0 6 4:00pm SE 29.75 39 12 73.9 87.8 1:52pm 59.7 2:43am 1 9 0.00 0 6 4:00pm SE 29.75 39 13 72.4 87.7 3:28pm 60.2 6:26am 2 16 0.00 0 6 3:58pm SE 29.76 44 14 69.0 85.3 3:59pm 58.8 7:12am 3 20 0.00 0 9 3:47pm SE 29.84 52 15 70.8 84.8 3:01pm 56.2 6:10am 2 7 0.00 0 7 3:29pm SE 29.86 48 16 70.1 82.2 3:36pm 59.0 4:59am 3 13 0.00 0 9 2:33pm SE 29.85 41 17 72.3 87.4 3:07pm 58.2 3:48am 2 9 0.00 0 5 1:55pm SE 29.90 37 18 73.0 88.4 1:54pm 60.5 6:55am 1 8 0.00 0 5 12:29pm SE 29.89 36 19 74.3 88.7 2:39pm 61.7 6:26am 0 9 0.00 0 6 2:29pm SE 29.85 36 20 75.2 90.4 1:10pm 63.9 4:55am 0 10 0.00 0 6 1:23pm SE 29.83 36 21 74.6 88.0 4:31pm 61.2 6:32am 0 10 0.00 0 5 11:38am SE 29.86 39 22 76.1 92.0 1:18pm 63.0 5:38am 0 11 0.00 0 9 12:53pm SE 29.89 37 23 75.6 90.2 3:43pm 63.3 3:38am 0 11 0.00 0 5 2:59pm SE 29.90 35 24 74.6 89.7 1:26pm 62.0 3:47am 0 10 0.00 0 6 3:21pm SE 29.78 34 25 70.7 83.9 3:28pm 59.0 7:26am 1 7 0.00 0 5 1:53pm SE 29.73 41 26 71.4 86.6 3:21pm 57.9 5:15am 2 8 0.00 0 9 2:52pm SE 29.80 47 27 75.9 89.5 2:09pm 65.0 12:43am 0 10 0.00 0 3 12:06pm SE 29.83 43 28 77.8 91.9 1:46pm 64.8 6:48am 0 13 0.00 0 6 4:53pm SE 29.80 37 29 73.5 86.3 1:24pm 60.9 6:34am 0 9 0.00 0 4 12:23pm SE 29.77 40 30 75.2 88.7 3:50pm 61.5 6:57am 1 19 0.00 0 3 12:19pm SE 29.75 35 31 76.1 90.6 2:29pm 62.6 6:29am 0 11 0.00 0 4 12:22pm SE 29.75 36 --------------------------------------------------------------------------------------- TOT 73.1 94.1 8/10/06 51.6 8/8/06 33 295 0.00 0 9 8/14/06 SE 29.83 43 HEAT BASE: 65.0 COOL BASE: 65.0

Google



Contact Us | Mobile
Never base any life decisions on weather information from this site or anywhere over the Internet.
Site is dedicated to our Lord & Savior Jesus Christ (Yeshua Messiah) | Random Quotes

Copyright © 2017 El Dorado Weather, Inc. | Site Designed By:  El Dorado Weather
LightningRing