World Forecast Directory
El Dorado Weather Logo
U.S. Color IR Sat North America Color Background Satellite Thumb
Norcal Dual-Pol Radar Live Northern California Doppler Radar Thumbnail Image
Pacific NW Visible Sat Regional U.S. Radar
Pacific NW Radar Regional U.S. Radar
Storm Cell Tracking Live Northern California Radar and Satellite Thumbnail Image
Street Level Radar Live U.S. Google Map Radar Thumbnail Image
Live Lightning Radar Placerville California Lightning Detection Radar Thumbnail Image
Live Streaming Webcam Placerville California Live Streaming WebCam Thumbnail Image
Local Wx Station Data Sacramento, Northern Sierra Nevada & the Motherlode Area Current Weather Conditions

NOAA Climate Report From: Placerville, Ca. Weather Station (EDWPC)

Archives below start from 6/22/2006 to the present:
2017: Jan | Feb | Mar | Apr | May | Jun | Jul | Aug | Sep | Oct | Nov | Dec 
2016: Jan | Feb | Mar | Apr | May | Jun | Jul | Aug | Sep | Oct | Nov | Dec 
2015: Jan | Feb | Mar | Apr | May | Jun | Jul | Aug | Sep | Oct | Nov | Dec 
2014: Jan | Feb | Mar | Apr | May | Jun | Jul | Aug | Sep | Oct | Nov | Dec 
2013: Jan | Feb | Mar | Apr | May | Jun | Jul | Aug | Sep | Oct | Nov | Dec 
2012: Jan | Feb | Mar | Apr | May | Jun | Jul | Aug | Sep | Oct | Nov | Dec 
2011: Jan | Feb | Mar | Apr | May | Jun | Jul | Aug | Sep | Oct | Nov | Dec 
2010: Jan | Feb | Mar | Apr | May | Jun | Jul | Aug | Sep | Oct | Nov | Dec 
2009: Jan | Feb | Mar | Apr | May | Jun | Jul | Aug | Sep | Oct | Nov | Dec 
2008: Jan | Feb | Mar | Apr | May | Jun | Jul | Aug | Sep | Oct | Nov | Dec 
2007: Jan | Feb | Mar | Apr | May | Jun | Jul | Aug | Sep | Oct | Nov | Dec 
 2006: Jan | Feb | Mar | Apr | May | Jun | Jul | Aug | Sep | Oct | Nov | Dec 

Report for 2006 07 MONTHLY CLIMATOLOGICAL SUMMARY FOR 7/2006 HEAT COOL MEAN DEG DEG WIND SPEED DOM MEAN MEAN DAY TEMP HIGH TIME LOW TIME DAYS DAYS RAIN AVG HI TIME DIR BAROM HUM --------------------------------------------------------------------------------------- 1 75.8 89.2 3:37pm 59.8 4:40am 0 0 0.00 0 4 3:57pm SSE 30.01 45 2 70.6 88.3 1:04pm 65.7 6:11am 0 0 0.00 0 6 1:12pm N 30.07 54 3 80.4 90.0 2:10pm 62.4 5:45am 0 8 0.00 0 5 2:50pm SE 30.12 34 4 71.8 83.9 1:07pm 57.5 6:36am 1 6 0.00 0 6 4:43pm SE 30.09 45 5 71.2 83.9 1:07pm 57.5 6:36am 1 7 0.00 0 6 4:43pm SE 30.08 46 6 64.3 83.0 3:31pm 53.2 6:12am 3 2 0.00 0 6 2:31pm SE 30.13 63 7 70.3 89.6 2:41pm 58.8 5:07am 1 4 0.00 0 5 1:28pm SSE 30.16 40 8 77.2 94.5 1:40am 65.4 3:46am 0 0 0.00 0 0 12:00am N 30.07 41 9 82.7 95.9 3:58pm 69.5 6:11am 0 0 0.00 2 7 3:11pm SE 29.99 53 10 79.9 92.7 12:58pm 67.2 4:47am 0 0 0.00 0 7 1:53pm SE 29.69 37 11 0.0 87.4 2:21pm 63.6 10:59pm 0 0 0.00 0 7 2:46pm --- 0.00 0 12 70.8 83.2 4:26pm 53.2 5:53am 1 5 0.00 0 5 1:29pm SE 29.95 43 13 77.9 89.8 1:37pm 61.6 4:25am 2 12 0.00 0 5 12:50pm SE 29.93 40 14 79.2 94.0 1:18pm 63.4 5:59am 0 5 0.00 0 5 1:47pm SE 29.89 43 15 82.0 95.3 1:48pm 65.0 5:47am 0 7 0.00 0 5 3:06pm SSE 29.90 38 16 78.6 98.9 1:17pm 69.5 2:48am 0 3 0.00 0 3 1:18pm SSE 29.90 44 17 0.0 92.9 10:58am 72.2 6:14am 0 0 0.00 0 2 10:49am --- 0.00 0 18 88.4 99.0 3:20pm 72.2 6:14am 0 6 0.00 0 7 5:35pm ESE 29.75 32 19 84.4 97.2 3:48pm 74.2 6:41am 0 18 0.00 0 6 12:41pm ESE 29.77 40 20 85.2 100.3 1:13pm 71.6 2:33am 0 19 0.00 0 5 12:41pm ESE 29.83 39 21 88.4 101.3 3:50pm 78.9 6:01am 0 22 0.00 0 4 12:48pm ESE 29.80 39 22 90.5 104.9 1:06pm 78.4 5:54am 0 26 0.00 0 9 2:32pm ESE 29.75 40 23 90.8 104.2 3:52pm 80.0 4:00am 0 24 0.00 0 3 11:19am ESE 29.70 39 24 90.3 104.3 1:18pm 78.6 4:00am 0 24 0.00 0 7 1:22pm ESE 29.63 34 25 87.3 101.8 3:02pm 75.6 6:48am 0 22 0.00 0 7 12:32pm ESE 29.62 34 26 86.4 102.3 1:04pm 71.9 11:59pm 0 43 0.00 0 6 6:11pm ESE 29.71 29 27 80.5 96.9 1:28pm 67.2 6:13am 0 14 0.00 0 6 3:18pm ESE 29.78 40 28 77.8 89.1 3:32pm 64.5 5:28am 0 7 0.00 0 5 2:48pm ESE 29.80 38 29 73.2 85.8 2:23pm 62.6 2:49am 0 9 0.00 0 7 2:42pm ESE 29.83 49 30 72.4 84.8 5:42pm 59.6 5:54am 1 8 0.00 0 3 11:09am ESE 29.83 50 31 71.0 83.6 2:06pm 59.2 11:46pm 1 7 0.00 0 7 3:37pm ESE 29.76 42 --------------------------------------------------------------------------------------- TOT 80.2 104.9 7/22/06 53.2 7/6/06 12 309 0.00 0 9 7/22/06 ESE 29.85 41 HEAT BASE: 65.0 COOL BASE: 65.0

Google



Contact Us | Mobile
Never base any life decisions on weather information from this site or anywhere over the Internet.
Site is dedicated to our Lord & Savior Jesus Christ (Yeshua Messiah) | Random Quotes

Copyright © 2017 El Dorado Weather, Inc. | Site Designed By:  El Dorado Weather
LightningRing